CREATE TABLE IF NOT EXISTS `ipn_requests` (
  `id` int(11) NOT NULL auto_increment,
  `date` text NOT NULL,
  `ip` text NOT NULL,
  `status` enum('0','1','2','3','4','5','6') NOT NULL default '0' COMMENT '0 = Error, 1 = OK, 2 = Forced, 3 = Auth failure, 4 = UID not found, 5 = Forced, 6 = Data failure',
  `request_data` text NOT NULL,
  `user_id` int(10) unsigned NOT NULL default '0',
  `balance_diff` int(11) NOT NULL default '0',
  PRIMARY KEY  (`id`)
) ENGINE=MyISAM DEFAULT CHARSET=latin1 AUTO_INCREMENT=1 ;

--
-- Extraindo dados da tabela `ipn_requests`
--


-- --------------------------------------------------------

--
-- Estrutura da tabela `items`
--

CREATE TABLE IF NOT EXISTS `items` (
  `id` int(10) unsigned NOT NULL,
  `room_id` int(10) NOT NULL,
  `user_id` int(10) unsigned NOT NULL,
  `base_item` int(10) unsigned NOT NULL,
  `extra_data` text NOT NULL,
  `x` int(11) NOT NULL,
  `y` int(11) NOT NULL,
  `z` double NOT NULL,
  `rot` int(11) NOT NULL,
  `wall_pos` varchar(100) NOT NULL,
  `fw_count` int(10) NOT NULL default '0'
) ENGINE=MyISAM DEFAULT CHARSET=latin1;

--
-- Extraindo dados da tabela `items`
--

INSERT INTO `items` (`id`, `room_id`, `user_id`, `base_item`, `extra_data`, `x`, `y`, `z`, `rot`, `wall_pos`, `fw_count`) VALUES
(1, 128, 602, 320, '0', 5, 1, 0, 0, '', 0),
(2, 130, 602, 320, '0', 24, 1, 0, 0, '', 0),
(3, 130, 602, 9683, '', 1, 14, 0, 0, '', 0),
(4, 130, 602, 9683, '', 1, 11, 0, 0, '', 0),
(5, 130, 602, 9684, '', 0, 0, 0, 0, ':w=3,8 l=8,31 r', 0),
(6, 130, 602, 9682, '', 0, 0, 0, 0, ':w=16,4 l=13,46 l', 0),
(7, 130, 602, 9682, '', 0, 0, 0, 0, ':w=16,1 l=0,57 l', 0),
(11, 130, 602, 1712, '', 0, 0, 0, 0, ':w=8,6 l=5,45 l', 0),
(12, 130, 602, 1712, '', 0, 0, 0, 0, ':w=8,6 l=13,19 l', 0),
(13, 130, 602, 1712, '', 0, 0, 0, 0, ':w=8,7 l=4,26 l', 0),
(14, 130, 602, 1717, '', 0, 0, 0, 0, ':w=12,4 l=8,34 r', 0),
(15, 130, 602, 1717, '', 0, 0, 0, 0, ':w=11,4 l=9,34 r', 0),
(16, 130, 602, 1717, '', 0, 0, 0, 0, ':w=10,4 l=9,32 r', 0),
(17, 130, 602, 1717, '', 0, 0, 0, 0, ':w=9,4 l=8,34 r', 0),
(18, 130, 602, 1717, '', 0, 0, 0, 0, ':w=16,4 l=7,33 r', 0),
(19, 130, 602, 33807, '', 6, 12, 0, 0, '', 0),
(20, 130, 602, 33807, '', 8, 12, 0, 0, '', 0),
(21, 130, 602, 33807, '', 10, 12, 0, 0, '', 0),
(22, 130, 602, 33807, '', 13, 5, 0, 0, '', 0),
(23, 130, 602, 33807, '', 5, 12, 0, 0, '', 0),
(24, 130, 602, 33807, '', 3, 12, 0.01, 0, '', 0),
(25, 130, 602, 33807, '', 1, 12, 0.01, 0, '', 0),
(26, 0, 603, 19995, '', 0, 0, 0, 0, '', 0),
(27, 0, 603, 19995, '', 0, 0, 0, 0, '', 0),
(28, 0, 603, 19995, '', 0, 0, 0, 0, '', 0),
(48, 0, 603, 1305, '', 0, 0, 0, 0, '', 0),
(29, 130, 602, 33808, '', 14, 13, 0, 0, '', 0),
(30, 130, 602, 33805, '', 16, 13, 0, 2, '', 0),
(31, 130, 602, 33806, '', 14, 13, 0.01, 2, '', 0),
(47, 0, 603, 1306, '', 0, 0, 0, 0, '', 0),
(46, 132, 603, 99004, '0', 15, 15, 0, 0, '', 0),
(32, 0, 603, 19995, '', 0, 0, 0, 0, '', 0),
(33, 132, 603, 19995, '', 7, 21, 1, 2, '', 0),
(34, 132, 603, 19995, '', 7, 15, 1, 2, '', 0),
(35, 132, 603, 19995, '', 19, 7, 1, 0, '', 0),
(36, 132, 603, 19995, '', 13, 7, 1, 0, '', 0),
(37, 0, 603, 19995, '', 0, 0, 0, 0, '', 0),
(38, 106, 606, 20001, '', 16, 7, 0, 2, '', 0),
(39, 106, 606, 20001, '', 1, 7, 0, 2, '', 0),
(40, 132, 603, 1306, '0', 16, 7, 1, 0, '', 0),
(41, 132, 603, 1305, '', 18, 7, 1, 0, '', 0),
(42, 132, 603, 1305, '', 15, 7, 1, 0, '', 0),
(43, 0, 603, 217, '', 0, 0, 0, 0, '', 0),
(44, 132, 603, 217, '', 6, 16, 2.4, 0, '', 0),
(45, 132, 603, 217, '', 6, 16, 1, 0, '', 0),
(49, 0, 603, 1305, '', 0, 0, 0, 0, '', 0),
(50, 0, 608, 320, '0', 0, 0, 0, 0, '', 0),
(51, 132, 603, 1306, '1', 7, 18, 1, 6, '', 0),
(52, 132, 603, 1305, '', 7, 17, 1, 0, '', 0),
(53, 132, 603, 1305, '', 7, 20, 1, 0, '', 0),
(54, 0, 603, 320, '0', 0, 0, 0, 0, '', 0),
(55, 132, 603, 33804, '', 1, 16, 1, 0, '', 0),
(56, 132, 603, 33804, '', 1, 20, 1, 0, '', 0),
(57, 132, 603, 33806, '', 16, 1, 1, 4, '', 0),
(58, 140, 612, 33807, '', 1, 1, 0, 0, '', 0),
(59, 132, 603, 33801, '', 0, 0, 0, 0, ':w=19,0 l=10,35 r', 0),
(60, 132, 603, 33801, '', 0, 0, 0, 0, ':w=16,0 l=15,38 r', 0),
(61, 132, 603, 33801, '', 0, 0, 0, 0, ':w=14,0 l=5,33 r', 0),
(62, 132, 603, 33801, '', 0, 0, 0, 0, ':w=12,2 l=10,39 l', 0),
(63, 132, 603, 33801, '', 0, 0, 0, 0, ':w=12,2 l=1,40 l', 0),
(64, 132, 603, 33801, '', 0, 0, 0, 0, ':w=12,5 l=4,32 l', 0),
(65, 140, 612, 9684, '', 0, 0, 0, 0, ':w=0,5 l=10,63 l', 0),
(66, 0, 612, 9686, '', 0, 0, 0, 0, '', 0),
(67, 132, 603, 33803, '', 17, 3, 1, 0, '', 0),
(68, 132, 603, 33803, '', 17, 1, 1, 0, '', 0),
(69, 132, 603, 33803, '', 19, 1, 1, 0, '', 0),
(71, 132, 603, 33803, '', 19, 2, 1, 0, '', 0),
(70, 88, 604, 1805, '2,1,2,#0053F7,76', 0, 0, 0, 0, ':w=0,7 l=18,26 l', 0),
(72, 132, 603, 33803, '', 19, 4, 1, 0, '', 0),
(73, 132, 603, 33803, '', 19, 5, 1, 0, '', 0),
(74, 0, 603, 33803, '', 0, 0, 0, 0, '', 0),
(75, 132, 603, 33803, '', 13, 5, 1, 0, '', 0),
(76, 132, 603, 33803, '', 13, 3, 1, 0, '', 0),
(77, 132, 603, 33803, '', 17, 5, 1, 0, '', 0),
(78, 132, 603, 33803, '', 13, 1, 1, 0, '', 0),
(79, 132, 603, 33807, '', 15, 2, 1, 0, '', 0),
(80, 132, 603, 33807, '', 15, 5, 1, 0, '', 0),
(81, 132, 603, 33807, '', 15, 4, 1, 0, '', 0),
(82, 0, 604, 320, '0', 0, 0, 0, 0, '', 0),
(83, 0, 604, 33806, '', 0, 0, 0, 0, '', 0),
(84, 135, 605, 345, '1', 1, 3, 0, 6, '', 0),
(85, 0, 609, 320, '0', 0, 0, 0, 0, '', 0),
(86, 106, 606, 19995, '', 12, 7, 0, 0, '', 0),
(87, 106, 606, 19995, '', 10, 7, 0, 0, '', 0),
(88, 106, 606, 19995, '', 8, 7, 0, 0, '', 0),
(89, 0, 611, 20001, '', 0, 0, 0, 0, '', 0),
(90, 106, 606, 20001, '', 16, 6, 1, 2, '', 0),
(91, 106, 606, 19995, '0', 6, 7, 0, 0, '', 0),
(92, 142, 614, 33807, '', 3, 2, 0, 0, '', 0),
(805, 106, 606, 20125, '', 7, 1, 4, 0, '', 0),
(93, 142, 614, 33807, '', 3, 4, 0, 0, '', 0),
(94, 142, 614, 33807, '', 3, 6, 0, 0, '', 0),
(95, 142, 614, 33807, '', 1, 2, 0, 0, '', 0),
(532, 145, 617, 1375, '', 4, 2, 0, 0, '', 0),
(96, 142, 614, 33807, '', 1, 4, 0, 0, '', 0),
(810, 152, 617, 30150, '', 1, 21, 0, 2, '', 0),
(143, 0, 603, 180, '0', 0, 0, 0, 0, '', 0),
(97, 142, 614, 33807, '', 1, 6, 0, 0, '', 0),
(144, 0, 603, 180, '0', 0, 0, 0, 0, '', 0),
(343, 106, 606, 20001, '', 1, 6, 1, 2, '', 0),
(98, 106, 606, 19995, '', 4, 7, 0, 0, '', 0),
(99, 106, 606, 19995, '', 14, 7, 0, 0, '', 0),
(811, 152, 617, 30150, '', 1, 23, 0, 2, '', 0),
(100, 142, 614, 33808, '', 5, 2, 0, 0, '', 0),
(101, 0, 606, 1478, '', 0, 0, 0, 0, '', 0),
(102, 0, 604, 320, '0', 0, 0, 0, 0, '', 0),
(1504, 0, 627, 33801, '', 0, 0, 0, 0, '', 0),
(103, 106, 606, 19995, '', 2, 7, 0, 0, '', 0),
(104, 106, 606, 19995, '', 14, 6, 1, 0, '', 0),
(105, 142, 614, 33808, '', 1, 1, 0, 0, '', 0),
(106, 142, 614, 33808, '', 3, 1, 0, 0, '', 0),
(107, 142, 614, 33808, '', 4, 1, 0, 0, '', 0),
(108, 142, 614, 33808, '', 5, 4, 0, 0, '', 0),
(109, 142, 614, 33808, '', 5, 3, 0, 0, '', 0),
(110, 142, 614, 33808, '', 5, 1, 0, 0, '', 0),
(111, 142, 614, 33808, '', 2, 1, 0, 0, '', 0),
(536, 0, 606, 373, '', 0, 0, 0, 0, '', 0),
(138, 106, 606, 19995, '', 12, 6, 1, 0, '', 0),
(112, 0, 606, 1547, '', 0, 0, 0, 0, '', 0),
(113, 0, 611, 320, '0', 0, 0, 0, 0, '', 0),
(114, 0, 606, 1542, '', 0, 0, 0, 0, '', 0),
(115, 142, 614, 33808, '', 5, 6, 0, 0, '', 0),
(116, 142, 614, 33808, '', 5, 5, 0, 0, '', 0),
(537, 152, 617, 1375, '', 17, 11, 0, 0, '', 0),
(117, 142, 614, 33808, '', 5, 7, 0, 0, '', 0),
(118, 137, 609, 9685, '', 0, 0, 0, 0, ':w=0,6 l=11,46 l', 0),
(119, 142, 614, 408, '1', 1, 2, 0.01, 2, '', 0),
(120, 0, 606, 20114, '', 0, 0, 0, 0, '', 0),
(121, 0, 606, 20295, '', 0, 0, 0, 0, '', 0),
(530, 152, 617, 1375, '', 13, 13, 0, 0, '', 0),
(122, 153, 618, 19942, '', 8, 13, 0, 2, '', 0),
(410, 0, 607, 218, '', 0, 0, 0, 0, '', 0),
(123, 0, 606, 19943, '5', 0, 0, 0, 0, '', 0),
(124, 137, 609, 33802, '', 2, 2, 0, 2, '', 0),
(125, 137, 609, 33806, '', 3, 1, 0, 4, '', 0),
(535, 0, 606, 373, '', 0, 0, 0, 0, '', 0),
(126, 137, 609, 33804, '', 4, 1, 0.01, 0, '', 0),
(127, 0, 607, 320, '0', 0, 0, 0, 0, '', 0),
(128, 137, 609, 33804, '', 2, 2, 0.01, 0, '', 0),
(129, 137, 609, 33802, '', 4, 1, 0, 2, '', 0),
(130, 137, 609, 33801, '', 0, 0, 0, 0, ':w=2,0 l=11,66 r', 0),
(131, 137, 609, 33801, '', 0, 0, 0, 0, ':w=0,2 l=20,66 l', 0),
(132, 137, 609, 33801, '', 0, 0, 0, 0, ':w=0,4 l=28,63 l', 0),
(133, 137, 609, 33801, '', 0, 0, 0, 0, ':w=0,6 l=11,71 l', 0),
(134, 0, 606, 112, '', 0, 0, 0, 0, '', 0),
(135, 0, 606, 112, '', 0, 0, 0, 0, '', 0),
(136, 0, 606, 112, '', 0, 0, 0, 0, '', 0),
(879, 116, 604, 11, '', 6, 4, 0, 0, '', 0),
(806, 106, 606, 20125, '', 5, 1, 4, 0, '', 0),
(142, 0, 604, 20295, '', 0, 0, 0, 0, '', 0),
(139, 106, 606, 19995, '1', 10, 6, 1, 0, '', 0),
(140, 106, 606, 19995, '', 8, 6, 1, 0, '', 0),
(141, 106, 606, 19995, '', 6, 6, 1, 0, '', 0),
(146, 0, 603, 180, '0', 0, 0, 0, 0, '', 0),
(145, 0, 603, 180, '0', 0, 0, 0, 0, '', 0),
(148, 0, 603, 180, '0', 0, 0, 0, 0, '', 0),
(147, 0, 603, 180, '0', 0, 0, 0, 0, '', 0),
(150, 0, 603, 180, '0', 0, 0, 0, 0, '', 0),
(149, 0, 603, 180, '0', 0, 0, 0, 0, '', 0),
(152, 0, 603, 180, '0', 0, 0, 0, 0, '', 0),
(151, 0, 603, 180, '0', 0, 0, 0, 0, '', 0),
(154, 0, 603, 180, '0', 0, 0, 0, 0, '', 0),
(153, 0, 603, 180, '0', 0, 0, 0, 0, '', 0),
(156, 0, 603, 180, '0', 0, 0, 0, 0, '', 0),
(155, 0, 603, 180, '0', 0, 0, 0, 0, '', 0),
(158, 0, 603, 180, '0', 0, 0, 0, 0, '', 0),
(157, 0, 603, 180, '0', 0, 0, 0, 0, '', 0),
(160, 0, 603, 180, '0', 0, 0, 0, 0, '', 0),
(159, 0, 603, 180, '0', 0, 0, 0, 0, '', 0),
(162, 0, 603, 180, '0', 0, 0, 0, 0, '', 0),
(161, 0, 603, 180, '0', 0, 0, 0, 0, '', 0),
(164, 0, 603, 180, '0', 0, 0, 0, 0, '', 0),
(163, 0, 603, 180, '0', 0, 0, 0, 0, '', 0),
(166, 0, 603, 180, '0', 0, 0, 0, 0, '', 0),
(165, 0, 603, 180, '0', 0, 0, 0, 0, '', 0),
(168, 0, 603, 180, '0', 0, 0, 0, 0, '', 0),
(167, 0, 603, 180, '0', 0, 0, 0, 0, '', 0),
(170, 0, 603, 180, '0', 0, 0, 0, 0, '', 0),
(169, 0, 603, 180, '0', 0, 0, 0, 0, '', 0),
(172, 0, 603, 180, '0', 0, 0, 0, 0, '', 0),
(171, 0, 603, 180, '0', 0, 0, 0, 0, '', 0),
(174, 0, 603, 180, '0', 0, 0, 0, 0, '', 0),
(173, 0, 603, 180, '0', 0, 0, 0, 0, '', 0),
(176, 0, 603, 180, '0', 0, 0, 0, 0, '', 0),
(175, 0, 603, 180, '0', 0, 0, 0, 0, '', 0),
(178, 0, 603, 180, '0', 0, 0, 0, 0, '', 0),
(177, 0, 603, 180, '0', 0, 0, 0, 0, '', 0),
(180, 0, 603, 180, '0', 0, 0, 0, 0, '', 0),
(179, 0, 603, 180, '0', 0, 0, 0, 0, '', 0),
(182, 0, 603, 180, '0', 0, 0, 0, 0, '', 0),
(181, 0, 603, 180, '0', 0, 0, 0, 0, '', 0),
(184, 0, 603, 180, '0', 0, 0, 0, 0, '', 0),
(183, 0, 603, 180, '0', 0, 0, 0, 0, '', 0),
(186, 0, 603, 180, '0', 0, 0, 0, 0, '', 0),
(185, 0, 603, 180, '0', 0, 0, 0, 0, '', 0),
(188, 0, 603, 180, '0', 0, 0, 0, 0, '', 0),
(187, 0, 603, 180, '0', 0, 0, 0, 0, '', 0),
(190, 0, 603, 180, '0', 0, 0, 0, 0, '', 0),
(189, 0, 603, 180, '0', 0, 0, 0, 0, '', 0),
(192, 0, 603, 180, '0', 0, 0, 0, 0, '', 0),
(191, 0, 603, 180, '0', 0, 0, 0, 0, '', 0),
(194, 0, 603, 180, '0', 0, 0, 0, 0, '', 0),
(193, 0, 603, 180, '0', 0, 0, 0, 0, '', 0),
(196, 0, 603, 180, '0', 0, 0, 0, 0, '', 0),
(195, 0, 603, 180, '0', 0, 0, 0, 0, '', 0),
(198, 0, 603, 180, '0', 0, 0, 0, 0, '', 0),
(197, 0, 603, 180, '0', 0, 0, 0, 0, '', 0),
(200, 0, 603, 180, '0', 0, 0, 0, 0, '', 0),
(199, 0, 603, 180, '0', 0, 0, 0, 0, '', 0),
(202, 0, 603, 180, '0', 0, 0, 0, 0, '', 0),
(201, 0, 603, 180, '0', 0, 0, 0, 0, '', 0),
(204, 0, 603, 180, '0', 0, 0, 0, 0, '', 0),
(203, 0, 603, 180, '0', 0, 0, 0, 0, '', 0),
(206, 0, 603, 180, '0', 0, 0, 0, 0, '', 0),
(205, 0, 603, 180, '0', 0, 0, 0, 0, '', 0),
(208, 0, 603, 180, '0', 0, 0, 0, 0, '', 0),
(207, 0, 603, 180, '0', 0, 0, 0, 0, '', 0),
(210, 0, 603, 180, '0', 0, 0, 0, 0, '', 0),
(209, 0, 603, 180, '0', 0, 0, 0, 0, '', 0),
(212, 0, 603, 180, '0', 0, 0, 0, 0, '', 0),
(211, 0, 603, 180, '0', 0, 0, 0, 0, '', 0),
(214, 0, 603, 180, '0', 0, 0, 0, 0, '', 0),
(213, 0, 603, 180, '0', 0, 0, 0, 0, '', 0),
(216, 0, 603, 180, '0', 0, 0, 0, 0, '', 0),
(215, 0, 603, 180, '0', 0, 0, 0, 0, '', 0),
(218, 0, 603, 180, '0', 0, 0, 0, 0, '', 0),
(217, 0, 603, 180, '0', 0, 0, 0, 0, '', 0),
(220, 0, 603, 180, '0', 0, 0, 0, 0, '', 0),
(219, 0, 603, 180, '0', 0, 0, 0, 0, '', 0),
(222, 0, 603, 180, '0', 0, 0, 0, 0, '', 0),
(221, 0, 603, 180, '0', 0, 0, 0, 0, '', 0),
(224, 0, 603, 180, '0', 0, 0, 0, 0, '', 0),
(223, 0, 603, 180, '0', 0, 0, 0, 0, '', 0),
(226, 0, 603, 180, '0', 0, 0, 0, 0, '', 0),
(225, 0, 603, 180, '0', 0, 0, 0, 0, '', 0),
(228, 0, 603, 180, '0', 0, 0, 0, 0, '', 0),
(227, 0, 603, 180, '0', 0, 0, 0, 0, '', 0),
(230, 0, 603, 180, '0', 0, 0, 0, 0, '', 0),
(229, 0, 603, 180, '0', 0, 0, 0, 0, '', 0),
(232, 0, 603, 180, '0', 0, 0, 0, 0, '', 0),
(231, 0, 603, 180, '0', 0, 0, 0, 0, '', 0),
(234, 0, 603, 180, '0', 0, 0, 0, 0, '', 0),
(233, 0, 603, 180, '0', 0, 0, 0, 0, '', 0),
(236, 0, 603, 180, '0', 0, 0, 0, 0, '', 0),
(235, 0, 603, 180, '0', 0, 0, 0, 0, '', 0),
(238, 0, 603, 180, '0', 0, 0, 0, 0, '', 0),
(237, 0, 603, 180, '0', 0, 0, 0, 0, '', 0),
(240, 0, 603, 180, '0', 0, 0, 0, 0, '', 0),
(239, 0, 603, 180, '0', 0, 0, 0, 0, '', 0),
(242, 0, 603, 180, '0', 0, 0, 0, 0, '', 0),
(241, 0, 603, 180, '0', 0, 0, 0, 0, '', 0),
(244, 0, 603, 180, '0', 0, 0, 0, 0, '', 0),
(243, 0, 603, 180, '0', 0, 0, 0, 0, '', 0),
(246, 0, 603, 180, '0', 0, 0, 0, 0, '', 0),
(245, 0, 603, 180, '0', 0, 0, 0, 0, '', 0),
(248, 0, 603, 180, '0', 0, 0, 0, 0, '', 0),
(247, 0, 603, 180, '0', 0, 0, 0, 0, '', 0),
(250, 0, 603, 180, '0', 0, 0, 0, 0, '', 0),
(249, 0, 603, 180, '0', 0, 0, 0, 0, '', 0),
(252, 0, 603, 180, '0', 0, 0, 0, 0, '', 0),
(251, 0, 603, 180, '0', 0, 0, 0, 0, '', 0),
(254, 0, 603, 180, '0', 0, 0, 0, 0, '', 0),
(253, 0, 603, 180, '0', 0, 0, 0, 0, '', 0),
(256, 0, 603, 180, '0', 0, 0, 0, 0, '', 0),
(255, 0, 603, 180, '0', 0, 0, 0, 0, '', 0),
(258, 0, 603, 180, '0', 0, 0, 0, 0, '', 0),
(257, 0, 603, 180, '0', 0, 0, 0, 0, '', 0),
(260, 0, 603, 180, '0', 0, 0, 0, 0, '', 0),
(259, 0, 603, 180, '0', 0, 0, 0, 0, '', 0),
(262, 0, 603, 180, '0', 0, 0, 0, 0, '', 0),
(261, 0, 603, 180, '0', 0, 0, 0, 0, '', 0),
(264, 0, 603, 180, '0', 0, 0, 0, 0, '', 0),
(263, 0, 603, 180, '0', 0, 0, 0, 0, '', 0),
(266, 0, 603, 180, '0', 0, 0, 0, 0, '', 0),
(265, 0, 603, 180, '0', 0, 0, 0, 0, '', 0),
(268, 0, 603, 180, '0', 0, 0, 0, 0, '', 0),
(267, 0, 603, 180, '0', 0, 0, 0, 0, '', 0),
(270, 0, 603, 180, '0', 0, 0, 0, 0, '', 0),
(269, 0, 603, 180, '0', 0, 0, 0, 0, '', 0),
(272, 0, 603, 180, '0', 0, 0, 0, 0, '', 0),
(271, 0, 603, 180, '0', 0, 0, 0, 0, '', 0),
(274, 0, 603, 180, '0', 0, 0, 0, 0, '', 0),
(273, 0, 603, 180, '0', 0, 0, 0, 0, '', 0),
(276, 0, 603, 180, '0', 0, 0, 0, 0, '', 0),
(275, 0, 603, 180, '0', 0, 0, 0, 0, '', 0),
(278, 0, 603, 180, '0', 0, 0, 0, 0, '', 0),
(277, 0, 603, 180, '0', 0, 0, 0, 0, '', 0),
(280, 0, 603, 180, '0', 0, 0, 0, 0, '', 0),
(279, 0, 603, 180, '0', 0, 0, 0, 0, '', 0),
(282, 0, 603, 180, '0', 0, 0, 0, 0, '', 0),
(281, 0, 603, 180, '0', 0, 0, 0, 0, '', 0),
(284, 0, 603, 180, '0', 0, 0, 0, 0, '', 0),
(283, 0, 603, 180, '0', 0, 0, 0, 0, '', 0),
(286, 0, 603, 180, '0', 0, 0, 0, 0, '', 0),
(285, 0, 603, 180, '0', 0, 0, 0, 0, '', 0),
(288, 0, 603, 180, '0', 0, 0, 0, 0, '', 0),
(287, 0, 603, 180, '0', 0, 0, 0, 0, '', 0),
(290, 0, 603, 180, '0', 0, 0, 0, 0, '', 0),
(289, 0, 603, 180, '0', 0, 0, 0, 0, '', 0),
(292, 0, 603, 180, '0', 0, 0, 0, 0, '', 0),
(291, 0, 603, 180, '0', 0, 0, 0, 0, '', 0),
(294, 0, 603, 180, '0', 0, 0, 0, 0, '', 0),
(293, 0, 603, 180, '0', 0, 0, 0, 0, '', 0),
(296, 0, 603, 180, '0', 0, 0, 0, 0, '', 0),
(295, 0, 603, 180, '0', 0, 0, 0, 0, '', 0),
(298, 0, 603, 180, '0', 0, 0, 0, 0, '', 0),
(297, 0, 603, 180, '0', 0, 0, 0, 0, '', 0),
(300, 0, 603, 180, '0', 0, 0, 0, 0, '', 0),
(299, 0, 603, 180, '0', 0, 0, 0, 0, '', 0),
(302, 0, 603, 180, '0', 0, 0, 0, 0, '', 0),
(301, 0, 603, 180, '0', 0, 0, 0, 0, '', 0),
(304, 0, 603, 180, '0', 0, 0, 0, 0, '', 0),
(303, 0, 603, 180, '0', 0, 0, 0, 0, '', 0),
(306, 0, 603, 180, '0', 0, 0, 0, 0, '', 0),
(305, 0, 603, 180, '0', 0, 0, 0, 0, '', 0),
(308, 0, 603, 180, '0', 0, 0, 0, 0, '', 0),
(307, 0, 603, 180, '0', 0, 0, 0, 0, '', 0),
(310, 0, 603, 180, '0', 0, 0, 0, 0, '', 0),
(309, 0, 603, 180, '0', 0, 0, 0, 0, '', 0),
(312, 0, 603, 180, '0', 0, 0, 0, 0, '', 0),
(311, 0, 603, 180, '0', 0, 0, 0, 0, '', 0),
(314, 0, 603, 180, '0', 0, 0, 0, 0, '', 0),
(313, 0, 603, 180, '0', 0, 0, 0, 0, '', 0),
(316, 0, 603, 180, '0', 0, 0, 0, 0, '', 0),
(315, 0, 603, 180, '0', 0, 0, 0, 0, '', 0),
(318, 0, 603, 180, '0', 0, 0, 0, 0, '', 0),
(317, 0, 603, 180, '0', 0, 0, 0, 0, '', 0),
(320, 0, 603, 180, '0', 0, 0, 0, 0, '', 0),
(319, 0, 603, 180, '0', 0, 0, 0, 0, '', 0),
(322, 0, 603, 180, '0', 0, 0, 0, 0, '', 0),
(321, 0, 603, 180, '0', 0, 0, 0, 0, '', 0),
(324, 0, 603, 180, '0', 0, 0, 0, 0, '', 0),
(323, 129, 603, 180, '0', 3, 2, 0, 2, '', 0),
(326, 129, 603, 180, '0', 5, 1, 0, 4, '', 0),
(325, 129, 603, 180, '0', 5, 7, 0, 4, '', 0),
(328, 129, 603, 180, '0', 3, 1, 0, 2, '', 0),
(327, 129, 603, 180, '0', 3, 3, 0, 2, '', 0),
(330, 129, 603, 180, '0', 3, 5, 0, 2, '', 0),
(329, 129, 603, 180, '0', 3, 6, 0, 2, '', 0),
(332, 129, 603, 180, '0', 3, 7, 0, 2, '', 0),
(331, 129, 603, 180, '0', 1, 5, 0, 2, '', 0),
(334, 129, 603, 180, '0', 1, 7, 0, 2, '', 0),
(333, 129, 603, 180, '0', 1, 6, 0, 2, '', 0),
(336, 129, 603, 180, '0', 1, 2, 0, 2, '', 0),
(335, 129, 603, 180, '0', 1, 1, 0, 2, '', 0),
(338, 0, 606, 180, '0', 0, 0, 0, 0, '', 0),
(337, 0, 606, 180, '0', 0, 0, 0, 0, '', 0),
(340, 0, 606, 180, '0', 0, 0, 0, 0, '', 0),
(339, 0, 606, 180, '0', 0, 0, 0, 0, '', 0),
(342, 0, 606, 180, '0', 0, 0, 0, 0, '', 0),
(341, 0, 606, 180, '0', 0, 0, 0, 0, '', 0),
(353, 0, 606, 1106, '', 0, 0, 0, 0, '', 0),
(809, 152, 617, 30150, '', 13, 26, 0, 2, '', 0),
(863, 0, 624, 33805, '', 0, 0, 0, 0, '', 0),
(534, 152, 617, 1375, '', 15, 11, 0, 0, '', 0),
(533, 152, 617, 1375, '', 17, 9, 0, 0, '', 0),
(345, 0, 603, 890, '', 0, 0, 0, 0, '', 0),
(347, 106, 606, 19995, '', 4, 6, 1, 0, '', 0),
(348, 106, 606, 19995, '', 2, 6, 1, 0, '', 0),
(378, 152, 617, 1639, '', 1, 24, 0, 2, '', 0),
(349, 0, 606, 112, '', 0, 0, 0, 0, '', 0),
(380, 152, 617, 1801, '', 0, 0, 0, 0, ':w=0,27 l=16,32 l', 0),
(350, 106, 606, 19995, '', 14, 5, 2, 0, '', 0),
(351, 106, 606, 19995, '', 12, 5, 2, 0, '', 0),
(352, 106, 606, 20001, '', 16, 5, 2, 2, '', 0),
(376, 152, 617, 97420, '', 0, 0, 0, 0, ':w=0,28 l=11,54 l', 0),
(358, 0, 609, 231, '', 0, 0, 0, 0, '', 0),
(799, 151, 622, 253, '', 2, 1, 0, 4, '', 0),
(354, 0, 606, 1117, '', 0, 0, 0, 0, '', 0),
(355, 0, 606, 1144, '', 0, 0, 0, 0, '', 0),
(356, 0, 606, 1199, '', 0, 0, 0, 0, '', 0),
(357, 106, 603, 343, '1', 8, 9, 0, 0, '', 0),
(359, 132, 603, 412, '0', 14, 1, 1, 4, '', 0),
(360, 132, 603, 412, '1', 18, 1, 1, 4, '', 0),
(407, 0, 607, 218, '', 0, 0, 0, 0, '', 0),
(364, 145, 617, 1702, '', 0, 0, 0, 0, ':w=2,0 l=24,80 r', 0),
(366, 152, 617, 89947, '3', 13, 21, 0, 2, '', 0),
(406, 0, 607, 218, '', 0, 0, 0, 0, '', 0),
(365, 145, 617, 1702, '', 0, 0, 0, 0, ':w=0,6 l=14,77 l', 0),
(367, 152, 617, 89967, '', 13, 18, 0, 0, '', 0),
(368, 152, 617, 89967, '', 18, 18, 0, 0, '', 0),
(371, 152, 617, 89951, '', 15, 23, 0, 6, '', 0),
(369, 0, 617, 89965, '', 0, 0, 0, 0, '', 0),
(370, 106, 606, 20001, '', 1, 5, 2, 2, '', 0),
(864, 0, 617, 1507, '', 0, 0, 0, 0, '', 0),
(372, 152, 617, 89951, '', 15, 24, 0, 6, '', 0),
(862, 106, 606, 20125, '', 15, 3, 4, 0, '', 0),
(861, 106, 606, 20125, '', 13, 3, 4, 0, '', 0),
(373, 152, 617, 89952, '3', 15, 18, 0, 0, '', 0),
(374, 152, 617, 89960, '', 14, 18, 0, 4, '', 0),
(375, 152, 617, 97422, '', 1, 27, 0, 2, '', 0),
(377, 152, 617, 97419, '', 1, 26, 0, 0, '', 0),
(379, 152, 617, 1800, '', 0, 0, 0, 0, ':w=0,25 l=12,56 l', 0),
(381, 145, 617, 1646, '', 1, 7, 0, 0, '', 0),
(382, 152, 617, 1651, '', 4, 23, 0, 4, '', 0),
(383, 152, 617, 1646, '', 6, 23, 0, 0, '', 0),
(408, 0, 607, 218, '', 0, 0, 0, 0, '', 0),
(384, 152, 617, 177, '', 3, 23, 0, 4, '', 0),
(386, 0, 607, 90081, '', 0, 0, 0, 0, '', 0),
(409, 0, 607, 218, '', 0, 0, 0, 0, '', 0),
(801, 152, 617, 20393, '', 0, 0, 0, 0, ':w=15,0 l=10,39 r', 0),
(385, 160, 607, 33803, '', 13, 11, 0, 0, '', 0),
(807, 106, 606, 20125, '', 3, 1, 4, 0, '', 0),
(387, 0, 607, 90081, '', 0, 0, 0, 0, '', 0),
(388, 0, 607, 90081, '', 0, 0, 0, 0, '', 0),
(389, 150, 607, 90081, '1', 19, 5, 1, 0, '', 0),
(390, 150, 607, 90081, '1', 17, 5, 1, 0, '', 0),
(391, 150, 607, 90081, '1', 15, 5, 1, 0, '', 0),
(392, 150, 607, 90081, '1', 13, 5, 1, 0, '', 0),
(393, 150, 607, 90081, '1', 13, 3, 2.4, 0, '', 0),
(394, 150, 607, 90081, '1', 15, 3, 2.4, 0, '', 0),
(800, 151, 622, 253, '', 3, 1, 0, 4, '', 0),
(395, 150, 607, 90081, '1', 17, 3, 2.4, 0, '', 0),
(396, 150, 607, 90081, '1', 19, 3, 2.4, 0, '', 0),
(397, 150, 607, 90081, '0', 19, 1, 3.8, 0, '', 0),
(398, 150, 607, 90081, '0', 17, 1, 3.8, 0, '', 0),
(401, 0, 607, 218, '', 0, 0, 0, 0, '', 0),
(399, 150, 607, 90081, '0', 15, 1, 3.8, 0, '', 0),
(400, 150, 607, 90081, '0', 13, 1, 3.8, 0, '', 0),
(402, 0, 607, 218, '', 0, 0, 0, 0, '', 0),
(403, 0, 607, 218, '', 0, 0, 0, 0, '', 0),
(404, 0, 607, 218, '', 0, 0, 0, 0, '', 0),
(405, 0, 607, 218, '', 0, 0, 0, 0, '', 0),
(411, 0, 607, 218, '', 0, 0, 0, 0, '', 0),
(412, 0, 607, 218, '', 0, 0, 0, 0, '', 0),
(413, 0, 607, 218, '', 0, 0, 0, 0, '', 0),
(414, 0, 607, 218, '', 0, 0, 0, 0, '', 0),
(415, 0, 607, 218, '', 0, 0, 0, 0, '', 0),
(416, 152, 617, 200020, '1', 0, 0, 0, 0, ':w=0,2 l=5,54 l', 0),
(417, 0, 607, 218, '', 0, 0, 0, 0, '', 0),
(418, 0, 607, 218, '', 0, 0, 0, 0, '', 0),
(419, 0, 607, 218, '', 0, 0, 0, 0, '', 0),
(420, 0, 607, 218, '', 0, 0, 0, 0, '', 0),
(421, 0, 607, 218, '', 0, 0, 0, 0, '', 0),
(422, 0, 607, 218, '', 0, 0, 0, 0, '', 0),
(423, 0, 607, 218, '', 0, 0, 0, 0, '', 0),
(424, 0, 607, 218, '', 0, 0, 0, 0, '', 0),
(425, 0, 607, 218, '', 0, 0, 0, 0, '', 0),
(426, 0, 607, 218, '', 0, 0, 0, 0, '', 0),
(808, 106, 606, 20125, '', 1, 1, 4, 0, '', 0),
(427, 106, 606, 19995, '0', 10, 5, 2, 0, '', 0),
(428, 106, 606, 19995, '', 8, 5, 2, 0, '', 0),
(429, 106, 606, 19995, '', 6, 5, 2, 0, '', 0),
(430, 106, 606, 19995, '', 4, 5, 2, 0, '', 0),
(431, 0, 607, 217, '', 0, 0, 0, 0, '', 0),
(432, 106, 606, 19995, '', 2, 5, 2, 0, '', 0),
(433, 0, 607, 217, '', 0, 0, 0, 0, '', 0),
(484, 0, 607, 25362, '', 0, 0, 0, 0, '', 0),
(434, 153, 603, 412, '1', 7, 6, 0, 2, '', 0),
(435, 153, 603, 414, '1', 7, 5, 0, 2, '', 0),
(436, 153, 618, 428, '1', 10, 9, 0, 2, '', 0),
(437, 153, 618, 422, '', 4, 8, 0, 2, '', 0),
(487, 0, 607, 25362, '', 0, 0, 0, 0, '', 0),
(485, 0, 607, 25362, '', 0, 0, 0, 0, '', 0),
(438, 0, 607, 217, '', 0, 0, 0, 0, '', 0),
(439, 0, 607, 217, '', 0, 0, 0, 0, '', 0),
(440, 0, 607, 217, '', 0, 0, 0, 0, '', 0),
(441, 0, 607, 217, '', 0, 0, 0, 0, '', 0),
(442, 0, 607, 217, '', 0, 0, 0, 0, '', 0),
(443, 0, 607, 217, '', 0, 0, 0, 0, '', 0),
(444, 0, 607, 217, '', 0, 0, 0, 0, '', 0),
(445, 0, 607, 217, '', 0, 0, 0, 0, '', 0),
(446, 0, 607, 217, '', 0, 0, 0, 0, '', 0),
(447, 153, 603, 409, '1', 7, 8, 0, 2, '', 0),
(448, 0, 607, 217, '', 0, 0, 0, 0, '', 0),
(449, 0, 607, 217, '', 0, 0, 0, 0, '', 0),
(450, 0, 607, 217, '', 0, 0, 0, 0, '', 0),
(451, 0, 607, 217, '', 0, 0, 0, 0, '', 0),
(452, 0, 607, 217, '', 0, 0, 0, 0, '', 0),
(453, 0, 607, 217, '', 0, 0, 0, 0, '', 0),
(454, 0, 607, 217, '', 0, 0, 0, 0, '', 0),
(455, 153, 618, 994, '', 4, 6, 0, 0, '', 0),
(486, 0, 607, 25362, '', 0, 0, 0, 0, '', 0),
(483, 0, 607, 25362, '', 0, 0, 0, 0, '', 0),
(488, 0, 607, 25362, '', 0, 0, 0, 0, '', 0),
(456, 153, 618, 681, '', 10, 3, 0, 0, '', 0),
(482, 0, 607, 25362, '', 0, 0, 0, 0, '', 0),
(458, 0, 603, 226, '', 0, 0, 0, 0, '', 0),
(464, 153, 618, 217, '', 4, 12, 1.4, 0, '', 0),
(461, 153, 618, 19943, '0', 7, 3, 0, 2, '', 0),
(462, 153, 618, 217, '', 4, 11, 0, 0, '', 0),
(463, 153, 618, 217, '', 4, 12, 2.8, 0, '', 0),
(457, 153, 618, 476, '', 4, 1, 0, 0, '', 0),
(459, 0, 603, 1007, '', 0, 0, 0, 0, '', 0),
(460, 153, 618, 19942, '', 7, 13, 0, 2, '', 0),
(465, 153, 618, 217, '', 4, 12, 0, 0, '', 0),
(466, 153, 618, 217, '', 4, 13, 1.4, 0, '', 0),
(467, 153, 618, 217, '', 4, 13, 0, 0, '', 0),
(468, 106, 606, 409, '1', 2, 1, 4, 4, '', 0),
(469, 106, 606, 410, '1', 6, 1, 4, 4, '', 0),
(477, 0, 607, 25362, '', 0, 0, 0, 0, '', 0),
(478, 0, 607, 25362, '', 0, 0, 0, 0, '', 0),
(475, 106, 606, 416, '1', 3, 1, 4, 4, '', 0),
(474, 106, 606, 415, '1', 4, 1, 4, 4, '', 0),
(473, 106, 606, 414, '1', 11, 1, 4, 4, '', 0),
(472, 106, 606, 413, '1', 5, 1, 4, 4, '', 0),
(471, 106, 606, 412, '1', 12, 1, 4, 4, '', 0),
(527, 152, 617, 1369, '', 17, 9, 0, 2, '', 0),
(476, 0, 618, 202, '', 0, 0, 0, 0, '', 0),
(470, 106, 606, 411, '1', 13, 1, 4, 4, '', 0),
(479, 0, 607, 25362, '', 0, 0, 0, 0, '', 0),
(480, 0, 607, 25362, '', 0, 0, 0, 0, '', 0),
(481, 0, 607, 25362, '', 0, 0, 0, 0, '', 0),
(489, 0, 607, 25362, '', 0, 0, 0, 0, '', 0),
(490, 0, 607, 25362, '', 0, 0, 0, 0, '', 0),
(491, 0, 607, 25362, '', 0, 0, 0, 0, '', 0),
(492, 0, 607, 25362, '', 0, 0, 0, 0, '', 0),
(493, 0, 607, 25362, '', 0, 0, 0, 0, '', 0),
(494, 0, 607, 25362, '', 0, 0, 0, 0, '', 0),
(495, 0, 607, 25362, '', 0, 0, 0, 0, '', 0),
(496, 0, 607, 25362, '', 0, 0, 0, 0, '', 0),
(497, 0, 607, 25362, '', 0, 0, 0, 0, '', 0),
(498, 0, 607, 25362, '', 0, 0, 0, 0, '', 0),
(499, 0, 607, 25362, '', 0, 0, 0, 0, '', 0),
(500, 150, 607, 25362, '', 19, 13, 1, 0, '', 0),
(501, 150, 607, 25362, '', 19, 12, 1, 0, '', 0),
(502, 150, 607, 25362, '', 18, 12, 1, 0, '', 0),
(503, 150, 607, 25362, '', 18, 13, 1, 0, '', 0),
(504, 150, 607, 25362, '', 16, 13, 1, 0, '', 0),
(505, 150, 607, 25362, '', 14, 13, 1, 0, '', 0),
(506, 150, 607, 25362, '', 12, 13, 1, 0, '', 0),
(507, 150, 607, 25362, '', 15, 12, 1, 0, '', 0),
(508, 150, 607, 25362, '', 17, 12, 1, 0, '', 0),
(509, 150, 607, 25362, '', 18, 11, 1, 0, '', 0),
(510, 150, 607, 25362, '', 18, 11, 1, 0, '', 0),
(511, 150, 607, 25362, '', 16, 11, 1, 0, '', 0),
(512, 150, 607, 25362, '', 14, 11, 1, 0, '', 0),
(513, 150, 607, 25362, '', 12, 11, 1, 0, '', 0),
(514, 150, 607, 25362, '', 9, 10, 0, 0, '', 0),
(515, 150, 607, 25362, '', 9, 12, 0, 0, '', 0),
(516, 150, 607, 25362, '', 9, 9, 0, 0, '', 0),
(517, 150, 607, 25362, '', 14, 9, 1, 0, '', 0),
(518, 150, 607, 25362, '', 14, 8, 1, 0, '', 0),
(519, 150, 607, 25362, '', 12, 9, 1, 0, '', 0),
(520, 150, 607, 25362, '', 19, 9, 1, 0, '', 0),
(521, 150, 607, 25362, '', 18, 8, 1, 0, '', 0),
(522, 150, 607, 25362, '', 18, 8, 1, 0, '', 0),
(523, 150, 607, 25362, '', 18, 7, 1, 0, '', 0),
(524, 150, 607, 25362, '', 16, 7, 1, 0, '', 0),
(525, 150, 607, 25362, '', 16, 8, 0, 0, '', 0),
(526, 150, 607, 25362, '', 13, 7, 1, 0, '', 0),
(531, 152, 617, 1375, '', 13, 15, 0, 0, '', 0),
(528, 152, 617, 1375, '0', 13, 9, 0, 0, '', 0),
(529, 152, 617, 1375, '', 13, 11, 0, 0, '', 0),
(538, 152, 617, 1375, '', 15, 13, 0, 0, '', 0),
(539, 0, 607, 817, '', 0, 0, 0, 0, '', 0),
(540, 0, 607, 817, '', 0, 0, 0, 0, '', 0),
(541, 152, 617, 1375, '', 15, 15, 0, 0, '', 0),
(542, 0, 607, 817, '', 0, 0, 0, 0, '', 0),
(543, 0, 607, 817, '', 0, 0, 0, 0, '', 0),
(544, 0, 607, 817, '', 0, 0, 0, 0, '', 0),
(545, 152, 617, 1375, '', 17, 13, 0, 0, '', 0),
(546, 0, 607, 817, '', 0, 0, 0, 0, '', 0),
(547, 0, 607, 817, '', 0, 0, 0, 0, '', 0),
(548, 150, 607, 817, '', 21, 14, 1, 2, '', 0),
(549, 150, 607, 817, '', 21, 10, 1, 2, '', 0),
(550, 150, 607, 817, '', 21, 12, 1, 2, '', 0),
(551, 150, 607, 817, '', 19, 15, 1, 4, '', 0),
(552, 152, 617, 1375, '', 17, 15, 0, 0, '', 0),
(553, 150, 607, 817, '', 17, 15, 1, 4, '', 0),
(554, 150, 607, 817, '', 14, 15, 1, 2, '', 0),
(555, 150, 607, 817, '', 16, 15, 1, 2, '', 0),
(556, 150, 607, 817, '', 12, 15, 1, 4, '', 0),
(557, 150, 607, 817, '', 9, 14, 0, 4, '', 0),
(558, 0, 607, 816, '', 0, 0, 0, 0, '', 0),
(559, 106, 606, 821, '', 13, 17, 0, 2, '', 0),
(560, 106, 606, 821, '', 8, 23, 0, 0, '', 0),
(561, 152, 617, 20128, '', 13, 16, 0, 2, '', 0),
(562, 152, 617, 20123, '1', 13, 9, 0, 4, '', 0),
(563, 152, 617, 20123, '', 13, 11, 0, 0, '', 0),
(564, 152, 617, 20117, '', 13, 25, 0, 2, '', 0),
(565, 106, 606, 821, '', 8, 8, 0, 0, '', 0),
(566, 106, 606, 821, '', 1, 17, 0, 2, '', 0),
(567, 106, 606, 821, '', 13, 16, 0, 2, '', 0),
(568, 0, 606, 9683, '', 0, 0, 0, 0, '', 0),
(569, 106, 606, 821, '', 1, 16, 0, 2, '', 0),
(570, 152, 617, 155, '', 18, 15, 0, 0, '', 0),
(571, 152, 617, 156, '', 13, 13, 0, 2, '', 0),
(572, 152, 617, 200015, '', 15, 16, 0, 0, '', 0),
(573, 106, 603, 821, '', 7, 23, 0, 0, '', 0),
(574, 106, 606, 821, '', 7, 8, 0, 0, '', 0),
(575, 106, 603, 821, '', 7, 20, 0, 0, '', 0),
(576, 152, 617, 218, '', 12, 25, 0, 6, '', 0),
(577, 152, 617, 219, '', 12, 28, 0, 2, '', 0),
(578, 106, 606, 821, '', 7, 10, 0, 0, '', 0),
(579, 106, 603, 821, '', 8, 20, 0, 0, '', 0),
(580, 106, 606, 821, '', 8, 10, 0, 0, '', 0),
(581, 106, 603, 19994, '1', 9, 17, 0, 0, '', 0),
(582, 106, 603, 19994, '1', 7, 17, 0, 0, '', 0),
(583, 106, 606, 821, '', 12, 16, 0, 2, '', 0),
(584, 106, 603, 19994, '1', 7, 15, 0, 0, '', 0),
(585, 106, 606, 821, '', 12, 17, 0, 2, '', 0),
(586, 150, 607, 3909, '', 21, 22, 0, 0, '', 0),
(587, 150, 607, 3909, '', 23, 25, 0, 0, '', 0),
(588, 106, 603, 19994, '0', 9, 15, 0, 0, '', 0),
(589, 150, 607, 3909, '', 23, 24, 0, 0, '', 0),
(590, 152, 617, 176, '', 12, 27, 0, 0, '', 0),
(591, 150, 607, 3909, '', 9, 20, 0, 0, '', 0),
(592, 0, 604, 20031, '', 0, 0, 0, 0, '', 0),
(593, 150, 607, 3909, '', 9, 18, 0, 0, '', 0),
(594, 150, 607, 3909, '', 9, 16, 0, 0, '', 0),
(595, 150, 607, 3909, '', 11, 16, 0, 0, '', 0),
(596, 150, 607, 3909, '', 13, 16, 0, 0, '', 0),
(597, 150, 607, 3909, '', 15, 16, 0, 0, '', 0),
(598, 150, 607, 3909, '', 17, 16, 0, 0, '', 0),
(599, 150, 607, 3909, '', 19, 16, 0, 0, '', 0),
(600, 150, 607, 3909, '', 23, 14, 0, 0, '', 0),
(601, 150, 607, 3909, '', 23, 16, 0, 0, '', 0),
(602, 150, 607, 3909, '', 23, 13, 0, 0, '', 0),
(603, 150, 607, 3909, '', 23, 11, 0, 0, '', 0),
(604, 150, 607, 3909, '', 23, 9, 0, 0, '', 0),
(605, 150, 607, 3909, '', 21, 16, 0, 0, '', 0),
(606, 106, 606, 821, '', 4, 15, 0, 0, '', 0),
(607, 106, 606, 821, '', 1, 15, 0, 2, '', 0),
(608, 106, 606, 821, '', 13, 15, 0, 2, '', 0),
(609, 106, 606, 821, '', 12, 15, 0, 2, '', 0),
(610, 0, 606, 19996, '', 0, 0, 0, 0, '', 0),
(618, 152, 617, 200026, '', 18, 6, 1, 0, '', 0),
(612, 145, 617, 450, '', 3, 7, 0, 0, '', 0),
(611, 145, 617, 450, '', 1, 4, 0, 2, '', 0),
(615, 152, 617, 200026, '', 15, 6, 1, 0, '', 0),
(613, 152, 617, 20108, '', 3, 1, 2, 2, '', 0),
(614, 152, 617, 1420, '', 3, 6, 2, 2, '', 0),
(616, 152, 617, 200026, '', 16, 6, 1, 0, '', 0),
(617, 152, 617, 200026, '', 17, 6, 1, 0, '', 0),
(619, 145, 617, 200025, '', 3, 5, 0, 2, '', 0),
(620, 106, 606, 1540, '', 15, 23, 0, 0, '', 0),
(621, 106, 606, 1540, '', 13, 21, 0, 0, '', 0),
(622, 106, 606, 1540, '', 11, 19, 0, 0, '', 0),
(623, 106, 606, 1540, '', 11, 21, 0, 0, '', 0),
(624, 106, 606, 1540, '', 13, 23, 0, 0, '', 0),
(625, 106, 606, 1540, '', 15, 25, 0, 0, '', 0),
(626, 0, 623, 33806, '', 0, 0, 0, 0, '', 0),
(627, 152, 617, 200025, '', 1, 13, 0, 2, '', 0),
(628, 150, 607, 3909, '', 23, 22, 0, 0, '', 0),
(629, 150, 607, 3909, '', 13, 20, 0, 0, '', 0),
(630, 150, 607, 3909, '', 16, 20, 0, 0, '', 0),
(631, 150, 607, 3909, '', 17, 20, 0, 0, '', 0),
(632, 150, 607, 3909, '', 19, 20, 0, 0, '', 0),
(633, 150, 607, 3909, '', 21, 20, 0, 0, '', 0),
(634, 150, 607, 3909, '', 23, 20, 0, 0, '', 0),
(635, 150, 607, 3909, '', 23, 18, 0, 0, '', 0),
(636, 152, 617, 200025, '', 1, 12, 0, 2, '', 0),
(637, 150, 607, 3909, '', 21, 18, 0, 0, '', 0),
(638, 150, 607, 3909, '', 19, 18, 0, 0, '', 0),
(639, 150, 607, 3909, '', 17, 18, 0, 0, '', 0),
(640, 150, 607, 3909, '', 15, 18, 0, 0, '', 0),
(641, 150, 607, 3909, '', 13, 18, 0, 0, '', 0),
(642, 0, 623, 1412, '', 0, 0, 0, 0, '', 0),
(643, 150, 607, 3909, '', 11, 18, 0, 0, '', 0),
(644, 151, 622, 355, '1', 1, 1, 0, 0, '', 0),
(645, 152, 617, 200025, '', 1, 11, 0, 2, '', 0),
(646, 151, 622, 355, '1', 4, 1, 0, 0, '', 0),
(647, 106, 606, 1540, '', 15, 21, 0, 0, '', 0),
(648, 0, 604, 404, '', 0, 0, 0, 0, '', 0),
(649, 152, 617, 200025, '', 1, 10, 0, 2, '', 0),
(650, 106, 606, 1540, '', 13, 25, 0, 0, '', 0),
(651, 106, 606, 1540, '', 11, 25, 0, 0, '', 0),
(652, 106, 606, 1540, '', 11, 23, 0, 0, '', 0),
(653, 106, 606, 1540, '', 5, 23, 0, 0, '', 0),
(654, 106, 606, 1540, '', 5, 21, 0, 0, '', 0),
(655, 152, 617, 200025, '', 1, 9, 0, 2, '', 0),
(656, 106, 606, 1540, '', 1, 19, 0, 0, '', 0),
(657, 106, 606, 1540, '', 3, 19, 0, 0, '', 0),
(658, 106, 606, 1540, '', 5, 19, 0, 0, '', 0),
(659, 106, 606, 1540, '', 1, 23, 0, 0, '', 0),
(660, 106, 606, 1540, '', 1, 21, 0, 0, '', 0),
(661, 152, 617, 200023, '', 15, 18, 1, 0, '', 0),
(662, 106, 606, 1540, '', 3, 21, 0, 0, '', 0),
(663, 106, 606, 1540, '', 3, 23, 0, 0, '', 0),
(664, 106, 606, 1540, '', 3, 25, 0, 0, '', 0),
(665, 106, 606, 1540, '', 1, 25, 0, 0, '', 0),
(666, 106, 606, 1540, '', 15, 19, 0, 0, '', 0),
(667, 106, 606, 1540, '', 13, 19, 0, 0, '', 0),
(668, 152, 617, 200030, '1', 0, 0, 0, 0, ':w=0,14 l=15,33 l', 0),
(669, 106, 606, 1540, '0', 15, 10, 0, 0, '', 0),
(670, 152, 617, 200030, '0', 0, 0, 0, 0, ':w=0,12 l=12,35 l', 0),
(671, 106, 606, 1540, '0', 12, 13, 0, 0, '', 0),
(672, 106, 606, 1540, '', 13, 13, 0, 0, '', 0),
(673, 106, 606, 1540, '1', 11, 8, 0, 0, '', 0),
(674, 0, 607, 3909, '', 0, 0, 0, 0, '', 0),
(675, 0, 607, 3909, '', 0, 0, 0, 0, '', 0),
(676, 106, 606, 1540, '', 13, 8, 0, 0, '', 0),
(677, 0, 607, 3909, '', 0, 0, 0, 0, '', 0),
(678, 106, 606, 1540, '', 11, 12, 0, 0, '', 0),
(679, 0, 607, 3909, '', 0, 0, 0, 0, '', 0),
(680, 106, 606, 1540, '', 12, 10, 0, 0, '', 0),
(681, 0, 607, 3909, '', 0, 0, 0, 0, '', 0),
(682, 106, 606, 1540, '', 15, 8, 0, 0, '', 0),
(683, 0, 607, 3909, '', 0, 0, 0, 0, '', 0),
(684, 0, 607, 3909, '', 0, 0, 0, 0, '', 0),
(685, 0, 607, 3909, '', 0, 0, 0, 0, '', 0),
(686, 106, 606, 1540, '', 5, 25, 0, 0, '', 0),
(687, 0, 607, 3909, '', 0, 0, 0, 0, '', 0),
(688, 150, 607, 3909, '', 15, 21, 0, 0, '', 0),
(689, 150, 607, 3909, '', 13, 21, 0, 0, '', 0),
(690, 150, 607, 3909, '', 9, 21, 0, 0, '', 0),
(691, 150, 607, 3909, '', 11, 19, 0, 0, '', 0),
(692, 150, 607, 3909, '', 9, 23, 0, 0, '', 0),
(693, 150, 607, 3909, '', 9, 25, 0, 0, '', 0),
(694, 150, 607, 3909, '', 11, 21, 0, 0, '', 0),
(695, 150, 607, 3909, '', 11, 23, 0, 0, '', 0),
(696, 152, 617, 200030, '1', 0, 0, 0, 0, ':w=0,10 l=14,36 l', 0),
(697, 150, 607, 3909, '', 11, 25, 0, 0, '', 0),
(698, 150, 607, 3909, '', 13, 25, 0, 0, '', 0),
(699, 150, 607, 3909, '', 13, 24, 0, 0, '', 0),
(700, 150, 607, 3909, '', 13, 23, 0, 0, '', 0),
(701, 150, 607, 3909, '', 15, 20, 0, 0, '', 0),
(702, 150, 607, 3909, '', 15, 23, 0, 0, '', 0),
(703, 150, 607, 3909, '', 15, 25, 0, 0, '', 0),
(704, 150, 607, 3909, '', 17, 25, 0, 0, '', 0),
(705, 150, 607, 3909, '', 17, 24, 0, 0, '', 0),
(706, 150, 607, 3909, '', 17, 22, 0, 0, '', 0),
(707, 150, 607, 3909, '', 19, 22, 0, 0, '', 0),
(708, 150, 607, 3909, '', 19, 23, 0, 0, '', 0),
(709, 150, 607, 3909, '', 19, 25, 0, 0, '', 0),
(710, 150, 607, 3909, '', 21, 25, 0, 0, '', 0),
(711, 150, 607, 3909, '', 21, 24, 0, 0, '', 0),
(789, 151, 622, 247, '', 4, 3, 0, 0, '', 0),
(712, 152, 617, 200030, '1', 0, 0, 0, 0, ':w=0,5 l=0,35 l', 0),
(713, 106, 606, 1540, '', 5, 8, 0, 0, '', 0),
(714, 106, 606, 1540, '', 3, 8, 0, 0, '', 0),
(715, 106, 606, 1540, '', 1, 10, 0, 0, '', 0),
(716, 106, 606, 202, '', 8, 1, 4, 4, '', 0),
(717, 152, 617, 200030, '1', 0, 0, 0, 0, ':w=2,0 l=11,34 r', 0),
(718, 106, 606, 1540, '', 1, 12, 0, 0, '', 0),
(719, 106, 606, 1540, '', 3, 12, 0, 0, '', 0),
(720, 106, 606, 1540, '', 5, 12, 0, 0, '', 0),
(721, 106, 606, 1540, '', 3, 10, 0, 0, '', 0),
(722, 106, 606, 1540, '', 1, 8, 0, 0, '', 0),
(723, 106, 606, 1540, '', 15, 12, 0, 0, '', 0),
(724, 152, 617, 200030, '1', 0, 0, 0, 0, ':w=4,0 l=5,25 r', 0),
(725, 106, 606, 1540, '', 5, 10, 0, 0, '', 0),
(727, 106, 606, 1540, '', 10, 19, 0, 0, '', 0),
(728, 106, 606, 1540, '', 10, 21, 0, 0, '', 0),
(730, 106, 606, 1540, '', 10, 23, 0, 0, '', 0),
(731, 106, 606, 1540, '', 10, 25, 0, 0, '', 0),
(732, 106, 606, 1540, '', 1, 13, 0, 0, '', 0),
(733, 106, 606, 1540, '', 10, 10, 0, 2, '', 0),
(734, 106, 606, 1540, '', 10, 8, 0, 0, '', 0),
(735, 106, 606, 1540, '', 13, 10, 0, 0, '', 0),
(736, 106, 606, 1540, '0', 13, 11, 0, 0, '', 0),
(737, 106, 606, 1540, '', 15, 13, 0, 0, '', 0),
(738, 152, 617, 200030, '1', 0, 0, 0, 0, ':w=6,0 l=11,28 r', 0),
(739, 106, 606, 1540, '', 11, 13, 0, 0, '', 0),
(740, 106, 606, 1540, '', 10, 12, 0, 0, '', 0),
(741, 106, 606, 1540, '', 5, 13, 0, 0, '', 0),
(742, 106, 606, 1540, '', 3, 13, 0, 0, '', 0),
(743, 152, 617, 200030, '', 0, 0, 0, 0, ':w=9,0 l=9,26 r', 0),
(744, 0, 607, 90082, '', 0, 0, 0, 0, '', 0),
(745, 0, 607, 90082, '', 0, 0, 0, 0, '', 0),
(746, 0, 607, 90082, '', 0, 0, 0, 0, '', 0),
(747, 0, 607, 90082, '', 0, 0, 0, 0, '', 0),
(748, 150, 607, 90082, '', 3, 17, 1, 0, '', 0),
(749, 0, 607, 90085, '', 0, 0, 0, 0, '', 0),
(750, 0, 607, 90085, '', 0, 0, 0, 0, '', 0),
(751, 0, 607, 90085, '', 0, 0, 0, 0, '', 0),
(752, 0, 607, 90085, '', 0, 0, 0, 0, '', 0),
(753, 150, 607, 90085, '', 5, 20, 1, 0, '', 0),
(754, 150, 607, 90085, '', 4, 20, 1, 0, '', 0),
(755, 150, 607, 90085, '', 3, 20, 1, 0, '', 0),
(756, 150, 607, 90085, '', 2, 19, 1, 0, '', 0),
(757, 150, 607, 90085, '', 2, 18, 1, 0, '', 0),
(758, 150, 607, 90085, '', 2, 17, 1, 0, '', 0),
(759, 150, 607, 90085, '', 3, 16, 1, 0, '', 0),
(760, 150, 607, 90085, '', 4, 16, 1, 0, '', 0),
(761, 152, 617, 200030, '1', 0, 0, 0, 0, ':w=9,0 l=0,19 r', 0),
(762, 150, 607, 90085, '', 5, 16, 1, 0, '', 0),
(763, 150, 607, 90085, '', 6, 17, 1, 0, '', 0),
(764, 150, 607, 90085, '', 6, 19, 1, 0, '', 0),
(765, 150, 607, 90085, '', 6, 18, 1, 0, '', 0),
(766, 106, 606, 202, '', 9, 1, 4, 4, '', 0),
(767, 152, 617, 200030, '1', 0, 0, 0, 0, ':w=11,0 l=4,23 r', 0),
(804, 152, 617, 90010, '', 5, 23, 0, 4, '', 0),
(768, 152, 617, 200030, '1', 0, 0, 0, 0, ':w=13,0 l=9,23 r', 0),
(769, 152, 617, 200030, '1', 0, 0, 0, 0, ':w=16,0 l=0,17 r', 0),
(777, 151, 622, 247, '', 1, 1, 0, 0, '', 0),
(770, 152, 617, 200030, '1', 0, 0, 0, 0, ':w=18,0 l=0,19 r', 0),
(776, 152, 617, 200030, '1', 0, 0, 0, 0, ':w=0,21 l=15,43 l', 0),
(781, 151, 622, 247, '', 3, 3, 0, 0, '', 0),
(771, 152, 617, 200033, '1', 6, 9, 0, 2, '', 0),
(778, 152, 617, 200030, '1', 0, 0, 0, 0, ':w=0,19 l=16,47 l', 0),
(772, 151, 622, 247, '', 3, 5, 0, 0, '', 0),
(790, 152, 617, 200012, '', 1, 6, 2, 0, '', 0),
(773, 151, 622, 247, '', 1, 6, 0, 0, '', 0),
(774, 151, 622, 247, '', 1, 5, 0, 0, '', 0),
(775, 151, 622, 247, '', 1, 3, 0, 0, '', 0),
(785, 152, 617, 200031, '1', 4, 9, 0, 0, '', 0),
(779, 152, 617, 200030, '1', 0, 0, 0, 0, ':w=0,16 l=0,60 l', 0),
(786, 150, 607, 9683, '', 9, 15, 1, 0, '', 0),
(780, 151, 622, 247, '', 3, 1, 0, 0, '', 0),
(782, 152, 617, 200029, '1', 5, 14, 0, 0, '', 0),
(783, 151, 622, 247, '', 4, 5, 0, 0, '', 0),
(784, 151, 622, 247, '', 4, 4, 0, 0, '', 0),
(787, 150, 607, 9683, '', 9, 24, 1, 0, '', 0),
(788, 151, 622, 247, '', 4, 1, 0, 0, '', 0),
(791, 151, 622, 247, '', 1, 6, 0, 0, '', 0),
(792, 152, 617, 89967, '', 1, 16, 0, 0, '', 0),
(793, 152, 617, 89967, '', 2, 16, 0, 0, '', 0),
(794, 151, 622, 247, '', 3, 6, 0, 0, '', 0),
(795, 151, 622, 247, '', 4, 6, 0, 0, '', 0),
(796, 152, 617, 89947, '3', 4, 16, 0, 0, '', 0),
(797, 152, 617, 89950, '10', 6, 16, 0, 0, '', 0),
(798, 152, 617, 200023, '', 6, 16, 1, 0, '', 0),
(812, 152, 617, 30150, '', 1, 14, 0, 4, '', 0),
(813, 106, 606, 20125, '', 11, 3, 4, 0, '', 0),
(814, 152, 617, 30150, '', 13, 14, 0, 2, '', 0),
(815, 106, 606, 20125, '', 9, 3, 4, 0, '', 0),
(816, 106, 606, 20125, '', 7, 3, 4, 0, '', 0),
(817, 106, 606, 20125, '', 5, 3, 4, 0, '', 0),
(818, 106, 606, 20125, '', 3, 3, 4, 0, '', 0),
(819, 106, 606, 20125, '', 1, 3, 4, 0, '', 0),
(820, 106, 606, 20125, '', 15, 1, 4, 0, '', 0),
(821, 106, 606, 20125, '', 13, 1, 4, 0, '', 0),
(822, 106, 606, 20125, '', 11, 1, 4, 0, '', 0),
(823, 106, 606, 20125, '', 9, 1, 4, 0, '', 0),
(824, 151, 622, 411, '1', 5, 4, 0, 2, '', 0),
(825, 151, 622, 411, '1', 5, 6, 0, 2, '', 0),
(826, 151, 622, 411, '1', 4, 7, 0, 2, '', 0),
(827, 151, 622, 411, '1', 2, 7, 0, 2, '', 0),
(828, 151, 622, 411, '1', 1, 6, 0, 2, '', 0),
(829, 151, 622, 19942, '', 5, 7, 0, 0, '', 0),
(830, 151, 622, 19942, '', 3, 7, 0, 0, '', 0),
(831, 151, 622, 19942, '', 1, 5, 0, 2, '', 0),
(832, 151, 622, 19942, '', 1, 7, 0, 0, '', 0),
(833, 152, 617, 30150, '', 10, 1, 1, 2, '', 0),
(834, 151, 622, 19942, '', 5, 3, 0, 6, '', 0),
(835, 0, 617, 20122, '', 0, 0, 0, 0, '', 0),
(836, 152, 617, 20118, '', 1, 20, 1, 2, '', 0),
(837, 0, 617, 20120, '', 0, 0, 0, 0, '', 0),
(838, 151, 622, 19942, '', 5, 5, 0, 6, '', 0),
(839, 151, 622, 19942, '', 5, 1, 0, 4, '', 0),
(840, 151, 622, 411, '1', 1, 4, 0, 2, '', 0),
(841, 0, 604, 414, '1', 0, 0, 0, 0, '', 0),
(842, 152, 617, 89965, '', 1, 19, 0, 0, '', 0),
(843, 0, 603, 407, '', 0, 0, 0, 0, '', 0),
(844, 152, 617, 89960, '', 2, 20, 0, 6, '', 0),
(845, 152, 617, 89960, '', 2, 19, 0, 6, '', 0),
(846, 152, 617, 89963, '', 15, 19, 0, 0, '', 0),
(847, 151, 622, 19942, '', 1, 2, 0, 2, '', 0),
(848, 0, 603, 408, '', 0, 0, 0, 0, '', 0),
(849, 152, 617, 1683, '2,1,1,#E759DE,76', 0, 0, 0, 0, ':w=0,11 l=4,67 l', 0),
(850, 0, 624, 33806, '', 0, 0, 0, 0, '', 0),
(851, 0, 624, 33806, '', 0, 0, 0, 0, '', 0),
(852, 106, 603, 409, '1', 1, 1, 4, 4, '', 0),
(853, 0, 603, 410, '', 0, 0, 0, 0, '', 0),
(854, 0, 603, 411, '', 0, 0, 0, 0, '', 0),
(855, 152, 617, 320, '0', 5, 12, 0, 0, '', 0),
(856, 0, 603, 412, '', 0, 0, 0, 0, '', 0),
(857, 0, 603, 414, '', 0, 0, 0, 0, '', 0),
(858, 0, 603, 415, '', 0, 0, 0, 0, '', 0),
(859, 0, 603, 416, '', 0, 0, 0, 0, '', 0),
(860, 152, 617, 1412, '', 13, 23, 0, 6, '', 0),
(878, 116, 604, 11, '', 5, 4, 0, 0, '', 0),
(866, 0, 619, 1540, '', 0, 0, 0, 0, '', 0),
(865, 0, 619, 3909, '', 0, 0, 0, 0, '', 0),
(867, 0, 619, 1540, '', 0, 0, 0, 0, '', 0),
(868, 156, 619, 1540, '', 1, 21, 0, 0, '', 0),
(869, 156, 619, 1540, '', 5, 21, 0, 0, '', 0),
(870, 156, 619, 1540, '', 3, 15, 0, 0, '', 0),
(871, 156, 619, 1540, '', 1, 15, 0, 0, '', 0),
(872, 156, 619, 1540, '', 7, 21, 0, 0, '', 0),
(873, 156, 619, 1540, '', 3, 21, 0, 0, '', 0),
(874, 0, 619, 1540, '', 0, 0, 0, 0, '', 0),
(875, 156, 619, 821, '', 1, 19, 0, 2, '', 0),
(876, 156, 619, 821, '', 1, 17, 0, 2, '', 0),
(877, 156, 619, 821, '', 1, 11, 0, 2, '', 0),
(880, 116, 604, 11, '', 5, 5, 0, 0, '', 0),
(881, 116, 604, 11, '', 5, 6, 0, 0, '', 0),
(882, 116, 604, 11, '', 5, 7, 0, 0, '', 0),
(883, 116, 604, 11, '', 5, 8, 0, 0, '', 0),
(884, 116, 604, 11, '', 5, 9, 0, 0, '', 0),
(885, 116, 604, 11, '', 5, 10, 0, 0, '', 0),
(886, 116, 604, 11, '', 5, 11, 0, 0, '', 0),
(887, 116, 604, 11, '', 5, 12, 0, 0, '', 0),
(888, 0, 618, 202, '', 0, 0, 0, 0, '', 0),
(889, 156, 619, 821, '', 5, 23, 0, 2, '', 0),
(890, 156, 619, 821, '', 5, 25, 0, 2, '', 0),
(891, 156, 619, 821, '', 1, 25, 0, 2, '', 0),
(892, 156, 619, 821, '', 1, 23, 0, 2, '', 0),
(893, 156, 619, 821, '', 1, 13, 0, 2, '', 0),
(894, 116, 604, 11, '', 11, 4, 0, 0, '', 0),
(895, 116, 604, 11, '', 10, 4, 0, 0, '', 0),
(896, 116, 604, 11, '', 9, 4, 0, 0, '', 0),
(897, 116, 604, 11, '', 8, 4, 0, 0, '', 0),
(898, 116, 604, 11, '', 7, 4, 0, 0, '', 0),
(899, 0, 604, 11, '', 0, 0, 0, 0, '', 0),
(900, 116, 604, 558, '', 5, 13, 0, 2, '', 0),
(901, 116, 604, 558, '', 4, 4, 0, 0, '', 0),
(902, 106, 603, 1805, '2,1,2,#0053F7,76', 0, 0, 0, 0, ':w=0,16 l=2,37 l', 0),
(903, 116, 604, 1113, '1', 11, 1, 0, 0, '', 0),
(904, 116, 604, 1113, '1', 4, 1, 0, 0, '', 0),
(905, 0, 604, 247, '', 0, 0, 0, 0, '', 0),
(906, 0, 604, 247, '', 0, 0, 0, 0, '', 0),
(907, 0, 604, 247, '', 0, 0, 0, 0, '', 0),
(908, 0, 604, 247, '', 0, 0, 0, 0, '', 0),
(909, 0, 604, 247, '', 0, 0, 0, 0, '', 0),
(910, 0, 604, 247, '', 0, 0, 0, 0, '', 0),
(911, 0, 604, 247, '', 0, 0, 0, 0, '', 0),
(912, 0, 604, 247, '', 0, 0, 0, 0, '', 0),
(913, 0, 604, 247, '', 0, 0, 0, 0, '', 0),
(914, 0, 604, 247, '', 0, 0, 0, 0, '', 0),
(915, 0, 604, 247, '', 0, 0, 0, 0, '', 0),
(916, 0, 604, 247, '', 0, 0, 0, 0, '', 0),
(917, 0, 604, 247, '', 0, 0, 0, 0, '', 0),
(918, 0, 604, 247, '', 0, 0, 0, 0, '', 0),
(919, 0, 604, 247, '', 0, 0, 0, 0, '', 0),
(920, 0, 604, 247, '', 0, 0, 0, 0, '', 0),
(921, 0, 604, 247, '', 0, 0, 0, 0, '', 0),
(922, 0, 604, 247, '', 0, 0, 0, 0, '', 0),
(923, 0, 604, 247, '', 0, 0, 0, 0, '', 0),
(924, 0, 604, 247, '', 0, 0, 0, 0, '', 0),
(925, 0, 604, 247, '', 0, 0, 0, 0, '', 0),
(926, 0, 604, 247, '', 0, 0, 0, 0, '', 0),
(927, 0, 604, 247, '', 0, 0, 0, 0, '', 0),
(928, 0, 604, 247, '', 0, 0, 0, 0, '', 0),
(929, 0, 604, 247, '', 0, 0, 0, 0, '', 0),
(930, 0, 604, 247, '', 0, 0, 0, 0, '', 0),
(931, 0, 604, 247, '', 0, 0, 0, 0, '', 0),
(932, 0, 604, 247, '', 0, 0, 0, 0, '', 0),
(933, 0, 604, 247, '', 0, 0, 0, 0, '', 0),
(934, 0, 604, 247, '', 0, 0, 0, 0, '', 0),
(935, 0, 604, 247, '', 0, 0, 0, 0, '', 0),
(936, 0, 604, 247, '', 0, 0, 0, 0, '', 0),
(937, 0, 604, 247, '', 0, 0, 0, 0, '', 0),
(938, 0, 604, 247, '', 0, 0, 0, 0, '', 0),
(939, 0, 604, 247, '', 0, 0, 0, 0, '', 0),
(940, 0, 604, 247, '', 0, 0, 0, 0, '', 0),
(941, 0, 604, 247, '', 0, 0, 0, 0, '', 0),
(942, 0, 604, 247, '', 0, 0, 0, 0, '', 0),
(943, 0, 604, 247, '', 0, 0, 0, 0, '', 0),
(944, 0, 604, 247, '', 0, 0, 0, 0, '', 0),
(945, 0, 604, 247, '', 0, 0, 0, 0, '', 0),
(946, 0, 604, 247, '', 0, 0, 0, 0, '', 0),
(947, 0, 604, 247, '', 0, 0, 0, 0, '', 0),
(948, 0, 604, 247, '', 0, 0, 0, 0, '', 0),
(949, 0, 604, 247, '', 0, 0, 0, 0, '', 0),
(950, 0, 604, 247, '', 0, 0, 0, 0, '', 0),
(951, 0, 604, 247, '', 0, 0, 0, 0, '', 0),
(952, 0, 604, 247, '', 0, 0, 0, 0, '', 0),
(953, 0, 604, 247, '', 0, 0, 0, 0, '', 0),
(954, 0, 604, 247, '', 0, 0, 0, 0, '', 0),
(955, 0, 604, 247, '', 0, 0, 0, 0, '', 0),
(956, 0, 604, 247, '', 0, 0, 0, 0, '', 0),
(957, 0, 604, 247, '', 0, 0, 0, 0, '', 0),
(958, 0, 604, 247, '', 0, 0, 0, 0, '', 0),
(959, 0, 604, 247, '', 0, 0, 0, 0, '', 0),
(960, 0, 604, 247, '', 0, 0, 0, 0, '', 0),
(961, 0, 604, 247, '', 0, 0, 0, 0, '', 0),
(962, 0, 604, 247, '', 0, 0, 0, 0, '', 0),
(963, 0, 604, 247, '', 0, 0, 0, 0, '', 0),
(964, 0, 604, 247, '', 0, 0, 0, 0, '', 0),
(965, 0, 604, 247, '', 0, 0, 0, 0, '', 0),
(966, 0, 604, 247, '', 0, 0, 0, 0, '', 0),
(967, 0, 604, 247, '', 0, 0, 0, 0, '', 0),
(968, 0, 604, 247, '', 0, 0, 0, 0, '', 0),
(969, 0, 604, 247, '', 0, 0, 0, 0, '', 0),
(970, 0, 604, 247, '', 0, 0, 0, 0, '', 0),
(971, 0, 604, 247, '', 0, 0, 0, 0, '', 0),
(972, 0, 604, 247, '', 0, 0, 0, 0, '', 0),
(973, 0, 604, 247, '', 0, 0, 0, 0, '', 0),
(974, 0, 604, 247, '', 0, 0, 0, 0, '', 0),
(975, 0, 604, 247, '', 0, 0, 0, 0, '', 0),
(976, 0, 604, 247, '', 0, 0, 0, 0, '', 0),
(977, 0, 604, 247, '', 0, 0, 0, 0, '', 0),
(978, 0, 604, 247, '', 0, 0, 0, 0, '', 0),
(979, 0, 604, 247, '', 0, 0, 0, 0, '', 0),
(980, 0, 604, 247, '', 0, 0, 0, 0, '', 0),
(981, 0, 604, 247, '', 0, 0, 0, 0, '', 0),
(982, 0, 604, 247, '', 0, 0, 0, 0, '', 0),
(983, 0, 604, 247, '', 0, 0, 0, 0, '', 0),
(984, 0, 604, 247, '', 0, 0, 0, 0, '', 0),
(985, 0, 604, 247, '', 0, 0, 0, 0, '', 0),
(986, 0, 604, 247, '', 0, 0, 0, 0, '', 0),
(987, 0, 604, 247, '', 0, 0, 0, 0, '', 0),
(988, 0, 604, 247, '', 0, 0, 0, 0, '', 0),
(989, 0, 604, 247, '', 0, 0, 0, 0, '', 0),
(990, 0, 604, 247, '', 0, 0, 0, 0, '', 0),
(991, 0, 604, 247, '', 0, 0, 0, 0, '', 0),
(992, 0, 604, 247, '', 0, 0, 0, 0, '', 0),
(993, 0, 604, 247, '', 0, 0, 0, 0, '', 0),
(994, 0, 604, 247, '', 0, 0, 0, 0, '', 0),
(995, 0, 604, 247, '', 0, 0, 0, 0, '', 0),
(996, 0, 604, 247, '', 0, 0, 0, 0, '', 0),
(997, 116, 604, 247, '', 10, 1, 0, 0, '', 0),
(998, 116, 604, 247, '', 8, 1, 0, 0, '', 0),
(999, 116, 604, 247, '', 6, 1, 0, 0, '', 0),
(1000, 116, 604, 247, '', 4, 1, 0, 0, '', 0),
(1001, 116, 604, 247, '', 10, 2, 0, 0, '', 0),
(1002, 116, 604, 247, '', 8, 2, 0, 0, '', 0),
(1003, 116, 604, 247, '', 6, 2, 0, 0, '', 0),
(1004, 116, 604, 247, '', 4, 2, 0, 0, '', 0),
(1005, 116, 604, 868, '', 9, 1, 0, 4, '', 0),
(1006, 116, 604, 868, '', 7, 1, 0, 4, '', 0),
(1007, 116, 604, 868, '', 5, 1, 0, 4, '', 0),
(1008, 116, 604, 20287, '', 0, 0, 0, 0, ':w=7,0 l=30,42 r', 0),
(1009, 0, 604, 1562, '', 0, 0, 0, 0, '', 0),
(1010, 0, 604, 1562, '', 0, 0, 0, 0, '', 0),
(1011, 0, 604, 1562, '', 0, 0, 0, 0, '', 0),
(1012, 0, 604, 1562, '', 0, 0, 0, 0, '', 0),
(1013, 0, 604, 1562, '', 0, 0, 0, 0, '', 0),
(1014, 0, 604, 1562, '', 0, 0, 0, 0, '', 0),
(1015, 0, 604, 1562, '', 0, 0, 0, 0, '', 0),
(1016, 0, 604, 1562, '', 0, 0, 0, 0, '', 0),
(1017, 0, 604, 1562, '', 0, 0, 0, 0, '', 0),
(1018, 0, 604, 1562, '', 0, 0, 0, 0, '', 0),
(1019, 0, 604, 1562, '', 0, 0, 0, 0, '', 0),
(1020, 0, 604, 1562, '', 0, 0, 0, 0, '', 0),
(1021, 0, 604, 1562, '', 0, 0, 0, 0, '', 0),
(1022, 0, 604, 1562, '', 0, 0, 0, 0, '', 0),
(1024, 106, 603, 1100, '0', 15, 1, 4, 4, '', 0),
(1023, 106, 603, 1100, '0', 8, 8, 0, 4, '', 0),
(1025, 0, 606, 762, '', 0, 0, 0, 0, '', 0),
(1026, 106, 603, 764, '', 7, 8, 0, 2, '', 0),
(1027, 106, 603, 764, '', 9, 8, 0, 2, '', 0),
(1028, 0, 625, 19896, '0', 0, 0, 0, 0, '', 0),
(1029, 0, 625, 19894, '0', 0, 0, 0, 0, '', 0),
(1030, 0, 625, 19926, '0', 0, 0, 0, 0, '', 0),
(1032, 106, 603, 413, '1', 16, 1, 4, 4, '', 0),
(1033, 106, 603, 414, '1', 14, 1, 4, 4, '', 0),
(1034, 0, 603, 416, '1', 0, 0, 0, 0, '', 0),
(1035, 158, 619, 1000, '', 7, 1, 0, 0, '', 0),
(1036, 158, 619, 1000, '', 4, 1, 0, 0, '', 0),
(1037, 158, 619, 1000, '', 1, 1, 0, 0, '', 0),
(1038, 158, 619, 1000, '', 1, 3, 0, 0, '', 0),
(1039, 158, 619, 1000, '', 4, 6, 0, 0, '', 0),
(1040, 158, 619, 1000, '', 1, 6, 0, 0, '', 0),
(1041, 158, 619, 1000, '', 6, 9, 0, 0, '', 0),
(1042, 158, 619, 1000, '', 4, 9, 0, 0, '', 0),
(1043, 158, 619, 1000, '', 1, 9, 0, 0, '', 0),
(1044, 158, 619, 1000, '', 1, 15, 0, 0, '', 0),
(1045, 158, 619, 1000, '', 1, 12, 0, 0, '', 0),
(1046, 158, 619, 1000, '', 3, 12, 0, 0, '', 0),
(1047, 158, 619, 1000, '', 6, 12, 0, 0, '', 0),
(1048, 158, 619, 1000, '', 3, 15, 0, 0, '', 0),
(1049, 158, 619, 1000, '', 6, 15, 0, 0, '', 0),
(1050, 158, 619, 1000, '', 6, 18, 0, 0, '', 0),
(1051, 158, 619, 1000, '', 4, 18, 0, 0, '', 0),
(1052, 158, 619, 1000, '', 1, 18, 0, 0, '', 0),
(1053, 106, 606, 1522, '1', 4, 21, 0, 0, '', 0),
(1054, 106, 606, 1522, '1', 3, 25, 0, 0, '', 0),
(1056, 0, 603, 20207, '0', 0, 0, 0, 0, '', 0),
(1055, 0, 603, 20207, '0', 0, 0, 0, 0, '', 0),
(1058, 170, 603, 20207, '0', 1, 10, 0, 2, '', 0),
(1057, 106, 603, 20207, '0', 7, 1, 4, 4, '', 0),
(1059, 106, 606, 1522, '1', 11, 21, 0, 0, '', 0),
(1060, 106, 606, 1522, '1', 14, 24, 0, 0, '', 0),
(1061, 106, 606, 1522, '1', 2, 13, 0, 0, '', 0),
(1062, 106, 606, 1522, '1', 3, 10, 0, 0, '', 0),
(1063, 106, 606, 1522, '1', 12, 10, 0, 0, '', 0),
(1064, 106, 606, 1522, '1', 15, 13, 0, 0, '', 0),
(1065, 0, 619, 1000, '', 0, 0, 0, 0, '', 0),
(1066, 0, 619, 1000, '', 0, 0, 0, 0, '', 0),
(1067, 0, 619, 1000, '', 0, 0, 0, 0, '', 0),
(1068, 0, 619, 1000, '', 0, 0, 0, 0, '', 0),
(1069, 0, 619, 1000, '', 0, 0, 0, 0, '', 0),
(1070, 0, 619, 1000, '', 0, 0, 0, 0, '', 0),
(1071, 0, 607, 320, '0', 0, 0, 0, 0, '', 0),
(1072, 0, 607, 320, '0', 0, 0, 0, 0, '', 0),
(1073, 0, 607, 320, '0', 0, 0, 0, 0, '', 0),
(1077, 150, 607, 142, '', 2, 21, 1, 0, '', 0),
(1076, 150, 607, 1805, '2,1,2,#0053F7,81', 0, 0, 0, 0, ':w=11,8 l=6,19 r', 0),
(1078, 150, 607, 142, '', 24, 20, 0, 0, '', 0),
(1079, 150, 607, 142, '', 23, 23, 0, 0, '', 0),
(1080, 150, 607, 142, '', 17, 20, 1, 0, '', 0),
(1081, 150, 607, 142, '', 15, 24, 0, 0, '', 0),
(1082, 150, 607, 142, '', 19, 18, 1, 0, '', 0),
(1083, 150, 607, 142, '', 23, 12, 0, 0, '', 0),
(1084, 150, 607, 142, '', 20, 25, 0, 0, '', 0),
(1085, 150, 607, 142, '', 13, 20, 1, 0, '', 0),
(1086, 150, 607, 142, '', 11, 24, 1.01, 0, '', 0),
(1087, 160, 607, 33803, '', 15, 11, 0, 0, '', 0),
(1088, 160, 607, 33803, '', 15, 9, 0, 0, '', 0),
(1089, 160, 607, 33803, '', 13, 9, 0, 0, '', 0),
(1090, 160, 607, 33803, '', 11, 9, 0, 0, '', 0),
(1091, 160, 607, 33803, '', 9, 9, 0, 0, '', 0),
(1092, 160, 607, 33803, '', 7, 9, 0, 0, '', 0),
(1093, 160, 607, 33803, '', 5, 9, 0, 0, '', 0),
(1094, 160, 607, 33803, '', 3, 9, 0, 0, '', 0),
(1095, 160, 607, 33803, '', 1, 9, 0, 0, '', 0),
(1096, 160, 607, 33803, '', 1, 7, 0, 0, '', 0),
(1097, 160, 607, 33803, '', 3, 7, 0, 0, '', 0),
(1098, 160, 607, 33803, '', 5, 7, 0, 0, '', 0),
(1099, 160, 607, 33803, '', 7, 7, 0, 0, '', 0),
(1100, 160, 607, 33803, '', 9, 7, 0, 0, '', 0),
(1101, 160, 607, 33803, '', 11, 7, 0, 0, '', 0),
(1102, 160, 607, 33803, '', 13, 7, 0, 0, '', 0),
(1103, 160, 607, 33803, '', 15, 7, 0, 0, '', 0),
(1104, 160, 607, 33803, '', 15, 5, 0, 0, '', 0),
(1105, 160, 607, 33803, '', 13, 5, 0, 0, '', 0),
(1106, 160, 607, 33803, '', 11, 5, 0, 0, '', 0),
(1107, 160, 607, 33803, '', 9, 5, 0, 0, '', 0),
(1108, 160, 607, 33803, '', 7, 5, 0, 0, '', 0),
(1109, 160, 607, 33803, '', 5, 5, 0, 0, '', 0),
(1110, 160, 607, 33803, '', 3, 5, 0, 0, '', 0),
(1111, 160, 607, 33803, '', 1, 5, 0, 0, '', 0),
(1112, 160, 607, 33803, '', 1, 3, 0, 0, '', 0),
(1113, 160, 607, 33803, '', 2, 3, 0, 0, '', 0),
(1114, 160, 607, 33803, '', 3, 3, 0, 0, '', 0),
(1115, 160, 607, 33803, '', 5, 3, 0, 0, '', 0),
(1116, 160, 607, 33803, '', 7, 3, 0, 0, '', 0),
(1117, 160, 607, 33803, '', 9, 3, 0, 0, '', 0),
(1118, 160, 607, 33803, '', 11, 3, 0, 0, '', 0),
(1119, 160, 607, 33803, '', 13, 3, 0, 0, '', 0),
(1120, 160, 607, 33803, '', 15, 3, 0, 0, '', 0),
(1121, 160, 607, 33803, '', 15, 1, 0, 0, '', 0),
(1122, 160, 607, 33803, '', 13, 1, 0, 0, '', 0),
(1123, 160, 607, 33803, '', 11, 1, 0, 0, '', 0),
(1124, 160, 607, 33803, '', 9, 1, 0, 0, '', 0),
(1125, 160, 607, 33803, '', 7, 1, 0, 0, '', 0),
(1126, 160, 607, 33803, '', 5, 1, 0, 0, '', 0),
(1127, 160, 607, 33803, '', 3, 1, 0, 0, '', 0),
(1128, 160, 607, 33803, '', 1, 1, 0, 0, '', 0),
(1129, 160, 607, 33803, '', 12, 17, 0, 0, '', 0),
(1130, 160, 607, 33803, '', 10, 17, 0, 0, '', 0),
(1131, 160, 607, 33803, '', 8, 17, 0, 0, '', 0);
INSERT INTO `items` (`id`, `room_id`, `user_id`, `base_item`, `extra_data`, `x`, `y`, `z`, `rot`, `wall_pos`, `fw_count`) VALUES
(1132, 160, 607, 33803, '', 6, 16, 0, 0, '', 0),
(1133, 160, 607, 33803, '', 4, 16, 0, 0, '', 0),
(1134, 160, 607, 33803, '', 6, 17, 0, 0, '', 0),
(1135, 160, 607, 33803, '', 4, 17, 0, 0, '', 0),
(1136, 160, 607, 33803, '', 1, 17, 0, 0, '', 0),
(1137, 160, 607, 33803, '', 2, 17, 0, 0, '', 0),
(1138, 160, 607, 33803, '', 1, 15, 0, 0, '', 0),
(1139, 160, 607, 33803, '', 3, 15, 0, 0, '', 0),
(1140, 160, 607, 33803, '', 5, 15, 0, 0, '', 0),
(1141, 160, 607, 33803, '', 7, 15, 0, 0, '', 0),
(1142, 160, 607, 33803, '', 9, 15, 0, 0, '', 0),
(1143, 160, 607, 33803, '', 11, 15, 0, 0, '', 0),
(1144, 160, 607, 33803, '', 11, 14, 0, 0, '', 0),
(1145, 160, 607, 33803, '', 13, 15, 0, 0, '', 0),
(1146, 160, 607, 33803, '', 15, 15, 0, 0, '', 0),
(1147, 160, 607, 33803, '', 15, 13, 0, 0, '', 0),
(1148, 160, 607, 33803, '', 13, 13, 0, 0, '', 0),
(1149, 160, 607, 33803, '', 11, 13, 0, 0, '', 0),
(1150, 160, 607, 33803, '', 9, 13, 0, 0, '', 0),
(1151, 160, 607, 33803, '', 7, 13, 0, 0, '', 0),
(1152, 160, 607, 33803, '', 5, 13, 0, 0, '', 0),
(1153, 160, 607, 33803, '', 3, 13, 0, 0, '', 0),
(1154, 160, 607, 33803, '', 1, 13, 0, 0, '', 0),
(1155, 160, 607, 33803, '', 1, 11, 0, 0, '', 0),
(1156, 160, 607, 33803, '', 3, 11, 0, 0, '', 0),
(1157, 160, 607, 33803, '', 5, 11, 0, 0, '', 0),
(1158, 160, 607, 33803, '', 7, 11, 0, 0, '', 0),
(1159, 160, 607, 33803, '', 9, 11, 0, 0, '', 0),
(1160, 160, 607, 33803, '', 11, 11, 0, 0, '', 0),
(1161, 160, 607, 33803, '', 11, 21, 0, 0, '', 0),
(1162, 160, 607, 33803, '', 9, 21, 0, 0, '', 0),
(1163, 160, 607, 33803, '', 7, 21, 0, 0, '', 0),
(1164, 160, 607, 33803, '', 5, 21, 0, 0, '', 0),
(1165, 160, 607, 33803, '', 3, 21, 0, 0, '', 0),
(1166, 160, 607, 33803, '', 3, 23, 0, 0, '', 0),
(1167, 160, 607, 33803, '', 3, 25, 0, 0, '', 0),
(1168, 160, 607, 33803, '', 1, 25, 0, 0, '', 0),
(1169, 160, 607, 33803, '', 1, 23, 0, 0, '', 0),
(1170, 160, 607, 33803, '', 1, 21, 0, 0, '', 0),
(1171, 160, 607, 33803, '', 1, 19, 0, 0, '', 0),
(1172, 160, 607, 33803, '', 3, 19, 0, 0, '', 0),
(1173, 160, 607, 33803, '', 5, 19, 0, 0, '', 0),
(1174, 160, 607, 33803, '', 7, 19, 0, 0, '', 0),
(1175, 160, 607, 33803, '', 9, 19, 0, 0, '', 0),
(1176, 160, 607, 33803, '', 11, 19, 0, 0, '', 0),
(1177, 160, 607, 33803, '', 13, 19, 0, 0, '', 0),
(1178, 160, 607, 33803, '', 15, 19, 0, 0, '', 0),
(1179, 160, 607, 33803, '', 14, 16, 0, 0, '', 0),
(1180, 160, 607, 33803, '', 15, 17, 0, 0, '', 0),
(1181, 160, 607, 33803, '', 14, 17, 0, 0, '', 0),
(1182, 160, 607, 33803, '', 12, 15, 0, 0, '', 0),
(1183, 160, 607, 33803, '', 10, 16, 0, 0, '', 0),
(1184, 160, 607, 33803, '', 8, 16, 0, 0, '', 0),
(1185, 160, 607, 33803, '', 7, 25, 0, 0, '', 0),
(1186, 160, 607, 33803, '', 5, 25, 0, 0, '', 0),
(1187, 160, 607, 33803, '', 5, 23, 0, 0, '', 0),
(1188, 160, 607, 33803, '', 7, 23, 0, 0, '', 0),
(1189, 160, 607, 33803, '', 9, 23, 0, 0, '', 0),
(1190, 160, 607, 33803, '', 11, 23, 0, 0, '', 0),
(1191, 160, 607, 33803, '', 13, 23, 0, 0, '', 0),
(1192, 160, 607, 33803, '', 15, 23, 0, 0, '', 0),
(1193, 160, 607, 33803, '', 15, 21, 0, 0, '', 0),
(1194, 160, 607, 33803, '', 13, 21, 0, 0, '', 0),
(1195, 160, 607, 33803, '', 13, 18, 0, 0, '', 0),
(1196, 160, 607, 33803, '', 11, 18, 0, 0, '', 0),
(1197, 160, 607, 33803, '', 9, 18, 0, 0, '', 0),
(1198, 160, 607, 33803, '', 7, 18, 0, 0, '', 0),
(1199, 160, 607, 33803, '', 5, 18, 0, 0, '', 0),
(1200, 160, 607, 33803, '', 3, 18, 0, 0, '', 0),
(1201, 0, 607, 33803, '', 0, 0, 0, 0, '', 0),
(1202, 0, 607, 33803, '', 0, 0, 0, 0, '', 0),
(1203, 0, 607, 33803, '', 0, 0, 0, 0, '', 0),
(1204, 160, 607, 33803, '', 14, 24, 0, 0, '', 0),
(1205, 160, 607, 33803, '', 15, 25, 0, 0, '', 0),
(1206, 160, 607, 33803, '', 14, 25, 0, 0, '', 0),
(1207, 160, 607, 33803, '', 11, 25, 0, 0, '', 0),
(1208, 160, 607, 33803, '', 12, 25, 0, 0, '', 0),
(1209, 160, 607, 33803, '', 9, 25, 0, 0, '', 0),
(1210, 159, 626, 33804, '', 4, 1, 0, 2, '', 0),
(1211, 159, 626, 33804, '', 1, 1, 0, 2, '', 0),
(1212, 159, 626, 33805, '', 3, 2, 0, 4, '', 0),
(1213, 159, 626, 33802, '', 2, 1, 0, 2, '', 0),
(1214, 0, 626, 30150, '', 0, 0, 0, 0, '', 0),
(1215, 0, 626, 30150, '', 0, 0, 0, 0, '', 0),
(1217, 0, 626, 178, '0', 0, 0, 0, 0, '', 0),
(1216, 0, 626, 178, '0', 0, 0, 0, 0, '', 0),
(1219, 159, 626, 20046, '0', 3, 7, 0, 2, '', 0),
(1218, 159, 626, 20046, '0', 2, 1, 0.01, 4, '', 0),
(1221, 159, 626, 20046, '0', 1, 7, 0, 2, '', 0),
(1220, 159, 626, 20046, '0', 3, 1, 0.01, 4, '', 0),
(1222, 159, 626, 33802, '', 3, 1, 0, 2, '', 0),
(1223, 159, 626, 33805, '', 2, 2, 0, 4, '', 0),
(1224, 166, 605, 247, '', 4, 1, 0, 0, '', 0),
(1225, 166, 605, 668, '', 10, 1, 0, 0, '', 0),
(1226, 166, 605, 448, '', 8, 1, 0, 0, '', 0),
(1227, 166, 605, 667, '', 6, 1, 0, 0, '', 0),
(1228, 166, 605, 667, '', 8, 3, 0, 0, '', 0),
(1229, 166, 605, 448, '', 6, 3, 0, 0, '', 0),
(1230, 166, 605, 668, '', 4, 3, 0, 0, '', 0),
(1231, 166, 605, 247, '', 10, 3, 0, 0, '', 0),
(1232, 166, 605, 1221, '', 6, 8, 0, 0, '', 0),
(1233, 166, 605, 1221, '', 6, 10, 0, 0, '', 0),
(1234, 166, 605, 1221, '', 8, 10, 0, 0, '', 0),
(1235, 166, 605, 1221, '', 8, 8, 0, 0, '', 0),
(1236, 166, 605, 1221, '', 8, 6, 0, 0, '', 0),
(1237, 166, 605, 1221, '', 6, 6, 0, 0, '', 0),
(1238, 166, 605, 1221, '', 4, 6, 0, 0, '', 0),
(1239, 166, 605, 1221, '', 4, 8, 0, 0, '', 0),
(1240, 166, 605, 1221, '', 4, 10, 0, 0, '', 0),
(1241, 166, 605, 1221, '', 4, 12, 0, 0, '', 0),
(1242, 166, 605, 1221, '', 6, 12, 0, 0, '', 0),
(1243, 166, 605, 1221, '', 8, 12, 0, 0, '', 0),
(1244, 166, 605, 1221, '', 10, 12, 0, 0, '', 0),
(1245, 166, 605, 1221, '', 10, 11, 0, 0, '', 0),
(1246, 166, 605, 1221, '', 10, 9, 0, 0, '', 0),
(1247, 166, 605, 1221, '', 10, 7, 0, 0, '', 0),
(1248, 166, 605, 1221, '', 10, 5, 0, 0, '', 0),
(1249, 166, 605, 1221, '', 8, 5, 0, 0, '', 0),
(1250, 166, 605, 1221, '', 6, 5, 0, 0, '', 0),
(1251, 166, 605, 1221, '', 4, 5, 0, 0, '', 0),
(1252, 166, 605, 347, '', 11, 13, 0, 0, '', 0),
(1253, 166, 605, 344, '', 4, 12, 0, 6, '', 0),
(1254, 166, 605, 345, '', 11, 12, 0, 6, '', 0),
(1255, 166, 605, 346, '', 4, 13, 0, 0, '', 0),
(1256, 166, 605, 342, '', 5, 13, 0, 0, '', 0),
(1257, 166, 605, 341, '', 6, 13, 0, 0, '', 0),
(1258, 166, 605, 343, '', 7, 13, 0, 0, '', 0),
(1259, 166, 605, 340, '', 8, 13, 0, 0, '', 0),
(1260, 166, 605, 339, '', 9, 13, 0, 0, '', 0),
(1261, 166, 605, 338, '', 10, 13, 0, 0, '', 0),
(1262, 0, 626, 1113, '', 0, 0, 0, 0, '', 0),
(1263, 0, 626, 1720, '', 0, 0, 0, 0, '', 0),
(1264, 0, 626, 1789, '', 0, 0, 0, 0, '', 0),
(1265, 0, 626, 20290, '', 0, 0, 0, 0, '', 0),
(1266, 0, 626, 20214, '', 0, 0, 0, 0, '', 0),
(1267, 0, 626, 247, '', 0, 0, 0, 0, '', 0),
(1268, 0, 626, 247, '', 0, 0, 0, 0, '', 0),
(1269, 0, 626, 247, '', 0, 0, 0, 0, '', 0),
(1270, 0, 626, 247, '', 0, 0, 0, 0, '', 0),
(1271, 0, 626, 247, '', 0, 0, 0, 0, '', 0),
(1272, 0, 626, 247, '', 0, 0, 0, 0, '', 0),
(1273, 0, 626, 247, '', 0, 0, 0, 0, '', 0),
(1274, 0, 626, 247, '', 0, 0, 0, 0, '', 0),
(1275, 0, 626, 247, '', 0, 0, 0, 0, '', 0),
(1276, 0, 626, 247, '', 0, 0, 0, 0, '', 0),
(1277, 0, 626, 247, '', 0, 0, 0, 0, '', 0),
(1278, 0, 626, 247, '', 0, 0, 0, 0, '', 0),
(1279, 0, 626, 247, '', 0, 0, 0, 0, '', 0),
(1280, 0, 626, 247, '', 0, 0, 0, 0, '', 0),
(1281, 0, 626, 247, '', 0, 0, 0, 0, '', 0),
(1282, 0, 626, 247, '', 0, 0, 0, 0, '', 0),
(1283, 0, 626, 247, '', 0, 0, 0, 0, '', 0),
(1284, 0, 626, 247, '', 0, 0, 0, 0, '', 0),
(1285, 0, 626, 247, '', 0, 0, 0, 0, '', 0),
(1286, 0, 626, 247, '', 0, 0, 0, 0, '', 0),
(1287, 0, 626, 247, '', 0, 0, 0, 0, '', 0),
(1288, 0, 626, 247, '', 0, 0, 0, 0, '', 0),
(1289, 0, 626, 247, '', 0, 0, 0, 0, '', 0),
(1290, 0, 626, 247, '', 0, 0, 0, 0, '', 0),
(1291, 0, 626, 247, '', 0, 0, 0, 0, '', 0),
(1292, 0, 626, 247, '', 0, 0, 0, 0, '', 0),
(1293, 0, 626, 247, '', 0, 0, 0, 0, '', 0),
(1294, 0, 626, 247, '', 0, 0, 0, 0, '', 0),
(1295, 0, 626, 247, '', 0, 0, 0, 0, '', 0),
(1296, 0, 626, 247, '', 0, 0, 0, 0, '', 0),
(1297, 0, 626, 247, '', 0, 0, 0, 0, '', 0),
(1298, 0, 626, 247, '', 0, 0, 0, 0, '', 0),
(1299, 0, 626, 247, '', 0, 0, 0, 0, '', 0),
(1300, 0, 626, 247, '', 0, 0, 0, 0, '', 0),
(1301, 0, 626, 247, '', 0, 0, 0, 0, '', 0),
(1302, 0, 626, 247, '', 0, 0, 0, 0, '', 0),
(1303, 0, 626, 247, '', 0, 0, 0, 0, '', 0),
(1304, 0, 626, 247, '', 0, 0, 0, 0, '', 0),
(1305, 0, 626, 247, '', 0, 0, 0, 0, '', 0),
(1306, 0, 626, 247, '', 0, 0, 0, 0, '', 0),
(1307, 0, 626, 247, '', 0, 0, 0, 0, '', 0),
(1308, 0, 626, 247, '', 0, 0, 0, 0, '', 0),
(1309, 0, 626, 247, '', 0, 0, 0, 0, '', 0),
(1310, 0, 626, 247, '', 0, 0, 0, 0, '', 0),
(1311, 0, 626, 247, '', 0, 0, 0, 0, '', 0),
(1312, 0, 626, 247, '', 0, 0, 0, 0, '', 0),
(1313, 0, 626, 247, '', 0, 0, 0, 0, '', 0),
(1314, 0, 626, 247, '', 0, 0, 0, 0, '', 0),
(1315, 0, 626, 247, '', 0, 0, 0, 0, '', 0),
(1316, 0, 626, 247, '', 0, 0, 0, 0, '', 0),
(1317, 0, 626, 247, '', 0, 0, 0, 0, '', 0),
(1318, 0, 626, 247, '', 0, 0, 0, 0, '', 0),
(1319, 0, 626, 247, '', 0, 0, 0, 0, '', 0),
(1320, 0, 626, 247, '', 0, 0, 0, 0, '', 0),
(1321, 0, 626, 247, '', 0, 0, 0, 0, '', 0),
(1322, 0, 626, 247, '', 0, 0, 0, 0, '', 0),
(1323, 0, 626, 247, '', 0, 0, 0, 0, '', 0),
(1324, 0, 626, 247, '', 0, 0, 0, 0, '', 0),
(1325, 0, 626, 247, '', 0, 0, 0, 0, '', 0),
(1326, 0, 626, 247, '', 0, 0, 0, 0, '', 0),
(1327, 0, 626, 247, '', 0, 0, 0, 0, '', 0),
(1328, 0, 626, 247, '', 0, 0, 0, 0, '', 0),
(1329, 0, 626, 247, '', 0, 0, 0, 0, '', 0),
(1330, 0, 626, 247, '', 0, 0, 0, 0, '', 0),
(1331, 0, 626, 247, '', 0, 0, 0, 0, '', 0),
(1332, 0, 626, 247, '', 0, 0, 0, 0, '', 0),
(1333, 0, 626, 247, '', 0, 0, 0, 0, '', 0),
(1334, 0, 626, 247, '', 0, 0, 0, 0, '', 0),
(1335, 0, 626, 247, '', 0, 0, 0, 0, '', 0),
(1336, 0, 626, 247, '', 0, 0, 0, 0, '', 0),
(1337, 0, 626, 247, '', 0, 0, 0, 0, '', 0),
(1338, 0, 626, 247, '', 0, 0, 0, 0, '', 0),
(1339, 0, 626, 247, '', 0, 0, 0, 0, '', 0),
(1340, 0, 626, 247, '', 0, 0, 0, 0, '', 0),
(1341, 0, 626, 247, '', 0, 0, 0, 0, '', 0),
(1342, 0, 626, 247, '', 0, 0, 0, 0, '', 0),
(1343, 0, 626, 247, '', 0, 0, 0, 0, '', 0),
(1344, 0, 626, 247, '', 0, 0, 0, 0, '', 0),
(1345, 0, 626, 247, '', 0, 0, 0, 0, '', 0),
(1346, 0, 626, 247, '', 0, 0, 0, 0, '', 0),
(1347, 0, 626, 247, '', 0, 0, 0, 0, '', 0),
(1348, 0, 626, 247, '', 0, 0, 0, 0, '', 0),
(1349, 0, 626, 247, '', 0, 0, 0, 0, '', 0),
(1350, 0, 626, 247, '', 0, 0, 0, 0, '', 0),
(1351, 0, 626, 247, '', 0, 0, 0, 0, '', 0),
(1352, 0, 626, 247, '', 0, 0, 0, 0, '', 0),
(1353, 0, 626, 247, '', 0, 0, 0, 0, '', 0),
(1354, 0, 626, 247, '', 0, 0, 0, 0, '', 0),
(1355, 0, 626, 247, '', 0, 0, 0, 0, '', 0),
(1356, 0, 626, 247, '', 0, 0, 0, 0, '', 0),
(1357, 0, 626, 247, '', 0, 0, 0, 0, '', 0),
(1358, 0, 626, 247, '', 0, 0, 0, 0, '', 0),
(1359, 0, 626, 247, '', 0, 0, 0, 0, '', 0),
(1360, 0, 626, 247, '', 0, 0, 0, 0, '', 0),
(1361, 0, 626, 247, '', 0, 0, 0, 0, '', 0),
(1362, 0, 626, 247, '', 0, 0, 0, 0, '', 0),
(1363, 0, 626, 247, '', 0, 0, 0, 0, '', 0),
(1364, 0, 626, 247, '', 0, 0, 0, 0, '', 0),
(1365, 0, 626, 247, '', 0, 0, 0, 0, '', 0),
(1366, 0, 626, 247, '', 0, 0, 0, 0, '', 0),
(1367, 166, 605, 416, '1', 8, 9, 0, 4, '', 0),
(1368, 0, 626, 253, '', 0, 0, 0, 0, '', 0),
(1369, 0, 626, 227, '', 0, 0, 0, 0, '', 0),
(1370, 0, 626, 227, '', 0, 0, 0, 0, '', 0),
(1371, 0, 626, 342, '', 0, 0, 0, 0, '', 0),
(1372, 0, 626, 342, '', 0, 0, 0, 0, '', 0),
(1373, 0, 626, 342, '', 0, 0, 0, 0, '', 0),
(1374, 0, 626, 342, '', 0, 0, 0, 0, '', 0),
(1375, 0, 626, 342, '', 0, 0, 0, 0, '', 0),
(1376, 0, 626, 342, '', 0, 0, 0, 0, '', 0),
(1377, 0, 626, 342, '', 0, 0, 0, 0, '', 0),
(1378, 0, 626, 342, '', 0, 0, 0, 0, '', 0),
(1379, 0, 607, 90081, '', 0, 0, 0, 0, '', 0),
(1380, 0, 607, 90081, '', 0, 0, 0, 0, '', 0),
(1381, 0, 607, 90081, '', 0, 0, 0, 0, '', 0),
(1382, 0, 607, 90081, '', 0, 0, 0, 0, '', 0),
(1383, 0, 607, 90081, '', 0, 0, 0, 0, '', 0),
(1384, 0, 607, 90081, '', 0, 0, 0, 0, '', 0),
(1385, 0, 607, 90081, '', 0, 0, 0, 0, '', 0),
(1386, 0, 607, 90081, '', 0, 0, 0, 0, '', 0),
(1387, 0, 607, 90081, '', 0, 0, 0, 0, '', 0),
(1388, 0, 607, 90081, '', 0, 0, 0, 0, '', 0),
(1389, 0, 607, 90081, '', 0, 0, 0, 0, '', 0),
(1390, 0, 607, 90081, '', 0, 0, 0, 0, '', 0),
(1391, 0, 607, 90081, '', 0, 0, 0, 0, '', 0),
(1392, 0, 607, 90081, '', 0, 0, 0, 0, '', 0),
(1393, 0, 607, 90081, '', 0, 0, 0, 0, '', 0),
(1394, 0, 607, 90081, '', 0, 0, 0, 0, '', 0),
(1395, 0, 607, 90081, '', 0, 0, 0, 0, '', 0),
(1396, 0, 607, 90081, '', 0, 0, 0, 0, '', 0),
(1397, 0, 607, 90081, '', 0, 0, 0, 0, '', 0),
(1398, 0, 607, 90081, '', 0, 0, 0, 0, '', 0),
(1400, 0, 631, 320, '0', 0, 0, 0, 0, '', 0),
(1399, 0, 607, 90081, '', 0, 0, 0, 0, '', 0),
(1401, 163, 629, 33803, '', 3, 6, 0, 0, '', 0),
(1402, 163, 629, 33803, '', 1, 6, 0, 0, '', 0),
(1403, 163, 629, 33803, '', 1, 5, 0, 0, '', 0),
(1404, 163, 629, 33803, '', 1, 1, 0, 0, '', 0),
(1405, 163, 629, 33803, '', 1, 3, 0, 0, '', 0),
(1406, 0, 631, 320, '0', 0, 0, 0, 0, '', 0),
(1407, 163, 629, 33803, '', 3, 1, 0, 0, '', 0),
(1408, 163, 629, 33803, '', 3, 4, 0, 0, '', 0),
(1409, 163, 629, 33803, '', 3, 2, 0, 0, '', 0),
(1410, 163, 629, 33803, '', 4, 1, 0, 0, '', 0),
(1411, 163, 629, 33803, '', 4, 2, 0, 0, '', 0),
(1412, 163, 629, 33803, '', 4, 4, 0, 0, '', 0),
(1413, 163, 629, 33803, '', 4, 6, 0, 0, '', 0),
(1414, 163, 629, 33806, '', 1, 3, 0.01, 2, '', 0),
(1415, 163, 629, 33804, '', 1, 2, 0, 0, '', 0),
(1416, 163, 629, 33804, '', 1, 5, 0.02, 0, '', 0),
(1417, 0, 631, 334, '', 0, 0, 0, 0, '', 0),
(1418, 163, 629, 33807, '', 4, 4, 0.01, 0, '', 0),
(1419, 163, 629, 33808, '', 1, 5, 0.01, 0, '', 0),
(1420, 163, 629, 33807, '', 4, 6, 0.01, 0, '', 0),
(1422, 163, 629, 33807, '', 1, 6, 0.01, 0, '', 0),
(1423, 163, 629, 33807, '', 3, 6, 0.01, 0, '', 0),
(1424, 163, 629, 33807, '', 2, 2, 0, 0, '', 0),
(1425, 163, 629, 33807, '', 2, 4, 0, 0, '', 0),
(1426, 163, 629, 33808, '', 3, 4, 0.01, 0, '', 0),
(1427, 163, 629, 33807, '', 1, 1, 0.01, 0, '', 0),
(1428, 163, 629, 33807, '', 4, 2, 0.01, 0, '', 0),
(1429, 163, 629, 33807, '', 4, 1, 0.01, 0, '', 0),
(1430, 163, 629, 33807, '', 3, 1, 0.01, 0, '', 0),
(1431, 163, 629, 33805, '', 3, 3, 0, 2, '', 0),
(1432, 163, 629, 33802, '', 3, 4, 0.02, 2, '', 0),
(1433, 163, 629, 33801, '', 0, 0, 0, 0, ':w=0,6 l=24,65 l', 0),
(1434, 163, 629, 33801, '', 0, 0, 0, 0, ':w=0,6 l=15,69 l', 0),
(1435, 163, 629, 33801, '', 0, 0, 0, 0, ':w=2,0 l=24,73 r', 0),
(1436, 163, 629, 33801, '', 0, 0, 0, 0, ':w=0,2 l=20,66 l', 0),
(1437, 163, 629, 33801, '', 0, 0, 0, 0, ':w=4,0 l=20,71 r', 0),
(1439, 0, 629, 320, '0', 0, 0, 0, 0, '', 0),
(1438, 163, 629, 33801, '', 0, 0, 0, 0, ':w=0,4 l=26,64 l', 0),
(1441, 0, 603, 112, '', 0, 0, 0, 0, '', 0),
(1440, 0, 603, 112, '', 0, 0, 0, 0, '', 0),
(1442, 0, 603, 112, '', 0, 0, 0, 0, '', 0),
(1443, 0, 603, 112, '', 0, 0, 0, 0, '', 0),
(1444, 170, 603, 17, '', 5, 10, 3, 0, '', 0),
(1445, 170, 603, 17, '', 4, 10, 2, 0, '', 0),
(1446, 170, 603, 17, '', 3, 10, 1, 0, '', 0),
(1451, 170, 603, 17, '', 6, 10, 2, 0, '', 0),
(1447, 171, 629, 202, '', 5, 10, 0, 0, '', 0),
(1448, 0, 629, 320, '0', 0, 0, 0, 0, '', 0),
(1449, 0, 629, 320, '0', 0, 0, 0, 0, '', 0),
(1450, 0, 629, 320, '0', 0, 0, 0, 0, '', 0),
(1452, 170, 603, 17, '', 7, 10, 2, 0, '', 0),
(1503, 161, 627, 33801, '', 0, 0, 0, 0, ':w=0,4 l=24,65 l', 0),
(1453, 0, 629, 3568279, '', 0, 0, 0, 0, '', 0),
(1454, 170, 603, 17, '', 8, 10, 3, 0, '', 0),
(1455, 170, 603, 17, '', 9, 10, 3, 0, '', 0),
(1456, 0, 603, 1325, '', 0, 0, 0, 0, '', 0),
(1457, 0, 603, 1221, '', 0, 0, 0, 0, '', 0),
(1458, 0, 603, 1221, '', 0, 0, 0, 0, '', 0),
(1459, 170, 603, 1221, '', 9, 8, 2, 0, '', 0),
(1460, 170, 603, 1221, '', 8, 5, 2, 0, '', 0),
(1461, 170, 603, 1221, '', 9, 3, 2, 0, '', 0),
(1462, 170, 603, 1221, '', 9, 1, 2, 0, '', 0),
(1463, 170, 603, 1221, '', 7, 1, 2, 0, '', 0),
(1464, 170, 603, 1221, '', 6, 3, 2, 0, '', 0),
(1465, 170, 603, 1221, '', 9, 4, 2, 0, '', 0),
(1466, 170, 603, 1221, '', 6, 6, 2, 0, '', 0),
(1467, 0, 618, 1410, '', 0, 0, 0, 0, '', 0),
(1468, 0, 618, 1442, '', 0, 0, 0, 0, '', 0),
(1469, 0, 618, 1464, '', 0, 0, 0, 0, '', 0),
(1470, 0, 618, 1377, '', 0, 0, 0, 0, '', 0),
(1471, 0, 618, 1326, '', 0, 0, 0, 0, '', 0),
(1472, 0, 618, 1329, '', 0, 0, 0, 0, '', 0),
(1473, 0, 618, 4568342, '1', 0, 0, 0, 0, '', 0),
(1474, 0, 618, 4568345, '', 0, 0, 0, 0, '', 0),
(1475, 0, 618, 4568345, '', 0, 0, 0, 0, '', 0),
(1476, 0, 618, 4568345, '', 0, 0, 0, 0, '', 0),
(1477, 0, 618, 4568345, '', 0, 0, 0, 0, '', 0),
(1478, 0, 618, 4568345, '', 0, 0, 0, 0, '', 0),
(1479, 0, 618, 4568345, '', 0, 0, 0, 0, '', 0),
(1480, 0, 618, 4568345, '', 0, 0, 0, 0, '', 0),
(1481, 0, 618, 4568345, '', 0, 0, 0, 0, '', 0),
(1490, 0, 618, 868, '', 0, 0, 0, 0, '', 0),
(1482, 0, 618, 4568358, '', 0, 0, 0, 0, '', 0),
(1483, 0, 618, 4568358, '', 0, 0, 0, 0, '', 0),
(1484, 0, 618, 4568358, '', 0, 0, 0, 0, '', 0),
(1489, 0, 618, 868, '', 0, 0, 0, 0, '', 0),
(1485, 0, 618, 4568358, '', 0, 0, 0, 0, '', 0),
(1486, 0, 618, 4568358, '', 0, 0, 0, 0, '', 0),
(1487, 0, 618, 4568358, '', 0, 0, 0, 0, '', 0),
(1488, 0, 618, 4568351, '', 0, 0, 0, 0, '', 0),
(1491, 0, 618, 868, '', 0, 0, 0, 0, '', 0),
(1492, 0, 618, 868, '', 0, 0, 0, 0, '', 0),
(1493, 0, 618, 868, '', 0, 0, 0, 0, '', 0),
(1494, 0, 618, 868, '', 0, 0, 0, 0, '', 0),
(1495, 0, 618, 868, '', 0, 0, 0, 0, '', 0),
(1496, 0, 618, 868, '', 0, 0, 0, 0, '', 0),
(1499, 0, 628, 90081, '', 0, 0, 0, 0, '', 0),
(1498, 0, 618, 20043, '1', 0, 0, 0, 0, '', 0),
(1497, 0, 608, 20341, '10', 0, 0, 0, 0, '', 0),
(1502, 0, 628, 90091, '', 0, 0, 0, 0, '', 0),
(1500, 0, 628, 90087, '0', 0, 0, 0, 0, '', 0),
(1501, 0, 628, 90087, '0', 0, 0, 0, 0, '', 0),
(1505, 161, 627, 33801, '', 0, 0, 0, 0, ':w=2,0 l=11,66 r', 0),
(1506, 161, 627, 33801, '', 0, 0, 0, 0, ':w=4,0 l=15,68 r', 0),
(1507, 161, 627, 33801, '', 0, 0, 0, 0, ':w=0,2 l=20,66 l', 0),
(1508, 161, 627, 33801, '', 0, 0, 0, 0, ':w=0,6 l=11,71 l', 0),
(1509, 161, 627, 33803, '', 3, 1, 0, 0, '', 0),
(1510, 161, 627, 33803, '', 1, 1, 0, 0, '', 0),
(1511, 161, 627, 33807, '', 4, 6, 0, 0, '', 0),
(1512, 161, 627, 33807, '', 3, 6, 0, 0, '', 0),
(1513, 161, 627, 33807, '', 1, 6, 0, 0, '', 0),
(1514, 161, 627, 33807, '', 2, 5, 0, 0, '', 0),
(1515, 161, 627, 33807, '', 4, 5, 0, 0, '', 0),
(1516, 161, 627, 33807, '', 3, 5, 0, 0, '', 0),
(1517, 161, 627, 33807, '', 1, 5, 0, 0, '', 0),
(1518, 161, 627, 33803, '', 4, 3, 0, 0, '', 0),
(1519, 161, 627, 33803, '', 3, 3, 0, 0, '', 0),
(1520, 161, 627, 33803, '', 1, 3, 0, 0, '', 0),
(1521, 161, 627, 33803, '', 4, 1, 0, 0, '', 0),
(1522, 161, 627, 33802, '', 2, 1, 0, 2, '', 0),
(1523, 161, 627, 33802, '', 1, 1, 0.01, 2, '', 0),
(1524, 0, 627, 33806, '', 0, 0, 0, 0, '', 0),
(1525, 0, 627, 33804, '', 0, 0, 0, 0, '', 0),
(1527, 0, 603, 1100, '0', 0, 0, 0, 0, '', 0),
(1526, 0, 603, 1100, '0', 0, 0, 0, 0, '', 0),
(1528, 0, 627, 33804, '', 0, 0, 0, 0, '', 0),
(1530, 0, 603, 180, '0', 0, 0, 0, 0, '', 0),
(1529, 0, 603, 180, '0', 0, 0, 0, 0, '', 0),
(1531, 0, 627, 33805, '', 0, 0, 0, 0, '', 0),
(1533, 0, 603, 178, '0', 0, 0, 0, 0, '', 0),
(1532, 0, 603, 178, '0', 0, 0, 0, 0, '', 0);

-- --------------------------------------------------------

--
-- Estrutura da tabela `item_id_generator`
--

CREATE TABLE IF NOT EXISTS `item_id_generator` (
  `id_generator` int(10) unsigned NOT NULL,
  KEY `id_generator` (`id_generator`)
) ENGINE=MyISAM DEFAULT CHARSET=latin1;

--
-- Extraindo dados da tabela `item_id_generator`
--


-- --------------------------------------------------------

--
-- Estrutura da tabela `messenger_friendships`
--

CREATE TABLE IF NOT EXISTS `messenger_friendships` (
  `user_one_id` int(10) unsigned NOT NULL,
  `user_two_id` int(10) unsigned NOT NULL,
  KEY `user_one_id` (`user_one_id`)
) ENGINE=MyISAM DEFAULT CHARSET=latin1;

--
-- Extraindo dados da tabela `messenger_friendships`
--

INSERT INTO `messenger_friendships` (`user_one_id`, `user_two_id`) VALUES
(1, 4),
(4, 1),
(6, 4),
(4, 6),
(3, 4),
(4, 3),
(6, 1),
(1, 6),
(1, 5),
(5, 1),
(4, 9),
(9, 4),
(32, 4),
(4, 32),
(1, 9),
(9, 1),
(10, 4),
(4, 10),
(4, 17),
(17, 4),
(4, 19),
(19, 4),
(15, 19),
(19, 15),
(15, 4),
(4, 15),
(19, 18),
(18, 19),
(15, 18),
(18, 15),
(4, 18),
(18, 4),
(20, 18),
(18, 20),
(6, 3),
(3, 6),
(6, 15),
(15, 6),
(6, 18),
(18, 6),
(3, 18),
(18, 3),
(18, 25),
(25, 18),
(4, 25),
(25, 4),
(24, 18),
(18, 24),
(15, 25),
(25, 15),
(6, 22),
(22, 6),
(4, 22),
(22, 4),
(4, 28),
(28, 4),
(19, 31),
(31, 19),
(15, 31),
(31, 15),
(18, 31),
(31, 18),
(6, 31),
(31, 6),
(4, 31),
(31, 4),
(15, 22),
(22, 15),
(28, 22),
(22, 28),
(18, 22),
(22, 18),
(31, 22),
(22, 31),
(19, 22),
(22, 19),
(32, 18),
(18, 32),
(33, 18),
(18, 33),
(31, 32),
(32, 31),
(28, 18),
(18, 28),
(28, 32),
(32, 28),
(19, 32),
(32, 19),
(28, 31),
(31, 28),
(15, 32),
(32, 15),
(6, 32),
(32, 6),
(6, 36),
(36, 6),
(6, 19),
(19, 6),
(1, 19),
(19, 1),
(1, 3),
(3, 1),
(38, 1),
(1, 38),
(38, 30),
(30, 38),
(3, 40),
(40, 3),
(6, 40),
(40, 6),
(38, 41),
(41, 38),
(6, 38),
(38, 6),
(5, 31),
(31, 5),
(1, 41),
(41, 1),
(31, 40),
(40, 31),
(15, 40),
(40, 15),
(38, 31),
(31, 38),
(38, 40),
(40, 38),
(4, 40),
(40, 4),
(41, 40),
(40, 41),
(41, 15),
(15, 41),
(4, 43),
(43, 4),
(41, 43),
(43, 41),
(15, 43),
(43, 15),
(6, 43),
(43, 6),
(1, 43),
(43, 1),
(38, 3),
(3, 38),
(4, 38),
(38, 4),
(36, 4),
(4, 36),
(36, 1),
(1, 36),
(36, 40),
(40, 36),
(1, 40),
(40, 1),
(1, 53),
(53, 1),
(40, 43),
(43, 40),
(4, 55),
(55, 4),
(44, 4),
(4, 44),
(40, 59),
(59, 40),
(40, 60),
(60, 40),
(4, 60),
(60, 4),
(4, 62),
(62, 4),
(567, 568),
(568, 567),
(569, 568),
(568, 569),
(569, 567),
(567, 569),
(569, 570),
(570, 569),
(568, 570),
(570, 568),
(568, 573),
(573, 568),
(573, 570),
(570, 573),
(569, 573),
(573, 569),
(579, 573),
(573, 579),
(579, 568),
(568, 579),
(577, 573),
(573, 577),
(577, 568),
(568, 577),
(578, 568),
(568, 578),
(580, 573),
(573, 580),
(582, 568),
(568, 582),
(582, 570),
(570, 582),
(580, 568),
(568, 580),
(573, 582),
(582, 573),
(582, 580),
(580, 582),
(569, 580),
(580, 569),
(578, 569),
(569, 578),
(582, 569),
(569, 582),
(570, 579),
(579, 570),
(579, 580),
(580, 579),
(582, 579),
(579, 582),
(570, 578),
(578, 570),
(581, 568),
(568, 581),
(568, 576),
(576, 568),
(573, 576),
(576, 573),
(577, 579),
(579, 577),
(577, 569),
(569, 577),
(576, 578),
(578, 576),
(584, 582),
(582, 584),
(584, 579),
(579, 584),
(579, 583),
(583, 579),
(582, 583),
(583, 582),
(583, 568),
(568, 583),
(585, 568),
(568, 585),
(585, 583),
(583, 585),
(586, 573),
(573, 586),
(582, 586),
(586, 582),
(568, 586),
(586, 568),
(585, 573),
(573, 585),
(585, 586),
(586, 585),
(583, 586),
(586, 583),
(583, 573),
(573, 583),
(577, 583),
(583, 577),
(579, 586),
(586, 579),
(583, 576),
(576, 583),
(569, 583),
(583, 569),
(585, 569),
(569, 585),
(576, 569),
(569, 576),
(584, 568),
(568, 584),
(585, 578),
(578, 585),
(591, 568),
(568, 591),
(593, 568),
(568, 593),
(593, 577),
(577, 593),
(585, 577),
(577, 585),
(592, 593),
(593, 592),
(592, 568),
(568, 592),
(592, 577),
(577, 592),
(594, 568),
(568, 594),
(585, 594),
(594, 585),
(592, 594),
(594, 592),
(577, 594),
(594, 577),
(598, 599),
(599, 598),
(603, 602),
(602, 603),
(605, 602),
(602, 605),
(605, 603),
(603, 605),
(606, 607),
(607, 606),
(603, 607),
(607, 603),
(605, 607),
(607, 605),
(603, 606),
(606, 603),
(605, 606),
(606, 605),
(608, 606),
(606, 608),
(604, 606),
(606, 604),
(604, 607),
(607, 604),
(608, 604),
(604, 608),
(605, 604),
(604, 605),
(603, 610),
(610, 603),
(605, 610),
(610, 605),
(607, 610),
(610, 607),
(606, 610),
(610, 606),
(611, 603),
(603, 611),
(607, 608),
(608, 607),
(604, 603),
(603, 604),
(612, 607),
(607, 612),
(604, 610),
(610, 604),
(611, 607),
(607, 611),
(612, 606),
(606, 612),
(604, 612),
(612, 604),
(613, 606),
(606, 613),
(613, 603),
(603, 613),
(611, 609),
(609, 611),
(614, 603),
(603, 614),
(605, 613),
(613, 605),
(611, 613),
(613, 611),
(614, 606),
(606, 614),
(615, 603),
(603, 615),
(615, 613),
(613, 615),
(615, 606),
(606, 615),
(605, 609),
(609, 605),
(607, 613),
(613, 607),
(607, 614),
(614, 607),
(603, 609),
(609, 603),
(617, 609),
(609, 617),
(617, 607),
(607, 617),
(618, 607),
(607, 618),
(618, 614),
(614, 618),
(607, 622),
(622, 607),
(622, 603),
(603, 622),
(622, 606),
(606, 622),
(618, 606),
(606, 618),
(618, 603),
(603, 618),
(623, 607),
(607, 623),
(605, 622),
(622, 605),
(605, 618),
(618, 605),
(624, 622),
(622, 624),
(624, 607),
(607, 624),
(619, 606),
(606, 619),
(603, 619),
(619, 603),
(604, 619),
(619, 604),
(624, 619),
(619, 624),
(606, 602),
(602, 606),
(619, 602),
(602, 619),
(607, 602),
(602, 607),
(619, 607),
(607, 619),
(624, 602),
(602, 624),
(617, 619),
(619, 617),
(618, 619),
(619, 618),
(618, 602),
(602, 618),
(602, 622),
(622, 602),
(618, 609),
(609, 618),
(617, 603),
(603, 617),
(602, 609),
(609, 602),
(617, 602),
(602, 617),
(611, 619),
(619, 611),
(625, 607),
(607, 625),
(626, 607),
(607, 626),
(629, 607),
(607, 629),
(628, 607),
(607, 628),
(631, 607),
(607, 631),
(631, 629),
(629, 631),
(631, 603),
(603, 631),
(626, 603),
(603, 626),
(629, 603),
(603, 629),
(622, 618),
(618, 622),
(628, 631),
(631, 628),
(603, 628),
(628, 603),
(632, 607),
(607, 632),
(627, 633),
(633, 627),
(631, 606),
(606, 631),
(633, 607),
(607, 633),
(628, 633),
(633, 628),
(606, 633),
(633, 606),
(618, 633),
(633, 618),
(604, 618),
(618, 604),
(604, 622),
(622, 604),
(608, 612),
(612, 608),
(627, 606),
(606, 627),
(627, 603),
(603, 627),
(633, 603),
(603, 633),
(622, 627),
(627, 622);

-- --------------------------------------------------------

--
-- Estrutura da tabela `messenger_log`
--

CREATE TABLE IF NOT EXISTS `messenger_log` (
  `username` varchar(30) NOT NULL,
  `receiver` varchar(30) default NULL,
  `mtime` time NOT NULL default '00:00:00',
  `message` varchar(200) NOT NULL,
  `invite` tinyint(1) NOT NULL default '0'
) ENGINE=MyISAM DEFAULT CHARSET=latin1;

--
-- Extraindo dados da tabela `messenger_log`
--


-- --------------------------------------------------------

--
-- Estrutura da tabela `messenger_requests`
--

CREATE TABLE IF NOT EXISTS `messenger_requests` (
  `from_id` int(10) unsigned NOT NULL,
  `to_id` int(10) unsigned NOT NULL,
  `id` int(11) unsigned NOT NULL auto_increment,
  PRIMARY KEY  (`id`)
) ENGINE=MyISAM  DEFAULT CHARSET=latin1 AUTO_INCREMENT=323 ;

--
-- Extraindo dados da tabela `messenger_requests`
--

INSERT INTO `messenger_requests` (`from_id`, `to_id`, `id`) VALUES
(43, 42, 104),
(18, 13, 53),
(15, 13, 37),
(32, 13, 64),
(31, 13, 44),
(36, 13, 81),
(22, 37, 69),
(19, 20, 73),
(19, 24, 74),
(19, 16, 75),
(19, 28, 76),
(19, 12, 77),
(19, 14, 78),
(63, 1, 129),
(43, 13, 108),
(579, 569, 145),
(577, 582, 147),
(584, 573, 188),
(576, 579, 183),
(596, 592, 203),
(596, 568, 204),
(602, 604, 207),
(606, 609, 234),
(633, 604, 317),
(613, 609, 242),
(607, 609, 228),
(612, 605, 237),
(619, 609, 287),
(606, 611, 292),
(614, 605, 251),
(622, 626, 307);

-- --------------------------------------------------------

--
-- Estrutura da tabela `moderation_forum_replies`
--

CREATE TABLE IF NOT EXISTS `moderation_forum_replies` (
  `id` int(10) unsigned NOT NULL auto_increment,
  `thread_id` int(10) unsigned NOT NULL,
  `poster` varchar(120) NOT NULL,
  `date` varchar(50) NOT NULL,
  `message` text NOT NULL,
  PRIMARY KEY  (`id`)
) ENGINE=MyISAM DEFAULT CHARSET=latin1 AUTO_INCREMENT=1 ;

--
-- Extraindo dados da tabela `moderation_forum_replies`
--


-- --------------------------------------------------------

--
-- Estrutura da tabela `moderation_forum_threads`
--

CREATE TABLE IF NOT EXISTS `moderation_forum_threads` (
  `id` int(10) unsigned NOT NULL auto_increment,
  `poster` varchar(100) NOT NULL,
  `subject` varchar(120) NOT NULL,
  `date` varchar(50) NOT NULL,
  `timestamp` double NOT NULL,
  `message` text NOT NULL,
  `locked` enum('0','1') NOT NULL default '0',
  PRIMARY KEY  (`id`)
) ENGINE=MyISAM  DEFAULT CHARSET=latin1 AUTO_INCREMENT=3 ;

--
-- Extraindo dados da tabela `moderation_forum_threads`
--


-- --------------------------------------------------------

--
-- Estrutura da tabela `moderation_presets`
--

CREATE TABLE IF NOT EXISTS `moderation_presets` (
  `id` int(10) unsigned NOT NULL auto_increment,
  `enabled` enum('0','1') NOT NULL default '1',
  `type` enum('message','roommessage') NOT NULL default 'message',
  `message` text NOT NULL,
  PRIMARY KEY  (`id`)
) ENGINE=MyISAM  DEFAULT CHARSET=latin1 AUTO_INCREMENT=13 ;

--
-- Extraindo dados da tabela `moderation_presets`
--

INSERT INTO `moderation_presets` (`id`, `enabled`, `type`, `message`) VALUES
(5, '1', 'message', 'Wij kunnen je hier niet mee helpen, We hebben het door gegeven aan Eties.'),
(6, '1', 'roommessage', 'Het taalgebruik in deze kamer is tegen de Meet Regels. Pas het taalgebruik aan of de kamer zal worden gesloten.'),
(7, '1', 'message', 'Vragen voor staff of credits wordt bij herhaling afgestraft met een ban.'),
(8, '1', 'message', 'Je taalgebruik is tegen de regels! Pas dit aan.'),
(9, '1', 'message', 'Sexueel getinte en rasistise opmerkingen hoeven we hier niet!'),
(10, '1', 'message', 'Doe je niet voor als staff of scheld geen andere staffleden uit.'),
(11, '1', 'roommessage', 'Er doen zich momenteel wat fouten voor in deze kamer. Daarom wordt deze even gesloten. Onze excuses voor het ongemak!'),
(12, '0', 'message', 'Newly generated preset - please update');

-- --------------------------------------------------------

--
-- Estrutura da tabela `moderation_tickets`
--

CREATE TABLE IF NOT EXISTS `moderation_tickets` (
  `id` int(10) unsigned NOT NULL auto_increment,
  `score` int(11) NOT NULL,
  `type` int(11) NOT NULL,
  `status` enum('open','picked','resolved','abusive','invalid','deleted') NOT NULL default 'open',
  `sender_id` int(10) unsigned NOT NULL,
  `reported_id` int(10) unsigned NOT NULL,
  `moderator_id` int(10) unsigned NOT NULL,
  `message` text NOT NULL,
  `room_id` int(10) unsigned NOT NULL,
  `room_name` varchar(100) NOT NULL,
  `timestamp` double NOT NULL,
  PRIMARY KEY  (`id`)
) ENGINE=MyISAM  DEFAULT CHARSET=latin1 AUTO_INCREMENT=2 ;

--
-- Extraindo dados da tabela `moderation_tickets`
--

INSERT INTO `moderation_tickets` (`id`, `score`, `type`, `status`, `sender_id`, `reported_id`, `moderator_id`, `message`, `room_id`, `room_name`, `timestamp`) VALUES
(1, 1, 106, 'resolved', 4, 3, 4, 'me timoooooooooooooooooooooooooooooooooooooooooooooooooooooooo', 64, '[Â¥]Espacio Tiempo', 1306354244.40234);

-- --------------------------------------------------------

--
-- Estrutura da tabela `navigator_flatcats`
--

CREATE TABLE IF NOT EXISTS `navigator_flatcats` (
  `id` int(11) NOT NULL auto_increment,
  `caption` varchar(100) NOT NULL,
  `enabled` enum('0','1') NOT NULL default '1',
  `min_rank` int(11) NOT NULL default '1',
  PRIMARY KEY  (`id`)
) ENGINE=MyISAM  DEFAULT CHARSET=latin1 AUTO_INCREMENT=15 ;

--
-- Extraindo dados da tabela `navigator_flatcats`
--

INSERT INTO `navigator_flatcats` (`id`, `caption`, `enabled`, `min_rank`) VALUES
(0, 'No Category', '1', 1),
(1, 'Staff Rooms', '0', 6),
(2, 'Competition Category', '0', 1),
(3, 'Unused Category', '0', 1),
(4, 'Themed & RPG Rooms', '1', 1),
(5, 'Restaurant, Bar & Night Club Rooms', '1', 1),
(6, 'Club & Group Rooms', '1', 1),
(7, 'Chat, Chill & Discussion Rooms', '1', 1),
(8, 'Maze & Theme Park Rooms', '1', 1),
(9, 'Trading & Shopping Rooms', '1', 1),
(10, 'Gaming & Race Rooms', '1', 1),
(11, 'Hair Salons & Modelling Rooms', '1', 1),
(12, 'Help Centre, Guide & Service Rooms', '1', 1),
(13, 'School, Daycare & Adoption Rooms', '1', 1),
(14, 'All Other Rooms', '1', 1);

-- --------------------------------------------------------

--
-- Estrutura da tabela `navigator_publics`
--

CREATE TABLE IF NOT EXISTS `navigator_publics` (
  `id` int(11) NOT NULL auto_increment,
  `ordernum` int(11) unsigned NOT NULL default '1',
  `bannertype` enum('0','1') NOT NULL default '0' COMMENT '0 = big, 1 = normal',
  `caption` varchar(100) NOT NULL,
  `image` text NOT NULL,
  `image_type` enum('internal','external') NOT NULL default 'internal',
  `room_id` int(10) unsigned NOT NULL default '0',
  `category_parent_id` int(11) NOT NULL default '0',
  `enabled` enum('0','1') NOT NULL default '1',
  `recommended` enum('0','1') NOT NULL default '0',
  `category` enum('0','1') NOT NULL default '0',
  PRIMARY KEY  (`id`)
) ENGINE=MyISAM  DEFAULT CHARSET=latin1 AUTO_INCREMENT=16 ;

--
-- Extraindo dados da tabela `navigator_publics`
--

INSERT INTO `navigator_publics` (`id`, `ordernum`, `bannertype`, `caption`, `image`, `image_type`, `room_id`, `category_parent_id`, `enabled`, `recommended`, `category`) VALUES
(1, 1, '0', 'Ontvangstruimte', 'welcome_lounge', 'internal', 1, 0, '1', '1', '0'),
(2, 2, '1', 'Theather', 'theatredrome', 'internal', 0, 13, '1', '0', '0'),
(3, 3, '1', 'Club Orient', '', 'internal', 3, 0, '1', '0', '0'),
(4, 4, '1', 'Picknick Ruimte', 'picnic', 'internal', 4, 12, '1', '0', '0'),
(5, 5, '1', 'Thee Ruimte', 'tearoom', 'internal', 5, 14, '1', '0', '0'),
(6, 6, '1', 'Meet Hotel Lounge', 'dusty_lounge', 'internal', 6, 0, '1', '0', '0'),
(7, 7, '1', 'Meet Hotel Bioscoop', 'habbo_cinema', 'internal', 7, 13, '1', '0', '0'),
(8, 8, '1', 'Infobus', 'park', 'internal', 8, 12, '1', '0', '0'),
(9, 9, '1', 'Star Lounge', 'star_lounge', 'internal', 9, 13, '1', '0', '0'),
(11, 10, '0', 'Lido', 'habbo_lido', 'internal', 19, 15, '1', '0', '0'),
(12, 11, '1', 'Outsides', '', 'internal', 1, 0, '1', '0', '1'),
(13, 12, '1', 'Entertainment', '', 'internal', 1, 0, '1', '0', '1'),
(14, 13, '0', 'Restaurants', '', 'internal', 0, 0, '1', '0', '1'),
(15, 14, '0', 'Pooling', '', 'internal', 0, 0, '1', '0', '1');

-- --------------------------------------------------------

--
-- Estrutura da tabela `notes`
--

CREATE TABLE IF NOT EXISTS `notes` (
  `id` int(11) NOT NULL auto_increment,
  `content` varchar(500) NOT NULL,
  `date` varchar(100) NOT NULL,
  PRIMARY KEY  (`id`)
) ENGINE=MyISAM DEFAULT CHARSET=latin1 AUTO_INCREMENT=1 ;

--
-- Extraindo dados da tabela `notes`
--


-- --------------------------------------------------------

--
-- Estrutura da tabela `pixel_shop`
--

CREATE TABLE IF NOT EXISTS `pixel_shop` (
  `id` int(250) NOT NULL auto_increment,
  `name` varchar(250) default NULL,
  `header` varchar(250) default NULL,
  PRIMARY KEY  (`id`)
) ENGINE=MyISAM  DEFAULT CHARSET=latin1 AUTO_INCREMENT=3 ;

--
-- Extraindo dados da tabela `pixel_shop`
--

INSERT INTO `pixel_shop` (`id`, `name`, `header`) VALUES
(1, 'Rari', NULL),
(2, 'Offerte', NULL);

-- --------------------------------------------------------

--
-- Estrutura da tabela `pixel_shop_furni`
--

CREATE TABLE IF NOT EXISTS `pixel_shop_furni` (
  `id` int(250) NOT NULL auto_increment,
  `page_id` int(250) default NULL,
  `item_name` varchar(250) default NULL,
  `item_desc` varchar(250) default NULL,
  `item_price` int(250) default NULL,
  `furni_id` int(250) default NULL,
  `img` varchar(250) default NULL,
  PRIMARY KEY  (`id`)
) ENGINE=MyISAM  DEFAULT CHARSET=latin1 AUTO_INCREMENT=4 ;

--
-- Extraindo dados da tabela `pixel_shop_furni`
--

INSERT INTO `pixel_shop_furni` (`id`, `page_id`, `item_name`, `item_desc`, `item_price`, `furni_id`, `img`) VALUES
(1, 1, 'Elefantino D''oro', 'Un piccolo elefantino *Q*', 40, 251, 'http://www.habboemotion.net/resource/images/small_furni/rare/nelly_gold.gif');

-- --------------------------------------------------------

--
-- Estrutura da tabela `quests`
--

CREATE TABLE IF NOT EXISTS `quests` (
  `id` int(10) unsigned NOT NULL auto_increment,
  `type` varchar(100) NOT NULL,
  `action` varchar(100) NOT NULL,
  `needofcount` int(10) NOT NULL default '1',
  `enabled` enum('0','1') NOT NULL default '1',
  `level_num` int(10) NOT NULL default '1',
  `pixel_reward` int(10) NOT NULL default '50',
  PRIMARY KEY  (`id`)
) ENGINE=MyISAM  DEFAULT CHARSET=latin1 AUTO_INCREMENT=25 ;

--
-- Extraindo dados da tabela `quests`
--

INSERT INTO `quests` (`id`, `type`, `action`, `needofcount`, `enabled`, `level_num`, `pixel_reward`) VALUES
(1, 'room_builder', 'MOVE_ITEM', 3, '1', 1, 50),
(2, 'identity', 'CHANGE_FIGURE', 1, '1', 1, 50),
(3, 'social', 'CHAT_WITH_SOMEONE', 1, '1', 6, 50),
(4, 'social', 'REQUEST_FRIEND', 1, '1', 2, 50),
(5, 'social', 'GIVE_RESPECT', 1, '1', 3, 50),
(7, 'room_builder', 'ROTATE_ITEM', 3, '1', 2, 50),
(6, 'social', 'DANCE', 1, '1', 5, 50),
(8, 'social', 'WAVE', 1, '1', 4, 50),
(9, 'room_builder', 'STACKITEM', 3, '1', 3, 50),
(10, 'room_builder', 'PICKUPITEM', 1, '1', 4, 50),
(11, 'room_builder', 'PLACEWALLPAPER', 1, '1', 7, 50),
(12, 'room_builder', 'SWITCHSTATE', 3, '1', 6, 50),
(13, 'room_builder', 'PLACEFLOOR', 1, '1', 8, 50),
(14, 'room_builder', 'PLACEITEM', 1, '1', 5, 50),
(15, 'social', 'ENTEROTHERSROOM', 1, '1', 1, 50),
(16, 'identity', 'WEARBADGE', 1, '1', 3, 50),
(17, 'identity', 'CHANGEMOTTO', 1, '1', 2, 50),
(18, 'explore', 'FINDLIFEGUARDTOWER', 1, '1', 1, 50),
(19, 'explore', 'SWIM', 1, '1', 2, 50),
(20, 'explore', 'FINDSURFBOARD', 1, '1', 3, 50),
(21, 'explore', 'FINDBEETLE', 1, '1', 4, 50),
(22, 'explore', 'FINDNEONFLOOR', 1, '1', 5, 50),
(23, 'explore', 'FINDDISCOBALL', 1, '1', 6, 50),
(24, 'explore', 'FINDJUKEBOX', 1, '1', 7, 50);

-- --------------------------------------------------------

--
-- Estrutura da tabela `ranks`
--

CREATE TABLE IF NOT EXISTS `ranks` (
  `id` int(11) unsigned NOT NULL auto_increment,
  `name` varchar(50) NOT NULL,
  `prefix` text NOT NULL,
  `suffix` text NOT NULL,
  PRIMARY KEY  (`id`)
) ENGINE=MyISAM  DEFAULT CHARSET=latin1 AUTO_INCREMENT=9 ;

--
-- Extraindo dados da tabela `ranks`
--

INSERT INTO `ranks` (`id`, `name`, `prefix`, `suffix`) VALUES
(1, 'User', '', ''),
(2, 'User (Special Features)', '<b>', '</b>'),
(3, 'Opleidende Moderator', '<span style="color: #04B404;">', '</span>'),
(4, 'Moderator', '<b style="color: #04B404;">', '</b>'),
(5, 'Beheerder', '<b style="color: #04B404;">', '</b>'),
(6, 'Hotel Manager', '<b style="color: darkred;">', '</b>'),
(7, 'Compradores De Gerente', '<b style="color: darkred;">', '</b>'),
(8, 'Gerentes Oficiais', '<b style="color: darkred;">', '</b>');

-- --------------------------------------------------------

--
-- Estrutura da tabela `rooms`
--

CREATE TABLE IF NOT EXISTS `rooms` (
  `id` int(10) unsigned NOT NULL auto_increment,
  `roomtype` enum('public','private') NOT NULL default 'private',
  `caption` varchar(100) NOT NULL default 'Room',
  `owner` varchar(75) NOT NULL default '',
  `description` text NOT NULL,
  `category` int(11) NOT NULL default '0',
  `state` enum('open','locked','password') NOT NULL default 'open',
  `users_now` int(11) NOT NULL default '0',
  `users_max` int(11) NOT NULL default '25',
  `model_name` varchar(50) NOT NULL,
  `public_ccts` text NOT NULL,
  `score` int(11) NOT NULL default '0',
  `tags` text NOT NULL,
  `icon_bg` int(11) NOT NULL default '1',
  `icon_fg` int(11) NOT NULL default '0',
  `icon_items` text NOT NULL,
  `password` text NOT NULL,
  `wallpaper` varchar(10) NOT NULL default '0.0',
  `floor` varchar(10) NOT NULL default '0.0',
  `landscape` varchar(10) NOT NULL default '0.0',
  `allow_pets` enum('0','1') NOT NULL default '1',
  `allow_pets_eat` enum('0','1') NOT NULL default '0',
  `allow_walkthrough` enum('0','1') NOT NULL default '0',
  `allow_hidewall` enum('0','1') NOT NULL default '0',
  PRIMARY KEY  (`id`)
) ENGINE=MyISAM  DEFAULT CHARSET=latin1 AUTO_INCREMENT=174 ;

--
-- Extraindo dados da tabela `rooms`
--

INSERT INTO `rooms` (`id`, `roomtype`, `caption`, `owner`, `description`, `category`, `state`, `users_now`, `users_max`, `model_name`, `public_ccts`, `score`, `tags`, `icon_bg`, `icon_fg`, `icon_items`, `password`, `wallpaper`, `floor`, `landscape`, `allow_pets`, `allow_pets_eat`, `allow_walkthrough`, `allow_hidewall`) VALUES
(1, 'public', 'Ontvangstruimte', '', 'Waar wij je een warm welkom geven! :D', 0, 'open', 0, 50, 'newbie_lobby', 'hh_room_nlobby', 0, '', 1, 0, '', '', '0.0', '0.0', '0.0', '1', '0', '0', '0'),
(2, 'public', 'Theather', '', 'Voor events.', 0, 'open', 0, 50, 'theater', 'hh_room_theater', 0, '', 1, 0, '', '', '0.0', '0.0', '0.0', '1', '0', '0', '0'),
(3, 'public', 'Club Orient', '', 'Hier houden we de mooiste feesten! :D', 0, 'open', 0, 30, 'orient', 'hh_room_orient', 0, '', 1, 0, '', '', '0.0', '0.0', '0.0', '1', '0', '0', '0'),
(4, 'public', 'Picknick Ruimte', '', 'Hier kan je lekker wortels eten of BBQen!', 0, 'open', 0, 50, 'picnic', 'hh_room_picnic', 0, '', 1, 0, '', '', '0.0', '0.0', '0.0', '1', '0', '0', '0'),
(5, 'public', 'Thee Ruimte ', '', 'Hier kan je lekkere chinese thee drinken :D', 0, 'open', 0, 30, 'tearoom', 'hh_room_tearoom', 0, '', 1, 0, '', '', '0.0', '0.0', '0.0', '1', '0', '0', '0'),
(6, 'public', 'Meet Hotel Lounge', '', 'Voor vergaderingen :D', 0, 'open', 0, 30, 'dusty_lounge', 'hh_room_dustylounge', 0, '', 1, 0, '', '', '0.0', '0.0', '0.0', '1', '0', '0', '0'),
(7, 'public', 'Meet Hotel Bioscoop', '', 'De beste films worden hier gedraait!', 0, 'open', 0, 50, 'cinema_a', 'hh_room_cinema', 0, '', 1, 0, '', '', '0.0', '0.0', '0.0', '1', '0', '0', '0'),
(8, 'public', 'Infobus', '', 'Mis de bus niet!', 0, 'open', 0, 50, 'park_b', 'hh_room_park,hh_room_park_uk', 0, '', 1, 0, '', '', '0.0', '0.0', '0.0', '1', '0', '0', '0'),
(9, 'public', 'Star Lounge', '', 'Voor echte sterren!', 0, 'open', 0, 50, 'star_lounge', 'hh_room_starlounge', 0, '', 1, 0, '', '', '0.0', '0.0', '0.0', '1', '0', '0', '0'),
(19, 'public', 'Lido', '%habboName%', '', 0, 'open', 0, 25, 'pool_a', 'hh_room_pool,hh_people_pool', 0, '', 1, 0, '', '', '0.0', '0.0', '0.0', '1', '0', '0', '0'),
(24, 'private', 'Nine', 'TrollyFace', '', 0, 'open', 0, 25, 'model_a', '', 0, '', 1, 0, '', '', '0.0', '0.0', '0.0', '1', '0', '0', '0'),
(25, 'private', 'Territorio rumbox', 'rumbox', '¡Una Sala pre-decorada!', 0, 'open', 0, 25, 'model_a', '', 0, '', 1, 0, '', '', '0.0', '0.0', '0.0', '1', '0', '0', '0'),
(26, 'private', 'El amor, en una sala....', 'Cocoloko1', 'Un Regalo de parte Mia quiero que sepas que te amo demaciado, y quisiera nunca perderte.', 4, 'open', 0, 25, 'model_a', '', 0, '', 19, 6, '4,17', '', '401', '110', '6.1', '0', '0', '0', '0'),
(55, 'private', 'Joer', 'TrollFace', '', 0, 'open', 0, 25, 'model_a', '', 0, '', 1, 0, '', '', '0.0', '0.0', '0.0', '1', '0', '0', '0'),
(54, 'private', 'Te Amo Chiquita', 'EstefanyVane', 'Te Amo Chiquita, Entra a tu sala y checa tu inventario...', 0, 'open', 0, 25, 'model_a', '', 0, '', 1, 0, '', '', '0.0', '0.0', '0.0', '1', '0', '0', '0'),
(30, 'private', 'Territorio Pepines', 'Pepines', '¡Una Sala pre-decorada!', 0, 'open', 0, 25, 'model_a', '', 0, '', 1, 0, '', '', '0.0', '0.0', '0.0', '1', '0', '0', '0'),
(31, 'private', 'Territorio Cocoloko1', 'Cocoloko1', '¡Una Sala pre-decorada!', 0, 'open', 0, 25, 'model_a', '', 1, '', 1, 0, '', '', '0.0', '0.0', '0.0', '1', '0', '0', '0'),
(32, 'private', '       ', 'EstefanyVane', '', 0, 'open', 0, 25, 'model_c', '', 0, '', 1, 0, '', '', '0.0', '0.0', '0.0', '1', '0', '0', '0'),
(33, 'private', 'EsponjaPapÃ¡|', 'FranElenaesponja|', 'Â¡Una Sala pre-decorada!', 0, 'open', 0, 25, 'model_c', '', 0, '', 1, 0, '', '', '407', '212', '0.0', '1', '0', '0', '0'),
(38, 'private', 'Territorio Diego-cama', 'Diego-cama', '¡Una Sala pre-decorada!', 0, 'open', 0, 25, 'model_a', '', 0, '', 1, 0, '', '', '0.0', '0.0', '0.0', '1', '0', '0', '0'),
(49, 'private', 'Regalo', 'Deik', '', 0, 'password', 0, 25, 'model_i', '', 0, '', 1, 0, '', 'xd', '709', '205', '0.0', '1', '0', '0', '0'),
(77, 'private', '.-.', 'EstefanyVane', '', 0, 'password', 0, 25, 'model_u', '', 0, '', 1, 0, '', 'mm', '0.0', '205', '0.0', '1', '0', '0', '0'),
(36, 'private', 'Territorio JOSE', 'JOSE', '¡Una Sala pre-decorada!', 0, 'open', 0, 25, 'model_b', '', 0, '', 1, 0, '', '', '0.0', '0.0', '0.0', '1', '0', '0', '0'),
(37, 'private', 'lll', 'JOSE', '', 0, 'open', 0, 25, 'model_b', '', 0, '', 1, 0, '', '', '0.0', '0.0', '0.0', '1', '0', '0', '0'),
(56, 'private', 'hkkj', 'michael.sim28', '', 6, 'open', 0, 25, 'model_e', '', 0, '', 9, 7, '', '', '0.0', '0.0', '0.0', '1', '0', '1', '1'),
(57, 'private', 'aaaaaaaa', 'alanjefeson23', '', 0, 'open', 0, 25, 'model_a', '', 0, '', 1, 0, '', '', '0.0', '0.0', '0.0', '1', '0', '0', '0'),
(40, 'private', 'Territorio emowilliams', 'emowilliams', '¡Una Sala pre-decorada!', 0, 'open', 0, 25, 'model_a', '', 0, '', 1, 0, '', '', '0.0', '0.0', '0.0', '1', '0', '0', '0'),
(41, 'private', 'SAlita la bonita ee.e.e.e', 'Cuack', '', 0, 'open', 0, 25, 'model_a', '', 0, '', 1, 0, '', '', '0.0', '0.0', '0.0', '1', '0', '0', '0'),
(43, 'private', 'Territorio felipe', 'felipe', '¡Una Sala pre-decorada!', 0, 'open', 0, 25, 'model_b', '', 0, '', 1, 0, '', '', '0.0', '0.0', '0.0', '1', '0', '0', '0'),
(46, 'private', 'Havvos.com.ar', 'EliteRoyal', '', 0, 'open', 0, 25, 'model_a', '', 0, '', 1, 0, '', '', '0.0', '0.0', '0.0', '1', '0', '0', '0'),
(44, 'private', 'Porta,Emo,Tsukune,Emo0', 'Tsukune', '', 0, 'open', 0, 25, 'model_c', '', 0, '', 1, 0, '', '', '0.0', '0.0', '0.0', '1', '0', '0', '0'),
(45, 'private', 'Selva', 'Tsukune', '', 14, 'open', 0, 25, 'model_j', '', 0, 'selva', 1, 0, '', '', '0.0', '0.0', '0.0', '1', '0', '0', '0'),
(48, 'private', 'Territorio KoOL', 'KoOL', '¡Una Sala pre-decorada!', 0, 'open', 0, 25, 'model_a', '', 0, '', 1, 0, '', '', '0.0', '307', '0.0', '1', '0', '0', '0'),
(47, 'private', 'XxGaSPerxX', 'gasper_8666', '', 0, 'open', 0, 25, 'model_m', '', 0, '', 1, 0, '', '', '0.0', '0.0', '0.0', '1', '0', '0', '0'),
(58, 'private', 'dfghgj', 'dada', '', 0, 'open', 0, 25, 'model_a', '', 0, '', 1, 0, '', '', '0.0', '0.0', '0.0', '1', '0', '0', '0'),
(52, 'private', 'Sala |', 'lSaul', '', 0, 'open', 0, 25, 'model_c', '', 0, '', 1, 0, '', '', '0.0', '0.0', '0.0', '1', '0', '0', '0'),
(60, 'private', 'Mini Pueblo UberHotel', 'Tsukune', '', 0, 'open', 0, 25, 'model_u', '', 0, '', 1, 0, '', '', '0.0', '0.0', '0.0', '1', '0', '0', '0'),
(59, 'private', 'llÃµll Centro de Ayuda llÃµll', 'Cocoloko1', '', 0, 'open', 0, 25, 'model_a', '', 0, '', 1, 0, '', '', '401', '110', '0.0', '1', '0', '0', '0'),
(63, 'private', 'Nomade', 'KoOL', '', 0, 'open', 0, 25, 'model_b', '', 0, '', 1, 0, '', '', '0.0', '307', '0.0', '1', '0', '0', '0'),
(61, 'private', 'Aburrido', 'Tsukune', '', 0, 'open', 0, 25, 'model_c', '', 0, '', 1, 0, '', '', '3104', '205', '5.1', '1', '0', '0', '0'),
(62, 'private', 'Territorio Dragonario', 'TrollFace', '', 0, 'open', 0, 25, 'model_a', '', 0, '', 1, 0, '', '', '0.0', '0.0', '0.0', '1', '0', '0', '0'),
(65, 'private', '...', 'trane', '', 0, 'open', 0, 25, 'model_a', '', 0, '', 1, 0, '', '', '0.0', '0.0', '0.0', '1', '0', '0', '0'),
(64, 'private', '[Â¥]Espacio Tiempo', 'Deik', '', 0, 'open', 0, 25, 'model_k', '', 2, '', 1, 0, '', '', '609', '205', '0.0', '1', '0', '0', '0'),
(66, 'private', 'Restaurants Â¥ S.L City OPEN !!!', 'lSaul', 'Echo Por lSaul Empresas S.L', 5, 'open', 0, 25, 'model_j', '', 0, 's.l restaurant â¥,restaurant de lo mas lujuso.', 1, 0, '', '', '904', '203', '5.1', '1', '0', '0', '0'),
(67, 'private', 'BaÃ±o Hombres Â¥', 'lSaul', '', 0, 'locked', 0, 25, 'model_c', '', 0, '', 1, 0, '', '', '2503', '402', '0.0', '1', '0', '0', '0'),
(68, 'private', 'BaÃ±o Mujeres Â¥', 'lSaul', '', 0, 'locked', 0, 25, 'model_c', '', 0, '', 1, 0, '', '', '3101', '604', '0.0', '1', '0', '0', '0'),
(76, 'private', 'T,T', 'Cocoloko1', '', 0, 'locked', 0, 25, 'model_i', '', 0, '', 1, 0, '', '', '0.0', '0.0', '0.0', '1', '0', '0', '0'),
(72, 'private', 'grafi', 'grafitialex', '', 0, 'open', 0, 25, 'model_a', '', 0, '', 1, 0, '', '', '0.0', '0.0', '0.0', '1', '0', '0', '0'),
(70, 'private', 'asdd', 'amilcar_bravo', '', 0, 'open', 0, 25, 'model_a', '', 0, '', 1, 0, '', '', '0.0', '0.0', '0.0', '1', '0', '0', '0'),
(71, 'private', 'isai room', 'alt.v34', '', 0, 'open', 0, 25, 'model_a', '', 0, '', 1, 0, '', '', '0.0', '0.0', '0.0', '1', '0', '0', '0'),
(73, 'private', 'xdd', 'lSaul', '', 0, 'open', 0, 25, 'model_a', '', 0, '', 1, 0, '', '', '0.0', '0.0', '0.0', '1', '0', '0', '0'),
(74, 'private', 'Territorio del Helpi ;D', 'rafa95123', '', 0, 'open', 0, 25, 'model_b', '', 0, '', 1, 0, '', '', '0.0', '0.0', '0.0', '1', '0', '0', '0'),
(75, 'private', 'cena romantica', 'valentina.gerez', '', 0, 'password', 0, 25, 'model_n', '', 0, '', 20, 4, '', '', '0.0', '0.0', '0.0', '1', '1', '0', '1'),
(78, 'private', 'Regalo 3', 'lSaul', 'Luis perdon y feliz cumple D;', 5, 'password', 0, 50, 'model_u', '', 0, 'feliz cumple,perdon d;', 1, 0, '', 'ha', '809', '205', '0.0', '1', '0', '0', '0'),
(79, 'private', 'hola a todos', 'valentina.gerez', '', 0, 'open', 0, 25, 'model_d', '', 0, '', 1, 0, '', '', '3103', '405', '0.0', '1', '0', '0', '0'),
(80, 'private', 'Mensaje Subliminal', 'Tsukune', '', 0, 'open', 0, 25, 'model_x', '', 0, '', 1, 0, '', '', '0.0', '0.0', '0.0', '1', '0', '0', '0'),
(81, 'private', 'T,.T', 'Cocoloko1', '', 0, 'open', 0, 25, 'model_a', '', 0, '', 1, 0, '', '', '0.0', '0.0', '0.0', '1', '0', '0', '0'),
(83, 'private', 'Territorio Nosoyloco', 'Nosoyloco', '¡Una Sala pre-decorada!', 0, 'open', 0, 25, 'model_a', '', 0, '', 1, 0, '', '', '0.0', '0.0', '0.0', '1', '0', '0', '0'),
(82, 'private', 'Piscina', 'Todos', '', 0, 'password', 0, 25, 'model_u', '', 0, '', 1, 0, '', 'lasala', '0.0', '0.0', '0.0', '1', '0', '0', '0'),
(84, 'private', 'Territorio TrollFae', 'TrollFae', '¡Una Sala pre-decorada!', 0, 'open', 0, 25, 'model_a', '', 0, '', 1, 0, '', '', '0.0', '0.0', '0.0', '1', '0', '0', '0'),
(85, 'private', 'rafael''s room', 'rafael', '', 0, 'open', 0, 25, 'model_s', '', 0, '', 1, 0, '', '', '1901', '301', '0.0', '1', '0', '0', '0'),
(86, 'private', 'Teste', '.:Cookie:.', 'Â¡Una Sala pre-decorada!', 0, 'open', 0, 25, 'model_s', '', 0, '', 1, 0, '', '', '1801', '110', '0.0', '1', '0', '0', '0'),
(87, 'private', 'adoro pet.com', 'rafael', '', 0, 'open', 0, 25, 'model_l', '', 0, '', 1, 0, '', '', '0.0', '0.0', '0.0', '1', '0', '0', '0'),
(88, 'private', 'YouTube', 'Pablo', '', 0, 'open', 0, 25, 'model_s', '', 0, '', 1, 0, '', '', '3004', '205', '0.0', '1', '0', '0', '0'),
(89, 'private', 'Luccas''s room', '.:Luccas:.', '', 0, 'open', 0, 25, 'model_s', '', 0, '', 1, 0, '', '', '1801', '110', '0.0', '1', '0', '0', '0'),
(90, 'private', 'Plufu''s room', 'Plufu', '', 0, 'open', 0, 25, 'model_s', '', 0, '', 1, 0, '', '', '1801', '110', '0.0', '1', '0', '0', '0'),
(91, 'private', 'Gtrpoopo''s room', 'Gtrpoopo', '', 0, 'open', 0, 25, 'model_s', '', 0, '', 1, 0, '', '', '1801', '110', '0.0', '1', '0', '0', '0'),
(92, 'private', 'Cantinho ...', 'Revoltado', 'Â¡Una Sala pre-decorada!', 0, 'open', 0, 25, 'model_s', '', 0, '', 1, 0, '', '', '1701', '601', '0.0', '1', '0', '0', '0'),
(93, 'private', 'euoi', '.:Cookie:.', '', 0, 'open', 0, 25, 'model_u', '', 0, '', 1, 0, '', '', '0.0', '0.0', '0.0', '1', '0', '0', '0'),
(95, 'private', 'Hogwarts [H]', '.:Luccas:.', '', 0, 'open', 0, 25, 'model_k', '', 0, '', 1, 0, '', '', '0.0', '0.0', '0.0', '1', '0', '0', '0'),
(94, 'private', 'garotinha''s room', 'garotinha', '', 0, 'open', 0, 25, 'model_s', '', 0, '', 1, 0, '', '', '503', '104', '0.0', '1', '0', '0', '0'),
(96, 'private', 'dedao''s room', 'dedao', '', 0, 'open', 0, 25, 'model_s', '', 0, '', 1, 0, '', '', '1801', '110', '0.0', '1', '0', '0', '0'),
(97, 'private', 'Maldito''s room', 'Maldito', '', 0, 'open', 0, 25, 'model_s', '', 0, '', 1, 0, '', '', '1901', '301', '0.0', '1', '0', '0', '0'),
(98, 'private', 'Piicole''s room', 'Piicole', '', 0, 'open', 0, 25, 'model_s', '', 0, '', 1, 0, '', '', '607', '111', '0.0', '1', '0', '0', '0'),
(99, 'private', 'ToxxiC''s room', 'ToxxiC', '', 0, 'open', 0, 25, 'model_s', '', 0, '', 1, 0, '', '', '607', '111', '0.0', '1', '0', '0', '0'),
(100, 'private', 'Nescau''s room', 'Nescau', '', 0, 'open', 0, 25, 'model_s', '', 0, '', 1, 0, '', '', '607', '111', '0.0', '1', '0', '0', '0'),
(102, 'private', 'Positivo''s room', 'Positivo', '', 0, 'open', 0, 25, 'model_s', '', 0, '', 1, 0, '', '', '1701', '601', '0.0', '1', '0', '0', '0'),
(101, 'private', 'Trident''s room', 'Trident', '', 0, 'open', 0, 25, 'model_s', '', 0, '', 1, 0, '', '', '1901', '301', '0.0', '1', '0', '0', '0'),
(106, 'private', '[H] Hogwarts [H]', 'Revoltado', '', 0, 'open', 1, 25, 'model_i', '', 0, '', 1, 0, '', '', '0.0', '205', '0.0', '1', '1', '1', '1'),
(104, 'private', 'Youtube', '.:Cookie:.', '', 0, 'open', 0, 25, 'model_i', '', 0, '', 1, 0, '', '', '2604', '205', '0.0', '1', '0', '0', '0'),
(103, 'private', 'Cyber''s room', 'Cyber', '', 0, 'open', 0, 25, 'model_s', '', 0, '', 1, 0, '', '', '607', '111', '0.0', '1', '0', '0', '0'),
(107, 'private', 'GameOver''s room', 'GameOver', '', 0, 'open', 0, 25, 'model_s', '', 0, '', 1, 0, '', '', '607', '111', '0.0', '1', '0', '0', '0'),
(117, 'private', 'Jonathan0123''s room', 'Jonathan0123', '', 0, 'open', 0, 25, 'model_s', '', 0, '', 1, 0, '', '', '607', '111', '0.0', '1', '0', '0', '0'),
(111, 'private', 'fffffffffffffffffffffffff', '.:Cookie:.', '', 0, 'open', 0, 25, 'model_u', '', 0, '', 1, 0, '', '', '0.0', '0.0', '0.0', '1', '0', '0', '0'),
(108, 'private', 'Jean''s room', 'Jean', '', 0, 'open', 0, 25, 'model_s', '', 0, '', 1, 0, '', '', '1901', '301', '0.0', '1', '0', '0', '0'),
(109, 'private', 'ydslcg', '.:Cookie:.', '', 0, 'open', 0, 25, 'model_w', '', 0, '', 1, 0, '', '', '0.0', '0.0', '0.0', '1', '0', '0', '0'),
(112, 'private', 'Kendal''s room', 'Kendal', '', 0, 'open', 0, 25, 'model_s', '', 0, '', 1, 0, '', '', '1801', '110', '0.0', '1', '0', '0', '0'),
(110, 'private', 'Chicleeete''s room', 'Chicleeete', '', 0, 'open', 0, 25, 'model_s', '', 0, '', 1, 0, '', '', '1901', '301', '0.0', '1', '0', '0', '0'),
(113, 'private', 'Desconect''s room', 'Desconect', '', 0, 'open', 0, 25, 'model_s', '', 0, '', 1, 0, '', '', '1801', '110', '0.0', '1', '0', '0', '0'),
(114, 'private', 'Vininini''s room', 'Vininini', '', 0, 'open', 0, 25, 'model_s', '', 0, '', 1, 0, '', '', '607', '111', '0.0', '1', '0', '0', '0'),
(115, 'private', 'Gabriel''s room', 'Gabriel', '', 0, 'open', 0, 25, 'model_s', '', 0, '', 1, 0, '', '', '1901', '301', '0.0', '1', '0', '0', '0'),
(116, 'private', '[Â¥] QUERTO DE EVENTOS [Â¥]', 'Pablo', '', 0, 'locked', 0, 25, 'model_a', '', 0, '', 1, 0, '', '', '2301', '307', '0.0', '1', '0', '0', '0'),
(118, 'private', 'GamerTwo''s room', 'GamerTwo', '', 0, 'open', 0, 25, 'model_s', '', 0, '', 1, 0, '', '', '607', '111', '0.0', '1', '0', '0', '0'),
(120, 'private', 'mdcmachado''s room', 'mdcmachado', '', 0, 'open', 0, 25, 'model_s', '', 0, '', 1, 0, '', '', '1801', '110', '0.0', '1', '0', '0', '0'),
(119, 'private', 'Territorio GameOver', 'GameOver', '¡Una Sala pre-decorada!', 0, 'open', 0, 25, 'model_s', '', 0, '', 1, 0, '', '', '607', '111', '0.0', '1', '0', '0', '0'),
(121, 'private', 'Luuiz''s room', 'Luuiz', '', 0, 'open', 0, 25, 'model_s', '', 0, '', 1, 0, '', '', '607', '111', '0.0', '1', '0', '0', '0'),
(122, 'private', 'GameOverv''s room', 'GameOverv', '', 0, 'open', 0, 25, 'model_s', '', 0, '', 1, 0, '', '', '607', '111', '0.0', '1', '0', '0', '0'),
(125, 'private', 'Cookie''s room', 'Cookie', '', 0, 'open', 0, 25, 'model_s', '', 0, '', 1, 0, '', '', '1801', '110', '0.0', '1', '0', '0', '0'),
(123, 'private', 'Cantinho da SolidÃ£o', 'Cyber', '', 0, 'open', 0, 25, 'model_a', '', 0, '', 1, 0, '', '', '0.0', '0.0', '0.0', '1', '0', '0', '0'),
(124, 'private', 'gfchjgc''s room', 'gfchjgc', '', 0, 'open', 0, 25, 'model_s', '', 0, '', 1, 0, '', '', '1801', '110', '0.0', '1', '0', '0', '0'),
(126, 'private', 'GameOverv''s room', 'GameOverv', '', 0, 'open', 0, 25, 'model_s', '', 0, '', 1, 0, '', '', '607', '111', '0.0', '1', '0', '0', '0'),
(127, 'private', 'Revoltado''s room', 'Revoltado', '', 0, 'open', 0, 25, 'model_s', '', 0, '', 1, 0, '', '', '1901', '301', '0.0', '1', '0', '0', '0'),
(129, 'private', 'Territorio .:Luccas:.', '.:Luccas:.', '¡Una Sala pre-decorada!', 0, 'open', 0, 25, 'model_s', '', 0, '', 1, 0, '', '', '1901', '301', '0.0', '1', '0', '0', '0'),
(128, 'private', 'Carlos''s room', 'Carlos', '', 0, 'open', 0, 25, 'model_s', '', 0, '', 1, 0, '', '', '1801', '110', '0.0', '1', '0', '0', '0'),
(130, 'private', 'eba', 'Carlos', '', 0, 'open', 0, 25, 'model_k', '', 0, '', 1, 0, '', '', '2403', '103', '12', '1', '0', '0', '0'),
(133, 'private', 'Chicleeete''s room', 'Chicleeete', '', 0, 'open', 0, 25, 'model_s', '', 0, '', 1, 0, '', '', '1901', '301', '0.0', '1', '0', '0', '0'),
(131, 'private', 'Pablo''s room', 'Pablo', '', 0, 'open', 0, 25, 'model_s', '', 0, '', 1, 0, '', '', '1901', '301', '0.0', '1', '0', '0', '0'),
(144, 'private', 'dedao''s room', 'dedao', '', 0, 'open', 0, 25, 'model_s', '', 0, '', 1, 0, '', '', '1701', '601', '0.0', '1', '0', '0', '0'),
(132, 'private', 'aas', '.:Luccas:.', '', 0, 'open', 0, 25, 'model_o', '', 0, '', 1, 0, '', '', '0.0', '0.0', '0.0', '1', '0', '0', '0'),
(134, 'private', 'Revoltado''s room', 'Revoltado', '', 0, 'open', 0, 25, 'model_s', '', 0, '', 1, 0, '', '', '1901', '301', '0.0', '1', '0', '0', '0'),
(135, 'private', 'Cookie''s room', 'Cookie', '', 0, 'open', 0, 25, 'model_s', '', 0, '', 1, 0, '', '', '1801', '110', '0.0', '1', '0', '0', '0'),
(137, 'private', 'Chokitoh''s room', 'Chokitoh', '', 0, 'open', 0, 25, 'model_s', '', 0, '', 1, 0, '', '', '607', '111', '0.0', '1', '0', '0', '0'),
(138, 'private', 'Positivo''s room', 'Positivo', '', 0, 'open', 0, 25, 'model_s', '', 0, '', 1, 0, '', '', '1701', '601', '0.0', '1', '0', '0', '0'),
(139, 'private', 'Abusada''s room', 'Abusada', '', 0, 'open', 0, 25, 'model_s', '', 0, '', 1, 0, '', '', '1701', '601', '0.0', '1', '0', '0', '0'),
(140, 'private', 'Antares''s room', 'Antares', '', 0, 'open', 0, 25, 'model_s', '', 0, '', 1, 0, '', '', '1901', '301', '0.0', '1', '0', '0', '0'),
(143, 'private', 'Haninha''s room', 'Haninha', '', 0, 'open', 0, 25, 'model_s', '', 0, '', 1, 0, '', '', '503', '104', '0.0', '1', '0', '0', '0'),
(142, 'private', 'Tesouro', 'MadeInHabbo', '', 0, 'open', 0, 25, 'model_s', '', 0, '', 1, 0, '', '', '804', '107', '0.0', '1', '0', '0', '0'),
(141, 'private', 'Ruan''s room', 'Ruan', '', 0, 'open', 0, 25, 'model_s', '', 0, '', 1, 0, '', '', '1801', '110', '0.0', '1', '0', '0', '0'),
(145, 'private', 'Luaninha''s room', 'Luaninha', '', 0, 'open', 0, 25, 'model_s', '', 0, '', 1, 0, '', '', '503', '104', '0.0', '1', '0', '0', '0'),
(147, 'private', 'fgrsht', 'Revoltado', '', 0, 'open', 0, 25, 'model_a', '', 0, '', 1, 0, '', '', '0.0', '0.0', '0.0', '1', '0', '0', '0'),
(146, 'private', 'Skoll''s room', 'Skoll', '', 0, 'open', 0, 25, 'model_s', '', 0, '', 1, 0, '', '', '607', '111', '0.0', '1', '0', '0', '0'),
(148, 'private', 'Vinox''s room', 'Vinox', '', 0, 'open', 0, 25, 'model_s', '', 0, '', 1, 0, '', '', '1901', '301', '0.0', '1', '0', '0', '0'),
(153, 'private', 'The Rares', 'Skoll', '', 0, 'open', 0, 25, 'model_a', '', 0, '', 1, 0, '', '', '0.0', '0.0', '0.0', '1', '0', '0', '0'),
(149, 'private', 'Cyber''s room', 'Cyber', '', 0, 'open', 0, 25, 'model_s', '', 0, '', 1, 0, '', '', '1701', '601', '0.0', '1', '0', '0', '0'),
(150, 'private', 'Play House Disney', 'Cookie', '', 0, 'open', 0, 25, 'model_o', '', 0, '', 1, 0, '', '', '2504', '205', '0.0', '1', '0', '0', '0'),
(151, 'private', 'Infobus Bate-Papo', 'HGBGameOver', '', 0, 'open', 0, 25, 'model_s', '', 0, '', 1, 0, '', '', '607', '111', '0.0', '0', '0', '0', '1'),
(152, 'private', 'Minha Casa', 'Luaninha', '', 0, 'open', 0, 25, 'model_v', '', 0, '', 1, 0, '', '', '0', '0', '0', '1', '0', '0', '0'),
(154, 'private', 'Wezz''s room', 'Wezz', '', 0, 'open', 0, 25, 'model_s', '', 0, '', 1, 0, '', '', '1901', '301', '0.0', '1', '0', '0', '0'),
(155, 'private', 'HGBGamerTwo''s room', 'HGBGamerTwo', '', 0, 'open', 0, 25, 'model_s', '', 0, '', 1, 0, '', '', '804', '107', '0.0', '1', '0', '0', '0'),
(157, 'private', 'Manu''s room', 'Manu', '', 0, 'open', 0, 25, 'model_s', '', 0, '', 1, 0, '', '', '1901', '301', '0.0', '1', '0', '0', '0'),
(156, 'private', 'Catelo ', 'Vinox', '', 0, 'password', 0, 25, 'model_i', '', 0, '', 1, 0, '', 'tata', '0.0', '0.0', '0.0', '1', '0', '0', '0'),
(158, 'private', 'Empresa Habbosco Oficial', 'Vinox', '', 0, 'open', 0, 25, 'model_l', '', 0, '', 1, 0, '', '', '0.0', '0.0', '0.0', '1', '0', '0', '0'),
(159, 'private', 'rogerlioon''s room', 'rogerlioon', '', 0, 'open', 0, 25, 'model_s', '', 0, '', 1, 0, '', '', '1901', '301', '0.0', '1', '0', '0', '0'),
(160, 'private', 'Dragons', 'Cookie', '', 0, 'open', 0, 25, 'model_i', '', 0, '', 1, 0, '', '', '0.0', '0.0', '0.0', '1', '0', '0', '0'),
(163, 'private', 'felip157''s room', 'felip157', '', 0, 'open', 0, 25, 'model_s', '', 0, '', 1, 0, '', '', '1901', '301', '0.0', '1', '0', '0', '0'),
(161, 'private', 'Piicole''s room', 'Piicole', '', 0, 'open', 1, 25, 'model_s', '', 0, '', 1, 0, '', '', '607', '111', '0.0', '1', '0', '0', '0'),
(162, 'private', 'Maah''s room', 'Maah', '', 0, 'open', 1, 25, 'model_s', '', 0, '', 1, 0, '', '', '1701', '601', '0.0', '1', '0', '0', '0'),
(165, 'private', 'Jaqueline''s room', 'Jaqueline', '', 0, 'open', 0, 25, 'model_s', '', 0, '', 1, 0, '', '', '503', '104', '0.0', '1', '0', '0', '0'),
(164, 'private', 'DonkShot''s room', 'DonkShot', '', 0, 'open', 0, 25, 'model_s', '', 0, '', 1, 0, '', '', '1801', '110', '0.0', '1', '0', '0', '0'),
(166, 'private', 'Ãµ The Rares Ãµ', 'Chicleeete', '', 0, 'open', 0, 25, 'model_a', '', 0, '', 1, 0, '', '', '0.0', '0.0', '0.0', '1', '0', '0', '0'),
(167, 'private', 'lucask12''s room', 'lucask12', '', 0, 'open', 0, 25, 'model_s', '', 0, '', 1, 0, '', '', '1901', '301', '0.0', '1', '0', '0', '0'),
(168, 'private', '[RL] Test Ajudant Do Lion', 'rogerlioon', '', 0, 'open', 0, 25, 'model_a', '', 0, '', 1, 0, '', '', '0.0', '0.0', '0.0', '1', '0', '0', '0'),
(169, 'private', 'Maldito''s room', 'Maldito', '', 0, 'open', 0, 25, 'model_s', '', 0, '', 1, 0, '', '', '1701', '601', '0.0', '1', '0', '0', '0'),
(172, 'private', 'Central de Ajuda !', 'Skoll', '', 0, 'open', 0, 25, 'model_a', '', 0, '', 1, 0, '', '', '0.0', '0.0', '0.0', '1', '0', '0', '0'),
(170, 'private', '[H] Escadarias [H]', '.:Luccas:.', '', 0, 'open', 3, 25, 'model_f', '', 0, '', 1, 0, '', '', '0.0', '0.0', '0.0', '1', '0', '0', '0'),
(171, 'private', 'caadsasda', 'felip157', '', 0, 'open', 0, 25, 'model_c', '', 0, '', 1, 0, '', '', '0.0', '0.0', '0.0', '1', '0', '0', '0'),
(173, 'private', 'desconhecido''s room', 'desconhecido', '', 0, 'open', 0, 25, 'model_s', '', 0, '', 1, 0, '', '', '607', '111', '0.0', '1', '0', '0', '0');

-- --------------------------------------------------------

--
-- Estrutura da tabela `room_ads`
--

CREATE TABLE IF NOT EXISTS `room_ads` (
  `id` int(10) unsigned NOT NULL auto_increment,
  `ad_image` text NOT NULL,
  `ad_image_orig` text NOT NULL,
  `ad_link` text NOT NULL,
  `views` int(11) NOT NULL default '0',
  `views_limit` int(11) NOT NULL default '0' COMMENT '0 = unlimited',
  `enabled` enum('0','1') NOT NULL default '1',
  PRIMARY KEY  (`id`)
) ENGINE=MyISAM  DEFAULT CHARSET=latin1 AUTO_INCREMENT=2 ;

--
-- Extraindo dados da tabela `room_ads`
--


-- --------------------------------------------------------

--
-- Estrutura da tabela `room_items`
--

CREATE TABLE IF NOT EXISTS `room_items` (
  `id` int(10) unsigned NOT NULL,
  `room_id` int(10) unsigned NOT NULL,
  `base_item` int(10) unsigned NOT NULL,
  `extra_data` text NOT NULL,
  `x` int(11) NOT NULL,
  `y` int(11) NOT NULL,
  `z` double NOT NULL,
  `rot` int(11) NOT NULL,
  `wall_pos` varchar(100) NOT NULL,
  KEY `id` (`id`)
) ENGINE=MyISAM DEFAULT CHARSET=latin1;

--
-- Extraindo dados da tabela `room_items`
--


-- --------------------------------------------------------

--
-- Estrutura da tabela `room_items_moodlight`
--

CREATE TABLE IF NOT EXISTS `room_items_moodlight` (
  `item_id` int(10) unsigned NOT NULL,
  `enabled` enum('0','1') NOT NULL default '0',
  `current_preset` int(11) NOT NULL,
  `preset_one` text NOT NULL,
  `preset_two` text NOT NULL,
  `preset_three` text NOT NULL,
  KEY `item_id` (`item_id`)
) ENGINE=MyISAM DEFAULT CHARSET=latin1;

--
-- Extraindo dados da tabela `room_items_moodlight`
--

INSERT INTO `room_items_moodlight` (`item_id`, `enabled`, `current_preset`, `preset_one`, `preset_two`, `preset_three`) VALUES
(19, '1', 1, '#000000,255,0', '#82F349,255,0', '#0053F7,76,1'),
(587, '0', 1, '#0053F7,106,1', '#000000,255,0', '#000000,255,0'),
(870, '1', 1, '#0053F7,124,1', '#000000,255,0', '#000000,255,0'),
(2085, '1', 1, '#0053F7,76,1', '#000000,255,0', '#000000,255,0'),
(2588, '0', 1, '#E759DE,76,0', '#0053F7,76,0', '#E759DE,76,0'),
(3721, '1', 1, '#0053F7,91,1', '#000000,255,0', '#000000,255,0'),
(3846, '1', 1, '#82F349,76,1', '#000000,255,0', '#000000,255,0'),
(3887, '1', 1, '#0053F7,76,1', '#000000,255,0', '#000000,255,0'),
(3888, '0', 1, '#000000,255,0', '#000000,255,0', '#000000,255,0'),
(4252, '1', 1, '#0053F7,76,1', '#000000,255,0', '#000000,255,0'),
(4422, '1', 1, '#0053F7,76,1', '#000000,255,0', '#000000,255,0'),
(70, '1', 1, '#0053F7,76,1', '#000000,255,0', '#000000,255,0'),
(849, '1', 1, '#E759DE,76,0', '#000000,255,0', '#000000,255,0'),
(902, '1', 1, '#0053F7,76,1', '#000000,255,0', '#000000,76,1'),
(1076, '1', 1, '#0053F7,81,1', '#000000,255,0', '#000000,255,0');

-- --------------------------------------------------------

--
-- Estrutura da tabela `room_models`
--

CREATE TABLE IF NOT EXISTS `room_models` (
  `id` varchar(100) NOT NULL,
  `door_x` int(11) NOT NULL,
  `door_y` int(11) NOT NULL,
  `door_z` double NOT NULL,
  `door_dir` int(4) NOT NULL default '2',
  `heightmap` text NOT NULL,
  `public_items` text NOT NULL,
  `club_only` enum('0','1') NOT NULL default '0',
  PRIMARY KEY  (`id`)
) ENGINE=MyISAM DEFAULT CHARSET=latin1;

--
-- Extraindo dados da tabela `room_models`
--

INSERT INTO `room_models` (`id`, `door_x`, `door_y`, `door_z`, `door_dir`, `heightmap`, `public_items`, `club_only`) VALUES
('model_a', 3, 5, 0, 2, 'xxxxxxxxxxxx\r\nxxxx00000000\r\nxxxx00000000\r\nxxxx00000000\r\nxxxx00000000\r\nxxxx00000000\r\nxxxx00000000\r\nxxxx00000000\r\nxxxx00000000\r\nxxxx00000000\r\nxxxx00000000\r\nxxxx00000000\r\nxxxx00000000\r\nxxxx00000000\r\nxxxxxxxxxxxx\r\nxxxxxxxxxxxx', '', '0'),
('model_b', 0, 5, 0, 2, 'xxxxxxxxxxxx\r\nxxxxx0000000\r\nxxxxx0000000\r\nxxxxx0000000\r\nxxxxx0000000\r\nx00000000000\r\nx00000000000\r\nx00000000000\r\nx00000000000\r\nx00000000000\r\nx00000000000\r\nxxxxxxxxxxxx\r\nxxxxxxxxxxxx\r\nxxxxxxxxxxxx\r\nxxxxxxxxxxxx\r\nxxxxxxxxxxxx', '', '0'),
('model_c', 4, 7, 0, 2, 'xxxxxxxxxxxx\r\nxxxxxxxxxxxx\r\nxxxxxxxxxxxx\r\nxxxxxxxxxxxx\r\nxxxxxxxxxxxx\r\nxxxxx000000x\r\nxxxxx000000x\r\nxxxxx000000x\r\nxxxxx000000x\r\nxxxxx000000x\r\nxxxxx000000x\r\nxxxxxxxxxxxx\r\nxxxxxxxxxxxx\r\nxxxxxxxxxxxx\r\nxxxxxxxxxxxx\r\nxxxxxxxxxxxx', '', '0'),
('model_d', 4, 7, 0, 2, 'xxxxxxxxxxxx\r\nxxxxx000000x\r\nxxxxx000000x\r\nxxxxx000000x\r\nxxxxx000000x\r\nxxxxx000000x\r\nxxxxx000000x\r\nxxxxx000000x\r\nxxxxx000000x\r\nxxxxx000000x\r\nxxxxx000000x\r\nxxxxx000000x\r\nxxxxx000000x\r\nxxxxx000000x\r\nxxxxx000000x\r\nxxxxxxxxxxxx', '', '0'),
('model_e', 1, 5, 0, 2, 'xxxxxxxxxxxx\r\nxxxxxxxxxxxx\r\nxxxxxxxxxxxx\r\nxx0000000000\r\nxx0000000000\r\nxx0000000000\r\nxx0000000000\r\nxx0000000000\r\nxx0000000000\r\nxx0000000000\r\nxx0000000000\r\nxxxxxxxxxxxx\r\nxxxxxxxxxxxx\r\nxxxxxxxxxxxx\r\nxxxxxxxxxxxx\r\nxxxxxxxxxxxx', '', '0'),
('model_f', 2, 5, 0, 2, 'xxxxxxxxxxxx\r\nxxxxxxx0000x\r\nxxxxxxx0000x\r\nxxx00000000x\r\nxxx00000000x\r\nxxx00000000x\r\nxxx00000000x\r\nx0000000000x\r\nx0000000000x\r\nx0000000000x\r\nx0000000000x\r\nxxxxxxxxxxxx\r\nxxxxxxxxxxxx\r\nxxxxxxxxxxxx\r\nxxxxxxxxxxxx\r\nxxxxxxxxxxxx', '', '0'),
('model_i', 0, 10, 0, 2, 'xxxxxxxxxxxxxxxxx\r\nx0000000000000000\r\nx0000000000000000\r\nx0000000000000000\r\nx0000000000000000\r\nx0000000000000000\r\nx0000000000000000\r\nx0000000000000000\r\nx0000000000000000\r\nx0000000000000000\r\nx0000000000000000\r\nx0000000000000000\r\nx0000000000000000\r\nx0000000000000000\r\nx0000000000000000\r\nx0000000000000000\r\nx0000000000000000\r\nx0000000000000000\r\nx0000000000000000\r\nx0000000000000000\r\nx0000000000000000\r\nx0000000000000000\r\nx0000000000000000\r\nx0000000000000000\r\nx0000000000000000\r\nx0000000000000000\r\nx0000000000000000\r\nxxxxxxxxxxxxxxxxx', '', '0'),
('model_j', 0, 10, 0, 2, 'xxxxxxxxxxxxxxxxxxxxx\r\nxxxxxxxxxxx0000000000\r\nxxxxxxxxxxx0000000000\r\nxxxxxxxxxxx0000000000\r\nxxxxxxxxxxx0000000000\r\nxxxxxxxxxxx0000000000\r\nxxxxxxxxxxx0000000000\r\nx00000000000000000000\r\nx00000000000000000000\r\nx00000000000000000000\r\nx00000000000000000000\r\nx00000000000000000000\r\nx00000000000000000000\r\nx00000000000000000000\r\nx00000000000000000000\r\nx00000000000000000000\r\nx00000000000000000000\r\nx0000000000xxxxxxxxxx\r\nx0000000000xxxxxxxxxx\r\nx0000000000xxxxxxxxxx\r\nx0000000000xxxxxxxxxx\r\nx0000000000xxxxxxxxxx\r\nx0000000000xxxxxxxxxx\r\nxxxxxxxxxxxxxxxxxxxxx', '', '0'),
('model_k', 0, 13, 0, 2, 'xxxxxxxxxxxxxxxxxxxxxxxxx\r\nxxxxxxxxxxxxxxxxx00000000\r\nxxxxxxxxxxxxxxxxx00000000\r\nxxxxxxxxxxxxxxxxx00000000\r\nxxxxxxxxxxxxxxxxx00000000\r\nxxxxxxxxx0000000000000000\r\nxxxxxxxxx0000000000000000\r\nxxxxxxxxx0000000000000000\r\nxxxxxxxxx0000000000000000\r\nx000000000000000000000000\r\nx000000000000000000000000\r\nx000000000000000000000000\r\nx000000000000000000000000\r\nx000000000000000000000000\r\nx000000000000000000000000\r\nx000000000000000000000000\r\nx000000000000000000000000\r\nxxxxxxxxx0000000000000000\r\nxxxxxxxxx0000000000000000\r\nxxxxxxxxx0000000000000000\r\nxxxxxxxxx0000000000000000\r\nxxxxxxxxx0000000000000000\r\nxxxxxxxxx0000000000000000\r\nxxxxxxxxx0000000000000000\r\nxxxxxxxxx0000000000000000\r\nxxxxxxxxx0000000000000000\r\nxxxxxxxxx0000000000000000\r\nxxxxxxxxxxxxxxxxxxxxxxxxx', '', '0'),
('model_l', 0, 16, 0, 2, 'xxxxxxxxxxxxxxxxxxxxx\r\nx00000000000000000000\r\nx00000000000000000000\r\nx00000000000000000000\r\nx00000000000000000000\r\nx00000000000000000000\r\nx00000000000000000000\r\nx00000000000000000000\r\nx00000000000000000000\r\nx00000000xxxx00000000\r\nx00000000xxxx00000000\r\nx00000000xxxx00000000\r\nx00000000xxxx00000000\r\nx00000000xxxx00000000\r\nx00000000xxxx00000000\r\nx00000000xxxx00000000\r\nx00000000xxxx00000000\r\nx00000000xxxx00000000\r\nx00000000xxxx00000000\r\nx00000000xxxx00000000\r\nx00000000xxxx00000000\r\nxxxxxxxxxxxxxxxxxxxxx', '', '0'),
('model_m', 0, 15, 0, 2, 'xxxxxxxxxxxxxxxxxxxxxxxxxxxxx\r\nxxxxxxxxxxx00000000xxxxxxxxxx\r\nxxxxxxxxxxx00000000xxxxxxxxxx\r\nxxxxxxxxxxx00000000xxxxxxxxxx\r\nxxxxxxxxxxx00000000xxxxxxxxxx\r\nxxxxxxxxxxx00000000xxxxxxxxxx\r\nxxxxxxxxxxx00000000xxxxxxxxxx\r\nxxxxxxxxxxx00000000xxxxxxxxxx\r\nxxxxxxxxxxx00000000xxxxxxxxxx\r\nxxxxxxxxxxx00000000xxxxxxxxxx\r\nxxxxxxxxxxx00000000xxxxxxxxxx\r\nx0000000000000000000000000000\r\nx0000000000000000000000000000\r\nx0000000000000000000000000000\r\nx0000000000000000000000000000\r\nx0000000000000000000000000000\r\nx0000000000000000000000000000\r\nx0000000000000000000000000000\r\nx0000000000000000000000000000\r\nxxxxxxxxxxx00000000xxxxxxxxxx\r\nxxxxxxxxxxx00000000xxxxxxxxxx\r\nxxxxxxxxxxx00000000xxxxxxxxxx\r\nxxxxxxxxxxx00000000xxxxxxxxxx\r\nxxxxxxxxxxx00000000xxxxxxxxxx\r\nxxxxxxxxxxx00000000xxxxxxxxxx\r\nxxxxxxxxxxx00000000xxxxxxxxxx\r\nxxxxxxxxxxx00000000xxxxxxxxxx\r\nxxxxxxxxxxx00000000xxxxxxxxxx\r\nxxxxxxxxxxx00000000xxxxxxxxxx\r\nxxxxxxxxxxxxxxxxxxxxxxxxxxxxx', '', '0'),
('model_n', 0, 16, 0, 2, 'xxxxxxxxxxxxxxxxxxxxx\r\nx00000000000000000000\r\nx00000000000000000000\r\nx00000000000000000000\r\nx00000000000000000000\r\nx00000000000000000000\r\nx00000000000000000000\r\nx000000xxxxxxxx000000\r\nx000000x000000x000000\r\nx000000x000000x000000\r\nx000000x000000x000000\r\nx000000x000000x000000\r\nx000000x000000x000000\r\nx000000x000000x000000\r\nx000000xxxxxxxx000000\r\nx00000000000000000000\r\nx00000000000000000000\r\nx00000000000000000000\r\nx00000000000000000000\r\nx00000000000000000000\r\nx00000000000000000000\r\nxxxxxxxxxxxxxxxxxxxxx', '', '0'),
('model_g', 1, 7, 1, 2, 'xxxxxxxxxxxx\r\nxxxxxxxxxxxx\r\nxxxxxxx00000\r\nxxxxxxx00000\r\nxxxxxxx00000\r\nxx1111000000\r\nxx1111000000\r\nxx1111000000\r\nxx1111000000\r\nxx1111000000\r\nxxxxxxx00000\r\nxxxxxxx00000\r\nxxxxxxx00000\r\nxxxxxxxxxxxx\r\nxxxxxxxxxxxx\r\nxxxxxxxxxxxx\r\nxxxxxxxxxxxx', '', '1'),
('model_q', 10, 4, 2, 2, 'xxxxxxxxxxxxxxxxxxx\r\nxxxxxxxxxxx22222222\r\nxxxxxxxxxxx22222222\r\nxxxxxxxxxxx22222222\r\nxxxxxxxxxxx22222222\r\nxxxxxxxxxxx22222222\r\nxxxxxxxxxxx22222222\r\nx222222222222222222\r\nx222222222222222222\r\nx222222222222222222\r\nx222222222222222222\r\nx222222222222222222\r\nx222222222222222222\r\nx2222xxxxxxxxxxxxxx\r\nx2222xxxxxxxxxxxxxx\r\nx2222211111xx000000\r\nx222221111110000000\r\nx222221111110000000\r\nx2222211111xx000000\r\nxx22xxx1111xxxxxxxx\r\nxx11xxx1111xxxxxxxx\r\nx1111xx1111xx000000\r\nx1111xx111110000000\r\nx1111xx111110000000\r\nx1111xx1111xx000000\r\nxxxxxxxxxxxxxxxxxxx', '', '1'),
('model_o', 0, 18, 1, 2, 'xxxxxxxxxxxxxxxxxxxxxxxxx\r\nxxxxxxxxxxxxx11111111xxxx\r\nxxxxxxxxxxxxx11111111xxxx\r\nxxxxxxxxxxxxx11111111xxxx\r\nxxxxxxxxxxxxx11111111xxxx\r\nxxxxxxxxxxxxx11111111xxxx\r\nxxxxxxxxxxxxx11111111xxxx\r\nxxxxxxxxxxxxx11111111xxxx\r\nxxxxxxxxxxxxx00000000xxxx\r\nxxxxxxxxx0000000000000000\r\nxxxxxxxxx0000000000000000\r\nxxxxxxxxx0000000000000000\r\nxxxxxxxxx0000000000000000\r\nxxxxxxxxx0000000000000000\r\nxxxxxxxxx0000000000000000\r\nx111111100000000000000000\r\nx111111100000000000000000\r\nx111111100000000000000000\r\nx111111100000000000000000\r\nx111111100000000000000000\r\nx111111100000000000000000\r\nx111111100000000000000000\r\nx111111100000000000000000\r\nxxxxxxxxx0000000000000000\r\nxxxxxxxxx0000000000000000\r\nxxxxxxxxx0000000000000000\r\nxxxxxxxxx0000000000000000\r\nxxxxxxxxxxxxxxxxxxxxxxxxx', '', '1'),
('model_r', 10, 4, 3, 2, 'xxxxxxxxxxxxxxxxxxxxxxxxx\r\nxxxxxxxxxxx33333333333333\r\nxxxxxxxxxxx33333333333333\r\nxxxxxxxxxxx33333333333333\r\nxxxxxxxxxx333333333333333\r\nxxxxxxxxxxx33333333333333\r\nxxxxxxxxxxx33333333333333\r\nxxxxxxx333333333333333333\r\nxxxxxxx333333333333333333\r\nxxxxxxx333333333333333333\r\nxxxxxxx333333333333333333\r\nxxxxxxx333333333333333333\r\nxxxxxxx333333333333333333\r\nx4444433333xxxxxxxxxxxxxx\r\nx4444433333xxxxxxxxxxxxxx\r\nx44444333333222xx000000xx\r\nx44444333333222xx000000xx\r\nxxx44xxxxxxxx22xx000000xx\r\nxxx33xxxxxxxx11xx000000xx\r\nxxx33322222211110000000xx\r\nxxx33322222211110000000xx\r\nxxxxxxxxxxxxxxxxx000000xx\r\nxxxxxxxxxxxxxxxxx000000xx\r\nxxxxxxxxxxxxxxxxx000000xx\r\nxxxxxxxxxxxxxxxxx000000xx\r\nxxxxxxxxxxxxxxxxxxxxxxxxx', '', '1'),
('model_p', 0, 23, 2, 2, 'xxxxxxxxxxxxxxxxxxx\r\nxxxxxxx222222222222\r\nxxxxxxx222222222222\r\nxxxxxxx222222222222\r\nxxxxxxx222222222222\r\nxxxxxxx222222222222\r\nxxxxxxx222222222222\r\nxxxxxxx22222222xxxx\r\nxxxxxxx11111111xxxx\r\nx222221111111111111\r\nx222221111111111111\r\nx222221111111111111\r\nx222221111111111111\r\nx222221111111111111\r\nx222221111111111111\r\nx222221111111111111\r\nx222221111111111111\r\nx2222xx11111111xxxx\r\nx2222xx00000000xxxx\r\nx2222xx000000000000\r\nx2222xx000000000000\r\nx2222xx000000000000\r\nx2222xx000000000000\r\n22222xx000000000000\r\nx2222xx000000000000\r\nxxxxxxxxxxxxxxxxxxx', '', '1'),
('model_h', 4, 4, 1, 2, 'xxxxxxxxxxxx\r\nxxxxxxxxxxxx\r\nxxxxx111111x\r\nxxxxx111111x\r\nxxxxx111111x\r\nxxxxx111111x\r\nxxxxx111111x\r\nxxxxx000000x\r\nxxxxx000000x\r\nxxx00000000x\r\nxxx00000000x\r\nxxx00000000x\r\nxxx00000000x\r\nxxxxxxxxxxxx\r\nxxxxxxxxxxxx\r\nxxxxxxxxxxxx', '', '1'),
('old_skool', 2, 1, 0, 2, 'xx0xxxxxxxxxxxxxx\r\n0000000xxx00000xx\r\n0000000x0000000xx\r\n0000000xxxxxxxxxx\r\n0000000000000000x\r\n0000000000000000x\r\n0000000000000000x\r\n0000000000000000x\r\n0000000000000000x\r\n0000000000000000x\r\n0000000000000000x\r\n0000000000000000x\r\n0000000000000000x\r\n0000000000000000x\r\n0000000000000000x\r\n0000000000000000x\r\n0000000000000000x\r\n0000000000000000x\r\n00000000000000000\r\n0000000000000000x\r\n0000000000000000x\r\n0000000000000000x\r\n0000000000000000x\r\n0000000000000000x\r\n0000000000000000x', 'SLHk49mobiles_chair3QBPAHHHk410mobiles_chair3RBPAHHHk411mobiles_chair3SBPAHHHk412mobiles_chair3PCPAHHHe101mobiles_chair1IRBHPAHe1010mobiles_chair1RBRBHPAHe110mobiles_chair1HSBHJHb111mobiles_table2ISBHHHc112mobiles_table3JSBHHHe113mobiles_chair1KSBHRAHb1110mobiles_table2RBSBHHHc1111mobiles_table3SBSBHHHa121mobiles_table1IPCHHHd122mobiles_table4JPCHHHe129mobiles_chair1QBPCHJHa1210mobiles_table1RBPCHHHd1211mobiles_table4SBPCHHHe1212mobiles_chair1PCPCHRAHe131mobiles_chair1IQCHHHe1311mobiles_chair1SBQCHHHe150mobiles_chair1HSCHPAHe170mobiles_chair1HQDHJHb171mobiles_table2IQDHHHc172mobiles_table3JQDHHHe173mobiles_chair1KQDHRAHa181mobiles_table1IRDHHHd182mobiles_table4JRDHHHe192mobiles_chair1JSDHHHe211mobiles_chair1IQEHPAHb216mobiles_table2RAQEHHHc217mobiles_table3SAQEHHHe2112mobiles_chair1PCQEHPAHe220mobiles_chair1HREHJHb221mobiles_table2IREHHHc222mobiles_table3JREHHHe223mobiles_chair1KREHRAHe225mobiles_chair1QAREHJHa226mobiles_table1RAREHHHd227mobiles_table4SAREHHHe228mobiles_chair1PBREHRAHe2211mobiles_chair1SBREHJHb2212mobiles_table2PCREHHHc2213mobiles_table3QCREHHHe2214mobiles_chair1RCREHRAHa231mobiles_table1ISEHHHd232mobiles_table4JSEHHHa2312mobiles_table1PCSEHHHd2313mobiles_table4QCSEHHHe241mobiles_chair1IPFHHHe247mobiles_chair1SAPFHPAHe2413mobiles_chair1QCPFHH', '0'),
('pizza', 5, 27, 1, 2, 'xxxxxxxxx0000000\r\nx11111x1xx000000\r\n11xxxxx111x00000\r\n11x1111111xx0000\r\n11x1111111100000\r\nxxx1111111100000\r\n1111111111100000\r\n1111111111100000\r\n1111111111100000\r\n1111111111100000\r\n1111111111100000\r\n1111111111100000\r\n1111111111100000\r\n1111111111100000\r\n1111111111100000\r\n1111111111100000\r\n1111111111100000\r\n11111111111xxxxx\r\n1111111111xxxxxx\r\n1111111111111111\r\n1111111111111111\r\n1111111111111111\r\n1111111111111111\r\n1111111111111111\r\n1111111111111111\r\n11xx11xx11111111\r\nxxxx11xxxxxxxxxx\r\nxxxx11xxxxxxxxxx', 'QGHa015pizza_plant1SCHHJHe314pizza_sofa1RCKHPAHE315pizza_sofa2SCKHPAHc515pizza_tableSCQAHJHb60pizza_plant2HRAIJHf614pizza_sofa3RCRAHHHF615pizza_sofa4SCRAHHHd81pizza_chairIPBIPAHd82pizza_chairJPBIPAHc102pizza_tableJRBIJHe1014pizza_sofa1RCRBHPAHE1015pizza_sofa2SCRBHPAHd111pizza_chairISBIHHd112pizza_chairJSBIHHc1215pizza_tableSCPCHJHf1314pizza_sofa3RCQCHHHF1315pizza_sofa4SCQCHHHd161pizza_chairIPDIPAHd162pizza_chairJPDIPAHc182pizza_tableJRDIJHd191pizza_chairISDIHHd192pizza_chairJSDIHHd2111pizza_chairSBQEIJHd2114pizza_chairRCQEIRAHd2211pizza_chairSBREIJHc2213pizza_tableQCREIHHd2214pizza_chairRCREIRAHa250pizza_plant1HQFIJHa2515pizza_plant1SCQFIJ', '0'),
('pub_a', 15, 25, 0, 2, 'xxxxxxxxxxxxxxxxxxxxxxxxx\r\nxxxxxxxxx2222222211111xxx\r\nxxxxxxxxx2222222211111xxx\r\nxxxxxxxxx2222222211111xxx\r\nxxxxxxxxx2222222211111xxx\r\nxxxxxxxxx2222222222111xxx\r\nxxxxxxxxx2222222222111xxx\r\nxxxxxxxxx2222222222000xxx\r\nxxxxxxxxx2222222222000xxx\r\nxxxxxxxxx2222222222000xxx\r\nxxxxxxxxx2222222222000xxx\r\nx333333332222222222000xxx\r\nx333333332222222222000xxx\r\nx333333332222222222000xxx\r\nx333333332222222222000xxx\r\nx333333332222222222000xxx\r\nx333332222222222222000xxx\r\nx333332222222222222000xxx\r\nx333332222222222222000xxx\r\nx333332222222222222000xxx\r\nx333333332222222222000xxx\r\nxxxxx31111112222222000xxx\r\nxxxxx31111111000000000xxx\r\nxxxxx31111111000000000xxx\r\nxxxxx31111111000000000xxx\r\nxxxxx31111111000000000xxx\r\nxxxxxxxxxxxxxxx00xxxxxxxx\r\nxxxxxxxxxxxxxxx00xxxxxxxx\r\nxxxxxxxxxxxxxxx00xxxxxxxx\r\nxxxxxxxxxxxxxxx00xxxxxxxx\r\nxxxxxxxxxxxxxxxxxxxxxxxxx', 'SWHS119pub_sofa2SDIIPAHs120pub_sofaPEIIPAHs121pub_sofaQEIIPAHq211bardesk1SBJJHHc212pub_chairPCJJRAHQ311bardesk2SBKJHHq411bardesk1SBPAJHHc412pub_chairPCPAJRAHQ511bardesk2SBQAJHHf518pub_fenceRDQAJIHq611bardesk1SBRAJHHc612pub_chairPCRAJRAHf618pub_fenceRDRAJHHQ711bardesk2SBSAJHHf718pub_fenceRDSAJHHq811bardesk1SBPBJHHc812pub_chairPCPBJRAHf818pub_fenceRDPBJHHw910bardesk4RBQBJHHW911bardesk3SBQBJHHf918pub_fenceRDQBJHHf1018pub_fenceRDRBJHHC112pub_chair2JSBKPAHC113pub_chair2KSBKPAHC115pub_chair2QASBKPAHC116pub_chair2RASBKPAHf118pub_fencePBSBKIHf1118pub_fenceRDSBJHHf128pub_fencePBPCKHHf1218pub_fenceRDPCJHHf138pub_fencePBQCKHHC139pub_chair2QBQCJJHk1314pub_chair3RCQCJJHT1315pub_table2SCQCJIHk1316pub_chair3PDQCJRAHf1318pub_fenceRDQCJHHf148pub_fencePBRCKJHC149pub_chair2QBRCJJHk1414pub_chair3RCRCJJHT1415pub_table2SCRCJJHk1416pub_chair3PDRCJRAHf1418pub_fenceRDRCJHHt151pub_tableISCKHHf155pub_fenceQASCKIHf1518pub_fenceRDSCJHHS161pub_sofa2IPDKJHf165pub_fenceQAPDKHHf1618pub_fenceRDPDJHHs171pub_sofaIQDKJHf175pub_fenceQAQDKHHk1713pub_chair3QCQDJPAHk1714pub_chair3RCQDJPAHk1715pub_chair3SCQDJPAHk1716pub_chair3PDQDJPAHf1718pub_fenceRDQDJHHs181pub_sofaIRDKJHf185pub_fenceQARDKHHT1813pub_table2QCRDJQAHT1814pub_table2RCRDJRAHT1815pub_table2SCRDJRAHT1816pub_table2PDRDJPAHf1818pub_fenceRDRDJHHs192pub_sofaJSDKHHS193pub_sofa2KSDKHHf195pub_fenceQASDKHHk1913pub_chair3QCSDJHHk1914pub_chair3RCSDJHHk1915pub_chair3SCSDJHHk1916pub_chair3PDSDJHHf1918pub_fenceRDSDJHHf201pub_fenceIPEKQAHf202pub_fenceJPEKRAHf203pub_fenceKPEKRAHf204pub_fencePAPEKRAHf205pub_fenceQAPEKKHf2018pub_fenceRDPEJHHS217pub_sofa2SAQEIPAHs218pub_sofaPBQEIPAHf2112pub_fencePCQEJQAHf2113pub_fenceQCQEJRAHf2114pub_fenceRCQEJRAHf2115pub_fenceSCQEJRAHf2116pub_fencePDQEJRAHf2117pub_fenceQDQEJRAHf2118pub_fenceRDQEJKHS226pub_sofa2RAREIJHt2215pub_tableSCREHHHC2216pub_chair2PDREHPAHC2217pub_chair2QDREHPAHs236pub_sofaRASEIJHT238pub_table2PBSEIIHs246pub_sofaRAPFIJHT248pub_table2PBPFIHHs256pub_sofaRAQFIJHT258pub_table2PBQFIJ', '0'),
('newbie_lobby', 2, 11, 0, 2, 'xxxxxxxxxxxxxxxx000000\r\nxxxxx0xxxxxxxxxx000000\r\nxxxxx00000000xxx000000\r\nxxxxx000000000xx000000\r\n0000000000000000000000\r\n0000000000000000000000\r\n0000000000000000000000\r\n0000000000000000000000\r\n0000000000000000000000\r\nxxxxx000000000000000xx\r\nxxxxx000000000000000xx\r\nx0000000000000000000xx\r\nx0000000000000000xxxxx\r\nxxxxxx00000000000xxxxx\r\nxxxxxxx0000000000xxxxx\r\nxxxxxxxx000000000xxxxx\r\nxxxxxxxx000000000xxxxx\r\nxxxxxxxx000000000xxxxx\r\nxxxxxxxx000000000xxxxx\r\nxxxxxxxx000000000xxxxx\r\nxxxxxxxx000000000xxxxx\r\nxxxxxx00000000000xxxxx\r\nxxxxxx00000000000xxxxx\r\nxxxxxx00000000000xxxxx\r\nxxxxxx00000000000xxxxx\r\nxxxxxx00000000000xxxxx\r\nxxxxx000000000000xxxxx\r\nxxxxx000000000000xxxxx', 'SOHa016crl_lampPDHHHHy017crl_sofa2cQDHHPAHw018crl_sofa2bRDHHPAHv019crl_sofa2aSDHHPAHa020crl_lampPEHHHHb116crl_chairPDIHJHa27crl_lampSAJHHHa211crl_lampSBJHHHb216crl_chairPDJHJHc35crl_pillarQAKHHHb37crl_chairSAKHJHu39crl_table1bQBKHHHs311crl_sofa1cSBKHRAHb316crl_chairPDKHJHA319crl_table2bSDKHHHz320crl_table2aPEKHHHa40crl_lampHPAHHHy41crl_sofa2cIPAHPAHw42crl_sofa2bJPAHPAHv43crl_sofa2aKPAHPAHa44crl_lampPAPAHHHt49crl_table1aQBPAHHHr411crl_sofa1bSBPAHRAHh415crl_wall2aSCPAHHHa416crl_lampPDPAHHHb50crl_chairHQAHJHb57crl_chairSAQAHJHq511crl_sofa1aSBQAHRAHA62crl_table2bJRAHHHz63crl_table2aKRAHHHa611crl_lampSBRAHHHb70crl_chairHSAHJHa80crl_lampHPBHHHD81crl_sofa3cIPBHHHC82crl_sofa3bJPBHHHB83crl_sofa3aKPBHHHa84crl_lampPAPBHHHo819crl_barchair2SDPBHHHp820crl_tablebarPEPBHHHo821crl_barchair2QEPBHHHE95crl_pillar2QAQBHHHc99crl_pillarQBQBHHHP158crl_desk1aPBSCHHHO159crl_deskiQBSCHHHN1510crl_deskhRBSCHHHM1610crl_deskgRBPDHHHL1710crl_deskfRBQDHHHK1810crl_deskeRBRDHHHK1910crl_deskeRBSDHHHK2010crl_deskeRBPEHHHK2110crl_deskeRBQEHHHK2210crl_deskeRBREHHHK2310crl_deskeRBSEHHHG247crl_wallbSAPFHHHK2410crl_deskeRBPFHHHF257crl_wallaSAQFHHHH258crl_desk1bPBQFHHHI259crl_desk1cQBQFHHHJ2510crl_desk1dRBQFHHHd2712crl_lamp2PCSFHHHf2713crl_cabinet2QCSFHHHe2714crl_cabinet1RCSFHHHd2715crl_lamp2SCSFHH', '0'),
('tearoom', 21, 19, 1, 6, 'xxxxxxxxxxxxxxxxxxxxxx\r\nxxxxxxxx3333x33333333x\r\n333333xx3333x33333333x\r\n3333333x3333x33333333x\r\n3333333x3333x33333333x\r\n3333333xxxxxx33333333x\r\n333333333333333333333x\r\n333333333333333333333x\r\n333333333333333333333x\r\n333333333333333333333x\r\n33333333222x333333333x\r\n33333333222x333333333x\r\n33333333222x333333333x\r\n33333333222x333333333x\r\n33333333111x333333333x\r\n33333333111x333333333x\r\n33333333111x333333333x\r\nxxxxxxxx111xxxxxxxxxxx\r\n11111111111111111111xx\r\n1111111111111111111111\r\n1111111111111111111111\r\n11111111111111111111xx', 'QIHh113hardwoodsofa1QCIKPAHi114hardwoodsofa2RCIKPAHj115hardwoodsofa3SCIKPAHc116teabambooPDIKHHh118hardwoodsofa1RDIKPAHi119hardwoodsofa2SDIKPAHj120hardwoodsofa3PEIKPAHl313teasmalltable1QCKKHHk315teasmalltable2SCKKHHl318teasmalltable1RDKKHHk320teasmalltable2PEKKHHe62teastoolJRAKPAHe63teastoolKRAKPAHf68chinastoolredPBRAKPAHf69chinastoolredQBRAKPAHf610chinastoolredRBRAKPAHf611chinastoolredSBRAKPAHa82teatable1JPBKHHb83teatable2KPBKHHm92teastool2JQBKHHm93teastool2KQBKHHe916teastoolPDQBKPAHe917teastoolQDQBKPAHa1116teatable1PDSBKHHb1117teatable2QDSBKHHe122teastoolJPCKPAHe123teastoolKPCKPAHm1216teastool2PDPCKHHm1217teastool2QDPCKHHa142teatable1JRCKHHb143teatable2KRCKHHm152teastool2JSCKHHm153teastool2KSCKHHd180teavaseHRDIHHg190chinastoolgreenHSDIJHg200chinastoolgreenHPEIJHd210teavaseHQEIH', '0'),
('rooftop', 17, 12, 4, 2, '44xxxxxxxxxxxxxxxxxx\r\n444xxxxxxxxxxx444444\r\n4444xxxxxxxxxx444444\r\n44444xxxx4xxxx444444\r\n444444xxx44xxx444444\r\n44444444444444444444\r\n44444444444444444444\r\n44444444444444444444\r\n44444444xx44xx44xx44\r\n44444444xx44xx44xx44\r\n44444444444444444444\r\n44444444444444444444\r\n44444444444444444444\r\nx444444x444444xx4444\r\nx444444x444444xx333x\r\nx444444x444444xx222x\r\nx444444x444444xx11xx\r\nx444444x444444xxxxxx', 'PKHa10rooftop_minichairHIPAPAHd116rooftop_flatcurbPDIPAPAHe117rooftop_flatcurb2QDIPAPAHc20rooftop_rodtableHJPAHHa21rooftop_minichairIJPARAHa30rooftop_minichairHKPAHHd416rooftop_flatcurbPDPAPAHHe417rooftop_flatcurb2QDPAPAHHa62rooftop_minichairJRAPAPAHa71rooftop_minichairISAPAJHc72rooftop_rodtableJSAPAHHa73rooftop_minichairKSAPARAHa82rooftop_minichairJPBPAHHa90rooftop_minichairHQBPAPAHb100rooftop_emptytableHRBPAHHa110rooftop_minichairHSBPAHHd131rooftop_flatcurbIQCPAJHd136rooftop_flatcurbRAQCPARAHd138rooftop_flatcurbPBQCPAJHd1313rooftop_flatcurbQCQCPARAHf141rooftop_flatcurb3IRCPAJHf146rooftop_flatcurb3RARCPARAHf148rooftop_flatcurb3PBRCPAJHf1413rooftop_flatcurb3QCRCPARAHf151rooftop_flatcurb3ISCPAJHf156rooftop_flatcurb3RASCPARAHf158rooftop_flatcurb3PBSCPAJHf1513rooftop_flatcurb3QCSCPARAHf161rooftop_flatcurb3IPDPAJHf166rooftop_flatcurb3RAPDPARAHf168rooftop_flatcurb3PBPDPAJHf1613rooftop_flatcurb3QCPDPARAHg171rooftop_flatcurb4IQDPAHHf172rooftop_flatcurb3JQDPAHHf173rooftop_flatcurb3KQDPAHHf174rooftop_flatcurb3PAQDPAHHf175rooftop_flatcurb3QAQDPAHHh176rooftop_flatcurb5RAQDPAHHg178rooftop_flatcurb4PBQDPAHHf179rooftop_flatcurb3QBQDPAHHf1710rooftop_flatcurb3RBQDPAHHf1711rooftop_flatcurb3SBQDPAHHf1712rooftop_flatcurb3PCQDPAHHh1713rooftop_flatcurb5QCQDPAH', '0'),
('rooftop_2', 4, 9, 0, 2, 'x0000x000\r\nxxxxxx000\r\n000000000\r\n000000000\r\n000000000\r\n000000000\r\n000000000\r\n000000000\r\n000000000\r\n000000000\r\nxxx000xxx\r\nxxx000xxx', 'RDHk08rooftop_bigchairPBHHPAHl18rooftop_bigtablePBIHHHj20rooftop_sofabHJHPAHi21rooftop_sofaIJHPAHk28rooftop_bigchairPBJHHHk38rooftop_bigchairPBKHPAHl48rooftop_bigtablePBPAHHHj50rooftop_sofabHQAHHHi51rooftop_sofaIQAHHHk58rooftop_bigchairPBQAHHHj60rooftop_sofabHRAHPAHi61rooftop_sofaIRAHPAHj67rooftop_sofabSARAHPAHi68rooftop_sofaPBRAHPAHj90rooftop_sofabHQBHHHi91rooftop_sofaIQBHHHj97rooftop_sofabSAQBHHHi98rooftop_sofaPBQBHH', '0'),
('star_lounge', 37, 36, 0, 2, 'xxxxxxxxxxxxxxxxxxxxxxxxxxxxxxxxxxxxxxxxxxxxxxxxxx\r\nxxxxxxxxxxxxxxxxxxxxxxxxxxxxxxxxxxxxxxxxxxxxxxxxxx\r\nxxxxxxxxxxxxxxxxxxxxxxxxxxxxxxxxxxxxxxxxxxxxxxxxxx\r\nxxxxxxxxxxxxxxxxxxxxxxxxxxxxxxxxxxxxxxxxxxxxxxxxxx\r\nxxxxxxxxxxxxxxxxxxxxxxxxxxxxxxxxxxxxxxxxxxxxxxxxxx\r\nxxxxxxxxxxxxxxxxxxxxxxxxxxxxxxxxxxxxxxxxxxxxxxxxxx\r\nxxxxxxxxxxxxxxxxxxxxxxxxxxxxxxxxxxxxxxxxxxxxxxxxxx\r\nxxxxxxxxxxxxxxxxxxxxxxxxxxxxxxxxxxxxxxxxxxxxxxxxxx\r\nxxxxxxxxxxxxxxxxxxxxxxxxxxxxxxxxxxxxxxxxxxxxxxxxxx\r\nxxxxxxxxxxxxxxxxxxxxxxxxxxxxxxxxxxxxxxxxxxxxxxxxxx\r\nxxxxxxxxxxxxxxxxxxxxxxxxxxxxxxxxxxxxxxxxxxxxxxxxxx\r\nxxxxxxxxxxxxxxxxxxxxxxxxxxxxxxxxxxxxxxxxxxxxxxxxxx\r\nxxxxxxxxxxxxxxxxxxxxxxxxxxxxxxxxxxxxxxxxxxxxxxxxxx\r\nxxxxxxxxxxxxxxxxxxxxxxxxxxxxxxxxxxxxxxxxxxxxxxxxxx\r\nxxxxxxxxxxxxxxxxxxxxxxxxxxxxxxxxxxxxxxxxxxxxxxxxxx\r\nxxxxxxxxxxxxxxxxxxxxx2222x4444442222xxxxxxxxxxxxxx\r\nxxxxxxxxxxxxxxxxxxxxx22222x444x32222xxxxxxxxxxxxxx\r\nxxxxxxxxxxxxxxxxxxxxx22222xx4xx22222xxxxxxxxxxxxxx\r\nxxxxxxxxxxxxxxxxxxxxx222222222222222xxxxxxxxxxxxxx\r\nxxxxxxxxxxxxxxxxxxxxx222222222222222xxxxxxxxxxxxxx\r\nxxxxxxxxxxxxxxxxxxxxx222222222222222xxxxxxxxxxxxxx\r\nxxxxxxxxxxxxxxxxxxxxx222222222222222xxxxxxxxxxxxxx\r\nxxxxxxxxxxxxxxxxxxxxx222222222222222xxxxxxxxxxxxxx\r\nxxxxxxxxxxxxxxxxxxxxx222222222222222xxxxxxxxxxxxxx\r\nxxxxxxxxxxxxxxxxxxxxx22222222222222211111xxxxxxxxx\r\nxxxxxxxxxxxxxxxxxxxxx22222222222222211111xxxxxxxxx\r\nxxxxxxxxxxxxxxxxxxxxx22222222222222211111xxxxxxxxx\r\nxxxxxxxxxxxxxxxxxxxxx22222222222222211111xxxxxxxxx\r\nxxxxxxxxxxxxxxxxxxxxx22222222222222222111xxxxxxxxx\r\nxxxxxxxxxxxxxxxxxxxxx22222222222222222111xxxxxxxxx\r\nxxxxxxxxxxxxxxxx3333x22222222222222xxxxxxxxxxxxxxx\r\nxxxxxxxxxxxxxxxx3333x22222222222222xxxxxxxxxxxxxxx\r\nxxxxxxxxxxxxxxxx3333x22222222221111xxxxxxxxxxxxxxx\r\nxxxxxxxxxxxxxxxx3333xx2x22222220000xxxxxxxxxxxxxxx\r\nxxxxxxxxxxxxxxxx333333332222222000000xxxxxxxxxxxxx\r\nxxxxxxxxxxxxxxxx333333332222222x0000000xxxxxxxxxxx\r\nxxxxxxxxxxxxxxxxx33333332222222x0000000xxxxxxxxxxx\r\nxxxxxxxxxxxxxxxxxxxxxxxxx222222000000xxxxxxxxxxxxx\r\nxxxxxxxxxxxxxxxxxxxxxxxxxxxxxxxxxxxxxxxxxxxxxxxxxx\r\nxxxxxxxxxxxxxxxxxxxxxxxxxxxxxxxxxxxxxxxxxxxxxxxxxx\r\nxxxxxxxxxxxxxxxxxxxxxxxxxxxxxxxxxxxxxxxxxxxxxxxxxx\r\nxxxxxxxxxxxxxxxxxxxxxxxxxxxxxxxxxxxxxxxxxxxxxxxxxx\r\nxxxxxxxxxxxxxxxxxxxxxxxxxxxxxxxxxxxxxxxxxxxxxxxxxx\r\nxxxxxxxxxxxxxxxxxxxxxxxxxxxxxxxxxxxxxxxxxxxxxxxxxx\r\nxxxxxxxxxxxxxxxxxxxxxxxxxxxxxxxxxxxxxxxxxxxxxxxxxx\r\nxxxxxxxxxxxxxxxxxxxxxxxxxxxxxxxxxxxxxxxxxxxxxxxxxx\r\nxxxxxxxxxxxxxxxxxxxxxxxxxxxxxxxxxxxxxxxxxxxxxxxxxx\r\nxxxxxxxxxxxxxxxxxxxxxxxxxxxxxxxxxxxxxxxxxxxxxxxxxx\r\nxxxxxxxxxxxxxxxxxxxxxxxxxxxxxxxxxxxxxxxxxxxxxxxxxx\r\nxxxxxxxxxxxxxxxxxxxxxxxxxxxxxxxxxxxxxxxxxxxxxxxxxx', 'PXHk1521star_tableQESCJHHa1522star_sofaRESCJPAHb1523star_sofa2SESCJPAHz1524palmPFSCJHHb1621star_sofa2QEPDJJHQ1632dj1PHPDJHHW1633dj2QHPDJHHE1634dj3RHPDJHHa1721star_sofaQEQDJJHm1728star_microphonePGQDPAHHb1821star_sofa2QERDJJHa1835star_sofaSHRDJRAHa1921star_sofaQESDJJHb1935star_sofa2SHSDJRAHb2021star_sofa2QEPEJJHb2024star_sofa2PFPEJJHa2032star_sofaPHPEJRAHa2035star_sofaSHPEJRAHa2121star_sofaQEQEJJHa2124star_sofaPFQEJJHb2132star_sofa2PHQEJRAHb2135star_sofa2SHQEJRAHc2221star_sofachairQEREJJHk2224star_tablePFREJHHb2225star_sofa2QFREJHHa2226star_sofaRFREJHHb2230star_sofa2RGREJHHa2231star_sofaSGREJHHk2232star_tablePHREJHHk2235star_tableSHREJHHz2321palmQESEJHHa2335star_sofaSHSEJRAHp2422bar10REPFJHHb2435star_sofa2SHPFJRAHa2437star_sofaQIPFIPAHb2438star_sofa2RIPFIPAHa2439star_sofaSIPFIPAHb2440star_sofa2PJPFIPAHo2522bar9REQFJHHb2525star_sofa2QFQFJHHa2526star_sofaRFQFJHHb2530star_sofa2RGQFJHHa2531star_sofaSGQFJHHa2535star_sofaSHQFJRAHb2536star_sofa2PIQFIJHi2622bar8RERFJHHX2625palm1QFRFJHHV2626palm3RFRFJHHC2630palm2RGRFJHHB2631palm4SGRFJHHb2635star_sofa2SHRFJRAHa2636star_sofaPIRFIJHk2639star_tableSIRFIHHk2640star_tablePJRFIHHu2722bar7RESFJHHa2725star_sofaQFSFJPAHb2726star_sofa2RFSFJPAHa2730star_sofaRGSFJPAHb2731star_sofa2SGSFJPAHk2735star_tableSHSFJHHz2736palmPISFIHHk2737star_tableQISFIHHy2822bar6REPGJHHt2922bar5REQGJHHk2925star_tableQFQGJHHk2926star_tableRFQGJHHk3016star_tablePDRGKHHr3022bar4RERGJHHb3116star_sofa2PDSGKJHe3122bar3RESGJHHb3125star_sofa2QFSGJHHa3126star_sofaRFSGJHHa3130star_sofaRGSGJRAHa3216star_sofaPDPHKJHw3222bar2REPHJHHB3225palm4QFPHJHHX3226palm1RFPHJHHb3230star_sofa2RGPHJRAHb3316star_sofa2PDQHKJHq3322bar1REQHJHHa3325star_sofaQFQHJPAHb3326star_sofa2RFQHJPAHa3330star_sofaRGQHJRAHa3416star_sofaPDRHKJHb3430star_sofa2RGRHJRAHV3435palm3SHRHHHHC3436palm2PIRHHHHk3516star_tablePDSHKHHa3530star_sofaRGSHJRAHb3630star_sofa2RGPIJRAHc3725star_sofachairQFQIJHHb3726star_sofa2RFQIJHHa3727star_sofaSFQIJHHb3728star_sofa2PGQIJHHa3729star_sofaQGQIJHHk3730star_tableRGQIJH', '0'),
('netcafe', 22, 12, 0, 2, 'xxxxx1111xxxxxxxxxxx1xxxx\r\nxxxxx1111111111111111xxxx\r\nxxxxx1111111111111111xxxx\r\nxxxxx1111111111111111xxxx\r\nxxxxxxxx0000000000000xxxx\r\n111111100000000000000xxxx\r\n111111100000000000000xxxx\r\n111111100000000000000xxxx\r\nxxxx11100000000000000xxxx\r\nx1xx11100000000000000xxxx\r\nx1xx11100000000000000xxxx\r\nx1xx111000000000000000000\r\nx1xx111000000000000000000\r\nxxxx111000000000000000000\r\nxxxx11100000000000000xxxx\r\nxxxx1110000000xx11111xxxx\r\nxxxxx111110000x111111xxxx\r\nxxxxxx111100001111111xxxx\r\nxxxxxx111100001111111xxxx\r\nxxxxxx111100001111111xxxx\r\nxxxxxx111100001111111xxxx\r\nxxxxxx111100001111111xxxx\r\nxxxxxx111100001111111xxxx\r\nxxxxx1111100001111111xxxx', 'RRHi06shift1RAHIPAHj07shift2SAHIPAHm110mRBIIHHl113lQCIIHHk116kPDIIHHk119kSDIIHHh35kukat6QAKIHHg36kukat5RAKIHHc312kukat2PCKIHHb313kukat1QCKIHHc319kukat2SDKIHHb320kukat1PEKIHHi412shift1PCPAHPAHj413shift2QCPAHPAHi419shift1SDPAHPAHj420shift2PEPAHPAHi50shift1HQAIPAHj51shift2IQAIPAHi52shift1JQAIPAHj53shift2KQAIPAHk715kSCSAHJHo716table2PDSAHRAHz717tablecornerQDSAHHHm718mRDSAHRAHl815lSCPBHJHo816table2PDPBHPAHl818lRDPBHRAHm94mPAQBIRAHk99kQBQBHJHp910table3RBQBHRAHz911tablecornerSBQBHHHm912mPCQBHRAHk915kSCQBHJHo916table2PDQBHJHk918kRDQBHRAHk104kPARBIRAHm109mQBRBHJHp1010table3RBRBHPAHm1012mPCRBHRAHm1015mSCRBHJHo1016table2PDRBHHHk1018kRDRBHRAHl114lPASBIRAHl119lQBSBHJHp1110table3RBSBHJHl1112lPCSBHRAHk124kPAPCIRAHl129lQBPCHJHp1210table3RBPCHHHk1212kPCPCHRAHm134mPAQCIRAHc165kukat2QAPDIHHb166kukat1RAPDIHHc167kukat2SAPDIHHb168kukat1PBPDIHHe169kukat3QBPDIHHd1615kukka2SCPDIHHf179kukat4QBQDIHHk186kRARDIRAHe189kukat3QBRDIHHs1820sofabig3PERDIRAHf199kukat4QBSDIHHn1917table1QDSDIPAHz1918tablecornerRDSDIHHr1920sofabig2PESDIRAHn2017table1QDPEIJHr2020sofabig2PEPEIRAHm216mRAQEIRAHn2117table1QDQEIHHq2120sofabig1PEQEIRAHv2316sofalittle3PDSEIHHu2317sofalittle2QDSEIHHt2318sofalittle1RDSEIHHa2320kukkaPESEIH', '0'),
('dusty_lounge', 14, 1, 2, 4, 'xxxxxxxxxxxxxx22xxxxxxxxxxxxx\r\nxxxxxxxxxx222x222x2xxxxxxxxxx\r\nxxxxxxx33322222222223xxxxxxx3\r\nxxxxxxx33322222222223xxxxxxx3\r\nxxxxxxx33322222222223x33333x3\r\nxxxxxxx33322222222223x33333x3\r\nxx111xx33322222222223xxxxxxx3\r\nxx111xxx332222222222333333333\r\nxx111xxxx32222222222333333333\r\nxx111xxxxxx222222222333333333\r\nxx111xxxxxxx1111111x333333333\r\nxx111xxxxxxx1111111x222222222\r\nxx111xxxxxx111111111111111111\r\nxx111xxxxxx111111111111111111\r\n11111xxxxxx111111111111111111\r\n11111xxxxxx111111111111111111\r\n11x11xxxxxx111111111111111111\r\n11xxxxxxxxx11111111111111111x\r\nx11xxxxxxxxx1111111x1111111xx\r\nxx11xxxxxxx111111111111111xxx\r\nxxx11xxxxxx11111111111111xxxx\r\nxxxx11111111111111111111xxxxx\r\nxxxxx11111111111111xxxxxxxxxx\r\nxxxxxxxxxxx11111111xxxxxxxxxx\r\nxxxxxxxxxxx11111111xxxxxxxxxx', 'QHHc48greenchair2PBPAKPAHd49greenchair1QBPAKPAHc68greenchair2PBRAKHHd69greenchair1QBRAKHHa620dustylampPERAKJHa628dustylampPGRAKJHc73greenchair2KSAIPAHd74greenchair1PASAIPAHc93greenchair2KQBIHHd94greenchair1PAQBIHHb1021yellowchairQERBKJHb1023yellowchairSERBKRAHb1026yellowchairRFRBKJHb1028yellowchairPGRBKRAHc1211greenchair2SBPCIJHc133greenchair2KQCIPAHd134greenchair1PAQCIPAHd1311greenchair1SBQCIJHa1411dustylampSBRCIJHc153greenchair2KSCIHHd154greenchair1PASCIHHc1511greenchair2SBSCIJHb1524yellowchairPFSCIPAHd1611greenchair1SBPDIJHb1722yellowchairREQDIJHa1724dustylampPFQDIJHb1726yellowchairRFQDIRAHa1911dustylampSBSDIJHb1924yellowchairPFSDIHHc2312greenchair2PCSEIJHc2314greenchair2RCSEIRAHd2412greenchair1PCPFIJHd2414greenchair1RCPFIRA', '0'),
('orient', 35, 22, 0, 6, 'xxxxxxxxxxxxxxxxxxxxxxxxxxxxxxxxxxxx\r\nxxxxxxxxxxxxxxxx00000000xxxxxxxxxxxx\r\nxxxxxxxxxxxxxx1000000000xxxxxxxxxxxx\r\nxxxxxxxxxxxxxx1xxxxxxxxxxxxxxxxxxxxx\r\nxxxxxxxxxxxxxx1xxxxxxxxxxxxxxxxxxxxx\r\nxxxxxxxxxxxxxx1xxxxxxxxxxxxxxxxxxxxx\r\nxxxxxxxxxxxxxx1xxxxxxxxxxxxxxxxxxxxx\r\nxxxxxxxxxxxxxx1xxxxxxxxxxxxxxxxxxxxx\r\nxxxxxxxxxxxxxx1xxxxxxxxxxxxxxxxxxxxx\r\nxxxxxxxxxxxxxx1xxxxxxxxxxxxxxxxxxxxx\r\nxxxxxxxxxxxxxx1xx000x000xx111x111xxx\r\nxxxxxxxxxxxxxx1xx000x000xxxxxx1111xx\r\nxxxxxxxxxxxxxx1xx000x000x111111111xx\r\nxxxxxxxxxxxxxx1xx000x000x111111111xx\r\nxxx111111111111xx000x000x111111111xx\r\nxxx1xxxxxxxxxxxxx000x000x111111111xx\r\nxxx1x1111111111000000000x111111111xx\r\nxxx1x1111111111000000000xx1111111xxx\r\nxxx1x11xxxxxx11000000000xx1111111100\r\nxxx111xxxxxxx11000000000011111111100\r\nxxx111xxxxxxx11000000000011111111100\r\nxxxxx1xxxxxxx11000000000011111111100\r\nxxxxx11xxxxxx11000000000xx1111111100\r\nxxxxx1111111111000000000xx1111111xxx\r\nxxxxx1111111111xx000x000x111111111xx\r\nxxxxxxxxxxxxxxxxx000x000x111111111xx\r\nxxxxxxxxxxxxxxxxx000x000x111111111xx\r\nxxxxxxxxxxxxxxxxx000x000x111111111xx\r\nxxxxxxxxxxxxxxxxx000x000x111111111xx\r\nxxxxxxxxxxxxxxxxx000x00xx11xxxx111xx\r\nxxxxxxxxxxxxxxxxxxxxxxxxxx11111111xx', 'SOHd1017benchQDRBHJHd1019benchSDRBHRAHd1021benchQERBHJHd1023benchSERBHRAHd1117benchQDSBHJHd1119benchSDSBHRAHd1121benchQESBHJHd1123benchSESBHRAHb1132koc_chairPHSBIPAHd1217benchQDPCHJHd1219benchSDPCHRAHd1221benchQEPCHJHd1223benchSEPCHRAHb1231koc_chairSGPCIJHa1232koc_tablePHPCIHHb1233koc_chairQHPCIRAHd1317benchQDQCHJHd1319benchSDQCHRAHd1321benchQEQCHJHd1323benchSEQCHRAHb1325koc_chairQFQCIPAHb1332koc_chairPHQCIHHd1417benchQDRCHJHd1419benchSDRCHRAHd1421benchQERCHJHd1423benchSERCHRAHa1425koc_tableQFRCIHHb1426koc_chairRFRCIRAHd1517benchQDSCHJHd1519benchSDSCHRAHd1521benchQESCHJHd1523benchSESCHRAHb1525koc_chairQFSCIHHb1529koc_chairQGSCIJHa1530koc_tableRGSCIHHb1531koc_chairSGSCIRAHb1630koc_chairRGPDIHHc2425chairf1QFPFIJHc2433chairf1QHPFIRAHd2517benchQDQFHJHd2519benchSDQFHRAHd2521benchQEQFHJHd2523benchSEQFHRAHc2525chairf1QFQFIJHc2533chairf1QHQFIRAHd2617benchQDRFHJHd2619benchSDRFHRAHd2621benchQERFHJHd2623benchSERFHRAHc2625chairf1QFRFIJHc2633chairf1QHRFIRAHd2717benchQDSFHJHd2719benchSDSFHRAHd2721benchQESFHJHd2723benchSESFHRAHd2817benchQDPGHJHd2819benchSDPGHRAHd2821benchQEPGHJHd2823benchSEPGHRAHd2917benchQDQGHJHd2919benchSDQGHRAHd2921benchQEQGHJHd2923benchSEQG`hFFRA', '0'),
('theater', 20, 27, 0, 0, 'XXXXXXXXXXXXXXXXXXXXXXX\r\nXXXXXXXXXXXXXXXXXXXXXXX\r\nXXXXXXXXXXXXXXXXXXXXXXX\r\nXXXXXXXXXXXXXXXXXXXXXXX\r\nXXXXXXXXXXXXXXXXXXXXXXX\r\nXXXXXXXXXXXXXXXXXXXXXXX\r\nXXXXXXX111111111XXXXXXX\r\nXXXXXXX11111111100000XX\r\nXXXX00X11111111100000XX\r\nXXXX00x11111111100000XX\r\n4XXX00X11111111100000XX\r\n4440000XXXXXXXXX00000XX\r\n444000000000000000000XX\r\n4XX000000000000000000XX\r\n4XX0000000000000000000X\r\n44400000000000000000000\r\n44400000000000000000000\r\n44X0000000000000000O000\r\n44X11111111111111111000\r\n44X11111111111111111000\r\n33X11111111111111111000\r\n22X11111111111111111000\r\n22X11111111111111111000\r\n22X11111111111111111000\r\n22X11111111111111111000\r\n22X11111111111111111000\r\n22211111111111111111000\r\n22211111111111111111000\r\nXXXXXXXXXXXXXXXXXXXX00X\r\nXXXXXXXXXXXXXXXXXXXX00X', 'QKHm1011micSBRBIHHd112thchair2JSBPAJHd122thchair2JPCPAJHd152thchair2JSCPAJHc156thchair1RASCHHHc157thchair1SASCHHHc158thchair1PBSCHHHc159thchair1QBSCHHHc1510thchair1RBSCHHHc1512thchair1PCSCHHHc1513thchair1QCSCHHHc1514thchair1RCSCHHHc1515thchair1SCSCHHHc1516thchair1PDSCHHHd162thchair2JPDPAJHc206thchair1RAPEIHHc207thchair1SAPEIHHc208thchair1PBPEIHHc209thchair1QBPEIHHc2010thchair1RBPEIHHc2012thchair1PCPEIHHc2013thchair1QCPEIHHc2014thchair1RCPEIHHc2015thchair1SCPEIHHc2016thchair1PDPEIHHc236thchair1RASEIHHc237thchair1SASEIHHc238thchair1PBSEIHHc239thchair1QBSEIHHc2310thchair1RBSEIHHc2312thchair1PCSEIHHc2313thchair1QCSEIHHc2314thchair1RCSEIHHc2315thchair1SCSEIHHc2316thchair1PDSEIHHc266thchair1RARFIHHc267thchair1SARFIHHc268thchair1PBRFIHHc269thchair1QBRFIHHc2610thchair1RBRFIHHc2612thchair1PCRFIHHc2613thchair1QCRFIHHc2614thchair1RCRFIHHc2615thchair1SCRFIHHc2616thchair1PDRFIH', '0'),
('picnic', 16, 5, 2, 4, 'xxxxxxxxxxxxxxxxxxxxxxxxxxxxxxxxxxxxxx\r\nxxxxxxxxxxxxxxxxxxxxxxxxxxxxxxxxxxxxxx\r\nxxxxxxxxxxxxxxxxxxxxxxxxxxxxxxxxxxxxxx\r\nxxxxxxxxxxxxxxxxxxxxxxxxxxxxxxxxxxxxxx\r\nxx22222xxxxxxxxxxxxxxxxxxxxxxxxxxxxxxx\r\n22xxxxxxxxxxxxx22xxxxxxxxxxxxxxxxxxxxx\r\n2222222222222222222x222222222222222222\r\n22222222222222222222222222222222222222\r\n22222222222222222222222222222222222222\r\n22222222222222222222222222222222222222\r\n22222222222xxx222222222222222222222222\r\n2222222222xx33x22222222222222222222222\r\n222222222xx3333x2222222222222222222222\r\n222222222x333333x222222222222222222222\r\n222222222x333333x222222222222222222222\r\n2222222222x3332x2222222222222222222222\r\n22222222222x33x22222222222222222222222\r\n22222222222222222222222222222222222222\r\n22222222222222222222222222222222222222\r\n22222222222222222222222222222222222222\r\n22222222222222222222222222222222222222\r\n22222222222222222222222222222222222222\r\n22222222222222222222222222222222222222\r\n22222222x22222xxxx22222222222222222222\r\n22222222222222xxxx22222222222222222222\r\n22222222222222xxx222222222222222222222\r\n22222222222222222222222222222222222222\r\n22222222222222222222222222222222222222\r\n22222222222222222222222222222222222222\r\n22222222222222222222222222222222222222\r\n22222222222222222222222222222222222222\r\n22222222222222222222222222222222222222\r\n22222222222222222222222222222222222222\r\n22222222222222222222222222222222222222\r\n22222222222222222222222222222222222222\r\n22222222222222222222222222222222222222\r\n22222222222222222222222222222222222222\r\n22222222222222222222222222222222222222\r\n22222222222222222222222222222222222222\r\n22222222222222222222222222222222222222\r\n22222222222222222222222222222222222222\r\n22222222222222222222222222222222222222\r\n22222222222222222222222222222222222222\r\n22222222222222222222222222222222222222', 'PcHh710hedge7RBSAJPAHh711hedge7SBSAJPAHh712hedge7PCSAJPAHh713hedge7QCSAJPAHy714hedge8RCSAJPAHs718hedge2RDSAJPAHh719hedge7SDSAJPAHh720hedge7PESAJPAHh721hedge7QESAJPAHz814hedge9RCPBJPAHz818hedge9RDPBJPAHv93hedge5KQBJPAHz103hedge9KRBJPAHc1112picnic_dummychair1PCSBKPAHc1113picnic_dummychair1QCSBKPAHc1114picnic_dummychair1RCSB`hFFPAHc1310picnic_dummychair1RBQCKJHc1315picnic_dummychair1SCQCKRAHb1321picnic_groundQEQCJPAHb147picnic_groundSARCJPAHc1410picnic_dummychair1RBRCKJHc1415picnic_dummychair1SCRCKRAHb1519picnic_groundSDSCJJHb1523picnic_groundSESCJRAHb165picnic_groundQAPDJJHb169picnic_groundQBPDJRAHL1620picnic_cloth1PEPDJJHL176picnic_cloth1RAQDJJHb1721picnic_groundQEQDJHHb187picnic_groundSARDJHHa190picnic_redbench2HSDJJHA200picnic_redbench1HPEJJHw2011hedge6SBPEJPAHh2012hedge7PCPEJPAHh2013hedge7QCPEJPAHt2014hedge3RCPEJPAHu2017hedge4QDPEJPAHh2018hedge7RDPEJPAHh2019hedge7SDPEJPAHy2020hedge8PEPEJPAHv2111hedge5SBQEJPAHM2112picnic_bench1PCQEJPAHN2113picnic_bench2QCQEJPAHO2114picnic_bench3RCQEJPAHM2117picnic_bench1QDQEJPAHN2118picnic_bench2RDQEJPAHO2119picnic_bench3SDQEJPAHv2120hedge5PEQEJPAHa220picnic_redbench2HREJJHv2211hedge5SBREJPAHv2220hedge5PEREJPAHb2225picnic_groundQFREJPAHA230picnic_redbench1HSEJJHv2311hedge5SBSEJPAHM2312picnic_bench1PCSEJJHM2319picnic_bench1SDSEJRAHv2320hedge5PESEJPAHc246picnic_dummychair1RAPFJPAHd247picnic_dummychair4SAPFJPAHe248picnic_dummychair6PBPFJPAHv2411hedge5SBPFJPAHN2412picnic_bench2PCPFJJHN2419picnic_bench2SDPFJRAHv2420hedge5PEPFJPAHb2423picnic_groundSEPFJJHb2427picnic_groundSFPFJRAHK255picnic_stumpQAQFJJHv2511hedge5SBQFJPAHN2512picnic_bench2PCQFJJHN2519picnic_bench2SDQFJRAHv2520hedge5PEQFJPAHG2524picnic_cloth2PFQFJJHK267picnic_stumpSARFJHHv2611hedge5SBRFJPAHO2612picnic_bench3PCRFJJHH2614picnic_fireplace1RCRFJHHI2616picnic_fireplace2PDRFJJHO2619picnic_bench3SDRFJRAHv2620hedge5PERFJPAHb2625picnic_groundQFRFJHHz2711hedge9SBSFJPAHQ2712picnic_lemonadePCSFJPAHz2720hedge9PESFJPAHE298picnic_firewood2PBQGJHHa300picnic_redbench2HRGJJHD308picnic_firewood1PBRGJHHA310picnic_redbench1HSGJJHD318picnic_firewood1PBSGJHHM3112picnic_bench1PCSGJPAHN3113picnic_bench2QCSGJPAHO3114picnic_bench3RCSGJPAHM3118picnic_bench1RDSGJPAHN3119picnic_bench2SDSGJPAHO3120picnic_bench3PESGJPAHf3127picnic_carrotSFSGJHHf3128picnic_carrotPGSGJHHf3129picnic_carrotQGSGJHHf3130picnic_carrotRGSGJHHf3131picnic_carrotSGSGJHHD328picnic_firewood1PBPHJHHF3212picnic_table2PCPHJJHP3214picnic_tableRCPHJJHF3218picnic_table2RDPHJJHP3220picnic_tablePEPHJJHr333hedge1KQHJPAHD338picnic_firewood1PBQHJHHM3312picnic_bench1PCQHJHHN3313picnic_bench2QCQHJHHO3314picnic_bench3RCQHJHHM3318picnic_bench1RDQHJHHN3319picnic_bench2SDQHJHHO3320picnic_bench3PEQHJHHg3327picnic_cabbageSFQHJHHg3328picnic_cabbagePGQHJHHg3329picnic_cabbageQGQHJHHv343hedge5KRHJPAHD348picnic_firewood1PBRHJHHv353hedge5KSHJPAHD358picnic_firewood1PBSHJHHv363hedge5KPIJPAHD368picnic_firewood1PBPIJHHD378picnic_firewood1PBQIJHHM3712picnic_bench1PCQIJPAHN3713picnic_bench2QCQIJPAHO3714picnic_bench3RCQIJPAHM3718picnic_bench1RDQIJPAHN3719picnic_bench2SDQIJPAHO3720picnic_bench3PEQIJPAHD388picnic_firewood1PBRIJHHF3812picnic_table2PCRIJJHP3814picnic_tableRCRIJJHF3818picnic_table2RDRIJJHP3820picnic_tablePERIJJHJ398picnic_firewood3PBSIJHHM3912picnic_bench1PCSIJHHN3913picnic_bench2QCSIJHHO3914picnic_bench3RCSIJHHM3918picnic_bench1RDSIJHHN3919picnic_bench2SDSIJHHO3920picnic_bench3PESIJH', '0'),
('cinema_a', 20, 27, 1, 0, 'xxxxxxx1xx11111111xxxxxx\r\nxxx1111111111111111xxxxx\r\nxxx111xxxx1111111111xxxx\r\nxxxx2xxxxxxxxxxxxxxxxxxx\r\nxx3x3x333311xxxxxxxxxx11\r\nxx3333333311111111111111\r\nxx3333333311111111111111\r\nxx3333333311111111122111\r\nxx3333333311x22222222111\r\nxx3333333311x22222222111\r\nxx3333333311xxxxxxxxx111\r\nxx3333333311111111111111\r\nxx3333333311111111111111\r\nxx3333333311111111111111\r\nxx3333333311111xxxx11111\r\nxx3333333311111xxxx11111\r\nxx3333333311111xxxx11111\r\nxx3333333311111xxxx11111\r\nxx3333333311111xxxx11111\r\nxx3333333311111xxxx11111\r\nxx3333333311111xxxx11111\r\n333333332111111xxxx11111\r\n333333332111111111111111\r\n333333332111111111111111\r\n333333332111111111111111\r\nxx3333332111111111111111\r\nxxxxxxxxxxxxxxxxxxx11111\r\nxxxxxxxxxxxxxxxxxxx11111\r\nxxxxxxxxxxxxxxxxxxx11111', 'PUHC42orangeJPAKHHA47loungey_chairSAPAKJHV48loungey_tablebigbPBPAKHHA49loungey_chairQBPAKRAHA52loungey_chairJQAKPAHA57loungey_chairSAQAKJHU58loungey_tablebigaPBQAKHHA59loungey_chairQBQAKRAHB62loungey_tableJRAKHHA72loungey_chairJSAKHHh713theater_chairQCSAIHHh714theater_chairRCSAIHHh715theater_chairSCSAIHHh716theater_chairPDSAIHHh717theater_chairQDSAIHHh718theater_chairRDSAIHHz721stairQESAIHHL89lightpoleQBPBKHHq813pomomaskiQCPBJJHq814pomomaskiRCPBJHHq815pomomaskiSCPBJHHq816pomomaskiPDPBJHHq817pomomaskiQDPBJHHq818pomomaskiRDPBJHHq819pomomaskiSDPBJIHz821stairQEPBIHHC92orangeJQBKHHh913theater_chairQCQBJHHh914theater_chairRCQBJHHh915theater_chairSCQBJHHh916theater_chairPDQBJHHh917theater_chairQDQBJHHh918theater_chairRDQBJHHh919theater_chairSDQBJHHh920theater_chairPEQBJHHz921stairQEQBIHHA102loungey_chairJRBKPAHA109loungey_chairQBRBKPAHB112loungey_tableJSBKHHB119loungey_tableQBSBKHHA122loungey_chairJPCKHHA129loungey_chairQBPCKHHd1217cubicb_chairQDPCIRAHc1219cubico_chairSDPCIJHd1315cubicb_chairSCQCIJHL1319lightpoleSDQCIHHd1320cubicb_chairPEQCIRAHL149lightpoleQBRCKHHA152loungey_chairJSCKPAHd1514cubicb_chairRCSCIPAHc1519cubico_chairSDSCIPAHB162loungey_tableJPDKHHA167loungey_chairSAPDKJHB168loungey_tablePBPDKJHA169loungey_chairQBPDKRAHd1613cubicb_chairQCPDIJHd1614cubicb_chairRCPDIRAHC1619orangeSDPDIHHA172loungey_chairJQDKHHA177loungey_chairSAQDKJHB178loungey_tablePBQDKJHA179loungey_chairQBQDKRAHd1719cubicb_chairSDQDIJHC182orangeJRDKHHd1814cubicb_chairRCRDIPAHK192bardesqueJSDKHHK202bardesqueJPEKIHb203bar_chairKPEKRAHL209lightpoleQBPEKHHd2014cubicb_chairRCPEIHHd2019cubicb_chairSDPEIJHc2020cubico_chairPEPEIRAHK212bardesqueJQEKIHb213bar_chairKQEKRAHd2119cubicb_chairSDQEIHHK222bardesqueJREKIHb223bar_chairKREKRAHL2216lightpolePDREIHHc2218cubico_chairRDREIHHK232bardesqueJSEKIHb233bar_chairKSEKRAHK242bardesqueJPFKIHb243bar_chairKPFKRAHK252bardesqueJQFKJ', '0'),
('the_den', 3, 22, 0, 0, '00000000xxxxxxxx\r\n0000000000000000\r\n0000000000000000\r\n000000000000xx00\r\n0000000000000000\r\n0000000000000000\r\n0000000000000000\r\nx000000000000000\r\n0000000000000000\r\n0000000000000000\r\n0000000000000000\r\n0000000000000000\r\nx000000000000000\r\nx000000000000000\r\nx000000000000000\r\nx000000000000000\r\nx000000000000000\r\nx000000000000000\r\nx000000000000000\r\nx000000000000000\r\nxxx00xxxxxxxxxxx\r\nxxx00xxxxxxxxxxx\r\nxxx00xxxxxxxxxxx\r\nGV00000000xxxxxxxx\r\n0000000000000000\r\n0000000000000000\r\n000000000000xx00\r\n0000000000000000\r\n0000000000000000\r\n0000000000000000\r\nx000000000000000\r\n0000000000000000\r\n0000000000000000\r\n0000000000000000\r\n0000000000000000\r\nx000000000000000\r\nx000000000000000\r\nx000000000000000\r\nx000000000000000\r\nx000000000000000\r\nx000000000000000\r\nx000000000000000\r\nx000000000000000\r\nxxx00xxxxxxxxxxx\r\nxxx00xxxxxxxxxxx\r\nxxx00xxxxxxxxxxx', '', '0'),
('model_s', 0, 3, 0, 2, 'xxxxxx\r\nx00000\r\nx00000\r\n000000\r\nx00000\r\nx00000\r\nx00000\r\nx00000', '', '0'),
('park_a', 2, 15, 0, 2, 'xxxxxxxxxxxxxxxxxxxxxxxxxxxxxxxxxxxxxxxxxxxx\r\nxxxxxxxxxxxxxxxxxxxxxxxxxxxxxxxxxxxxxxxxxxxx\r\nxxxxxxxxxxxxxxxxxxxxxxxxxxxxxx0xxxxxxxxxxxxx\r\nxxxxxxxxxxxxxxxxxxxxxxxxxxxxxx00xxxxxxxxxxxx\r\nxxxxxxxxxxxxx0x00xxxxxxxxxxx0x000xxxxxxxxxxx\r\nxxxxxxxxxxxx0000000000000000000000xxxxxxxxxx\r\nxxxxxxxxxxx000000000000000000000000xxxxxxxxx\r\nxxxxxxxxxxx0000000000000000000000000xxxxxxxx\r\nxxxxxxxxxxx00000000000000000000000000xxxxxxx\r\nxxxxxxxx000000000000000000000000000000xxxxxx\r\nxxxxxxx00000000000000000000000000000000xxxxx\r\nxxxxxxx000000000000000000000000000000000xxxx\r\nxxxxxxx0000000000000000000000000000000000xxx\r\nxxxxxxxxx000000000000000000000000000000000xx\r\n00000000000000000000xx00000000000000000000xx\r\n0000000000000000000xxxx00000000000xxxxxxx0xx\r\n0000000000000000000xxxx00000000000x00000xxxx\r\nxxxxx00x0000000000xxxxx0xxxxxx0000x0000000xx\r\nxxxxx0000000000000xxxxx0xx000x0000x000000xxx\r\nxxxxx0000000000000xxxxx0x000000000x00000xxxx\r\nxxxxx000000x0000000xxxx0x000000000xxx00xxxxx\r\nxxxxxxxx000x0000000xxx00xxx000000x0000xxxxxx\r\nxxxxxxxx000x000000xxxx0x0000000000000xxxxxxx\r\nxxxxxxxx000x000000011100000000000000xxxxxxxx\r\nxxxxxxxx000x00000001110000000000000xxxxxxxxx\r\nxxxxxxxxx00x0000000111x00000000x00xxxxxxxxxx\r\nxxxxxxxxxx0x0000000xxx0000000xxxxxxxxxxxxxxx\r\nxxxxxxxxxxxx000000xxxx0000000xxxxxxxxxxxxxxx\r\nxxxxxxxxxxxx000000xxx00xxxxx00xxxxxxxxxxxxxx\r\nxxxxxxxxxxxxxxxxx0xxx0xx000x00xxxxxxxxxxxxxx\r\nxxxxxxxxxxxxxxxxx0xxx0x000000xxxxxxxxxxxxxxx\r\nxxxxxxxxxxxxxxxxx0xxxxx00000xxxxxxxxxxxxxxxx\r\nxxxxxxxxxxxxxxxxx0xxxxx00xxxxxxxxxxxxxxxxxxx\r\nxxxxxxxxxxxxxxxxxxxxxxx0xxxxxxxxxxxxxxxxxxxx', 'RPHN527parkfence2SFQAHHHN529parkfence2QGQAHHHM619parkfence1SDRAHHHO620parkfence3PERAHPAHO621parkfence3QERAHPAHO622parkfence3RERAHPAHN623parkfence2SERAHPAHO624parkfence3PFRAHPAHO625parkfence3QFRAHPAHO626parkfence3RFRAHPAHM627parkfence1SFRAHJHO629parkfence3QGRAHJHN717parkfence2QDSAHHHO719parkfence3SDSAHJHO723parkfence3SESAHJHO727parkfence3SFSAHJHO729parkfence3QGSAHJHO817parkfence3QDPBHJHO819parkfence3SDPBHJHN821parkfence2QEPBHHHO823parkfence3SEPBHJHN825parkfence2QFPBHHHO827parkfence3SFPBHJHO829parkfence3QGPBHJHL98bench2PBQBHPAHK99benchQBQBHPAHO917parkfence3QDQBHJHN919parkfence2SDQBHRAHO921parkfence3QEQBHJHN923parkfence2SEQBHRAHO925parkfence3QFQBHJHN927parkfence2SFQBHRAHO929parkfence3QGQBHJHO1017parkfence3QDRBHJHO1021parkfence3QERBHJHO1025parkfence3QFRBHJHO1029parkfence3QGRBHJHL117bench2SASBHJHM1117parkfence1QDSBHPAHO1118parkfence3RDSBHPAHO1119parkfence3SDSBHPAHO1120parkfence3PESBHPAHN1121parkfence2QESBHJHO1122parkfence3RESBHPAHO1123parkfence3SESBHPAHO1124parkfence3PFSBHPAHN1125parkfence2QFSBHJHO1126parkfence3RFSBHPAHO1127parkfence3SFSBHPAHO1128parkfence3PGSBHPAHM1129parkfence1QGSBHRAHK127benchSAPCHJHL1635bench2SHPDHJHL1637bench2QIPDHPAHK1638benchRIPDHPAHK1735benchSHQDHJHL1827bench2SFRDHPAHK1828benchPGRDHPAHL1835bench2SHRDHJHL1925bench2QFSDHJHK1935benchSHSDHJHK2025benchQFPEHJHL2925bench2QFQGHPAHK2926benchRFQGHPAHL3023bench2SERGHJHK3123benchSESGHJ@`SGSBMRDPBPA0.0I2Mqueue_tile2JMPGRAH0.0I2Mqueue_tile2SAMPFSAJ0.0I2Mqueue_tile2QBMRFSAPA0.0I2Mqueue_tile2SFMSERBJ0.0I2Mqueue_tile2SCMRFPBPA0.0I2Mqueue_tile2REMPGQBH0.0I2Mqueue_tile2PGMPFRBH0.0I2Mqueue_tile2PCMPEPBH0.0I2Mqueue_tile2QGMRFRBJ0.0I2Mqueue_tile2QDMRDQBPA0.0I2Mqueue_tile2RFMRERBJ0.0I2Mqueue_tile2PFMSDRBJ0.0I2Mqueue_tile2PDMPGPBH0.0I2Mqueue_tile2RGMSFRBJ0.0I2Mqueue_tile2RAMRESAPA0.0I2Mqueue_tile2RBMPGSAH0.0I2Mqueue_tile2SDMREQBPA0.0I2Mqueue_tile2QEMRFQBPA0.0I2Mqueue_tile2RCMPFPBH0.0I2Mqueue_tile2KMRDSAPA0.0I2Mqueue_tile2PAMPESAJ0.0I2Mqueue_tile2PBMQFSAJ0.0I2Mqueue_tile2IMPGQAH0.0I2Mqueue_tile2SEMRDRBJ0.0I2Mqueue_tile2QCMREPBPA0.0I2Mqueue_tile2SGMPGRBH0.0I2Mqueue_tile2QAMQESAJ0.0I2Mqueue_tile2QFMPERBH0.0I2Mqueue_tile2RDMPEQBH0.0I2Mqueue_tile2PEMPFQBH0.0I2Mqueue_tile2', '0'),
('park_b', 11, 2, 0, 6, '0000x0000000\r\n0000xx000000\r\n000000000000\r\n00000000000x\r\n000000000000\r\n00x0000x0000', 'QDHC00cornerchair2HHHPAHB01cornerchair1IHHPAHA02chair1JHHPAHA03chair1KHHPAHH05table1QAHHPAHE06chair1lineRAHHPAHA07chair1SAHHPAHF08chair1frontendPBHHPAHJ010hububarRBHHPAHB10cornerchair1HIHJHA20chair1HJHJHA30chair1HKHJHA40chair1HPAHJHF50chair1frontendHQAHJHI53table2KQAHPAHD55modchairQAQAHHHI58table2PBQAHPA', '0'),
('model_0', 0, 4, 0, 2, 'xxxxxxxxxxxxxxxxxxxxxxxxxxxxxxxxxxxxxxxxxxxxxxxxxxxxxxxxxxxxxxxxxxxxx\r\nx00000000xx00000000xx00000000xxxxxxxxxxxxxxxxxxxxxxxxxxxxxxxxxxxxxxxx\r\nx00000000xx00000000xx00000000xxxxxxxxxxxxxxxxxxxxxxxxxxxxxxxxxxxxxxxx\r\nx00000000xx00000000xx00000000xxxxxxxxxxxxxxxxxxxxxxxxxxxxxxxxxxxx0000\r\n000000000xx00000000xx00000000xxxxxxxxxxxxxxxxxxxxxxxxxxxxxxxxxxxx0000\r\nx00000000xx00000000xx00000000xxxxxxxxxxxxxxxxxxxxxxxxxxxxxxxxxxxx0000\r\nx00000000xx00000000xx00000000xxxxxxxxxxxxxxxxxxxxxxxxxxxxxxxxxxxx0000\r\nx00000000xx00000000xx00000000xxxxxxxxxxxxxxxxxxxxxxxxxxxxxxxxxxxxxxxx\r\nx00000000xx00000000xx00000000xxxxxxxxxxxxxxxxxxxxxxxxxxxxxxxxxxxxxxxx\r\nxxxxxxxxxxxxxxxxxxxxxxxxxxxxxxxxxxxxxxxxxxxxxxxxxxxxxxxxxxxxxxxxxxxxx', '', '1');
INSERT INTO `room_models` (`id`, `door_x`, `door_y`, `door_z`, `door_dir`, `heightmap`, `public_items`, `club_only`) VALUES
('model_v', 0, 3, 2, 2, 'xxxxxxxxxxxxxxxxxxxx\r\nx222221111111111111x\r\nx222221111111111111x\r\n2222221111111111111x\r\nx222221111111111111x\r\nx222221111111111111x\r\nx222221111111111111x\r\nxxxxxxxx1111xxxxxxxx\r\nxxxxxxxx0000xxxxxxxx\r\nx000000x0000x000000x\r\nx000000x0000x000000x\r\nx00000000000x000000x\r\nx00000000000x000000x\r\nx000000000000000000x\r\nx000000000000000000x\r\nxxxxxxxx00000000000x\r\nx000000x00000000000x\r\nx000000x0000xxxxxxxx\r\nx00000000000x000000x\r\nx00000000000x000000x\r\nx00000000000x000000x\r\nx00000000000x000000x\r\nxxxxxxxx0000x000000x\r\nx000000x0000x000000x\r\nx000000x0000x000000x\r\nx000000000000000000x\r\nx000000000000000000x\r\nx000000000000000000x\r\nx000000000000000000x\r\nxxxxxxxxxxxxxxxxxxxx', '', '1'),
('model_t', 0, 3, 2, 2, 'xxxxxxxxxxxxxxxxxxxxxxxxxxxxx\r\nx222222222222222222222222222x\r\nx222222222222222222222222222x\r\n2222222222222222222222222222x\r\nx222222222222222222222222222x\r\nx2222xxxxxx222222xxxxxxx2222x\r\nx2222xxxxxx111111xxxxxxx2222x\r\nx2222xx111111111111111xx2222x\r\nx2222xx111111111111111xx2222x\r\nx2222xx11xxx1111xxxx11xx2222x\r\nx2222xx11xxx0000xxxx11xx2222x\r\nx22222111x00000000xx11xx2222x\r\nx22222111x00000000xx11xx2222x\r\nx22222111x00000000xx11xx2222x\r\nx22222111x00000000xx11xx2222x\r\nx22222111x00000000xx11xx2222x\r\nx22222111x00000000xx11xx2222x\r\nx2222xx11xxxxxxxxxxx11xx2222x\r\nx2222xx11xxxxxxxxxxx11xx2222x\r\nx2222xx111111111111111xx2222x\r\nx2222xx111111111111111xx2222x\r\nx2222xxxxxxxxxxxxxxxxxxx2222x\r\nx2222xxxxxxxxxxxxxxxxxxx2222x\r\nx222222222222222222222222222x\r\nx222222222222222222222222222x\r\nx222222222222222222222222222x\r\nx222222222222222222222222222x\r\nxxxxxxxxxxxxxxxxxxxxxxxxxxxxx', '', '1'),
('model_x', 0, 12, 0, 2, 'xxxxxxxxxxxxxxxxxxxx\r\nx000000000000000000x\r\nx000000000000000000x\r\nx000000000000000000x\r\nx000000000000000000x\r\nx000000000000000000x\r\nx000000000000000000x\r\nxxx00xxx0000xxx00xxx\r\nx000000x0000x000000x\r\nx000000x0000x000000x\r\nx000000x0000x000000x\r\nx000000x0000x000000x\r\n0000000x0000x000000x\r\nx000000x0000x000000x\r\nx000000x0000x000000x\r\nx000000x0000x000000x\r\nx000000x0000x000000x\r\nx000000x0000x000000x\r\nx000000xxxxxx000000x\r\nx000000000000000000x\r\nx000000000000000000x\r\nx000000000000000000x\r\nx000000000000000000x\r\nx000000000000000000x\r\nx000000000000000000x\r\nxxxxxxxxxxxxxxxxxxxx', '', '1'),
('model_w', 0, 3, 2, 2, 'xxxxxxxxxxxxxxxxxxxxxxxxxxx\r\nx2222xx1111111111xx11111111\r\nx2222xx1111111111xx11111111\r\n222222111111111111111111111\r\nx22222111111111111111111111\r\nx22222111111111111111111111\r\nx22222111111111111111111111\r\nx2222xx1111111111xx11111111\r\nx2222xx1111111111xx11111111\r\nx2222xx1111111111xxxx1111xx\r\nx2222xx1111111111xxxx0000xx\r\nxxxxxxx1111111111xx00000000\r\nxxxxxxx1111111111xx00000000\r\nx22222111111111111000000000\r\nx22222111111111111000000000\r\nx22222111111111111000000000\r\nx22222111111111111000000000\r\nx2222xx1111111111xx00000000\r\nx2222xx1111111111xx00000000\r\nx2222xxxx1111xxxxxxxxxxxxxx\r\nx2222xxxx0000xxxxxxxxxxxxxx\r\nx2222x0000000000xxxxxxxxxxx\r\nx2222x0000000000xxxxxxxxxxx\r\nx2222x0000000000xxxxxxxxxxx\r\nx2222x0000000000xxxxxxxxxxx\r\nx2222x0000000000xxxxxxxxxxx\r\nx2222x0000000000xxxxxxxxxxx', '', '1'),
('model_z', 0, 9, 0, 2, 'xxxxxxxxxxxxxxxxxxxxxxxxxxxxxxx\r\nxxxxxxxxxxx00000000000000000000\r\nxxxxxxxxxxx00000000000000000000\r\nxxxxxxxxxxx00000000000000000000\r\nx00000000xx00000000000000000000\r\nx00000000xx00000000000000000000\r\nx00000000xx00000000000000000000\r\nx00000000xx00000000000000000000\r\nx00000000xx00000000000000000000\r\n000000000xx00000000000000000000\r\nx00000000xx00000000000000000000\r\nx00000000xx00000000000000000000\r\nx00000000xx00000000000000000000\r\nx00000000xx00000000000000000000\r\nx00000000xx00000000000000000000\r\nx00000000xx00000000000000000000\r\nxxxxxxxxxxx00000000000000000000\r\nxxxxxxxxxxx00000000000000000000\r\nxxxxxxxxxxx00000000000000000000\r\nxxxxxxxxxxxxxxxxxxxxxxxxxxxxxxx', '', '1'),
('model_u', 0, 17, 1, 2, 'xxxxxxxxxxxxxxxxxxxxxxxx\r\nx1111100000000000000000x\r\nx1111100000000000000000x\r\nx1111100000000000000000x\r\nx1111100000000000000000x\r\nx1111100000000000000000x\r\nx1111100000000000000000x\r\nx1111100000000000000000x\r\nx1111100000000000000000x\r\nx1111100000000000000000x\r\nx1111100000000000000000x\r\nx1111100000000000000000x\r\nx1111100000000000000000x\r\nx1111100000000000000000x\r\nx1111100000000000000000x\r\nx1111100000000000000000x\r\nx1111100000000000000000x\r\n11111100000000000000000x\r\nx1111100000000000000000x\r\nx1111100000000000000000x\r\nx1111100000000000000000x\r\nx1111100000000000000000x\r\nx1111100000000000000000x\r\nx1111100000000000000000x\r\nx1111100000000000000000x\r\nx1111100000000000000000x\r\nx1111100000000000000000x\r\nx1111100000000000000000x\r\nx1111100000000000000000x\r\nx1111100000000000000000x\r\nx1111100000000000000000x\r\nx1111100000000000000000x\r\nx1111100000000000000000x\r\nx1111100000000000000000x\r\nx1111100000000000000000x\r\nxxxxxxxxxxxxxxxxxxxxxxxx', '', '1'),
('model_y', 0, 3, 0, 2, 'xxxxxxxxxxxxxxxxxxxxxxxxxxxx\r\nx00000000xx0000000000xx0000x\r\nx00000000xx0000000000xx0000x\r\n000000000xx0000000000xx0000x\r\nx00000000xx0000000000xx0000x\r\nx00000000xx0000xx0000xx0000x\r\nx00000000xx0000xx0000xx0000x\r\nx00000000xx0000xx0000000000x\r\nx00000000xx0000xx0000000000x\r\nxxxxx0000xx0000xx0000000000x\r\nxxxxx0000xx0000xx0000000000x\r\nxxxxx0000xx0000xxxxxxxxxxxxx\r\nxxxxx0000xx0000xxxxxxxxxxxxx\r\nx00000000xx0000000000000000x\r\nx00000000xx0000000000000000x\r\nx00000000xx0000000000000000x\r\nx00000000xx0000000000000000x\r\nx0000xxxxxxxxxxxxxxxxxx0000x\r\nx0000xxxxxxxxxxxxxxxxxx0000x\r\nx00000000000000000000000000x\r\nx00000000000000000000000000x\r\nx00000000000000000000000000x\r\nx00000000000000000000000000x\r\nxxxxxxxxxxxxxxxxxxxxxxxxxxxx', '', '1'),
('model_oscar', 0, 15, 1, 2, 'xxxxxxxxxxxxxxxxxxxxxxxxxxxxxxxxxxxxxxxxxxxxxxxxxxxxxxxxxxxxxxxx\r\nxxxxxxxxxxxxxxxxxxxxxxxxxxxxxxxxxxxxxxxxxxxxxxxxxxxxxxxxxxxxxxxx\r\nxxxxxxxxx11111111xxxxxxxxxxxxxxxxxxxxxxxxxxxxxxxxxxxxxxxxxxxxxxx\r\nxxxxxxxxx11111111xxxxxxxxxxxxxxxxxxxxxxxxxxxxxxxxxxxxxxxxxxxxxxx\r\nxxxxxxxxx11111111xxxxxxxxxxxxxxxxxxxxxxxxxxxxxxxxxxxxxxxxxxxxxxx\r\nxxxxxxxxx11111111xxxxxxxxxxxxxxxxxxxxxxxxxxxxxxxxxxxxxxxxxxxxxxx\r\nxxxxxxxxx11111111xxxxxxxxxxxxxxxxxxxxxxxxxxxxxxxxxxxxxxxxxxxxxxx\r\nxxxxxxxxx11111111xxxxxxxxxxxxxxxxxxxxxxxxxxxxxxxxxxxxxxxxxxxxxxx\r\nxxxxxxxxx11111111xxxxxxxxxxxxxxxxxxxxxxxxxxxxxxxxxxxxxxxxxxxxxxx\r\nxxxxxxxxx11111111xxxxxxxxxxxxxxxxxxxxxxxxxxxxxxxxxxxxxxxxxxxxxxx\r\nxxxxxxxxxxxx11xxxxxxxxxxxxxxxxxxxxxxxxxxxxxxxxxxxxxxxxxxxxxxxxxx\r\nx1111111x11111111x00000000xxxxxxxxxxxxxxxxxxxxxxxxxxxxxxxxxxxxxx\r\nx1111111x11111111x00000000xxxxxxxxxxxxxxxxxxxxxxxxxxxxxxxxxxxxxx\r\nx1111111x11111111x00000000xxxxxxxxxxxxxxxxxxxxxxxxxxxxxxxxxxxxxx\r\nx1111111111111111100000000xxxxxxxxxxxxxxxxxxxxxxxxxxxxxxxxxxxxxx\r\nx1111111111111111100000000xxxxxxxxxxxxxxxxxxxxxxxxxxxxxxxxxxxxxx\r\nx1111111x11111111x00000000xxxxxxxxxxxxxxxxxxxxxxxxxxxxxxxxxxxxxx\r\nx1111111x11111111x00000000xxxxxxxxxxxxxxxxxxxxxxxxxxxxxxxxxxxxxx\r\nx1111111x11111111x00000000xxxxxxxxxxxxxxxxxxxxxxxxxxxxxxxxxxxxxx\r\nxxxxxxxxxxxx11xxxxxxxxxxxxxxxxxxxxxxxxxxxxxxxxxxxxxxxxxxxxxxxxxx\r\nxxxxxxxxx00000000xxxxxxxxxxxxxxxxxxxxxxxxxxxxxxxxxxxxxxxxxxxxxxx\r\nxxxxxxxxx00000000xxxxxxxxxxxxxxxxxxxxxxxxxxxxxxxxxxxxxxxxxxxxxxx\r\nxxxxxxxxx00000000xxxxxxxxxxxxxxxxxxxxxxxxxxxxxxxxxxxxxxxxxxxxxxx\r\nxxxxxxxxx00000000xxxxxxxxxxxxxxxxxxxxxxxxxxxxxxxxxxxxxxxxxxxxxxx\r\nxxxxxxxxx00000000xxxxxxxxxxxxxxxxxxxxxxxxxxxxxxxxxxxxxxxxxxxxxxx\r\nxxxxxxxxx00000000xxxxxxxxxxxxxxxxxxxxxxxxxxxxxxxxxxxxxxxxxxxxxxx\r\nxxxxxxxxx00000000xxxxxxxxxxxxxxxxxxxxxxxxxxxxxxxxxxxxxxxxxxxxxxx\r\nxxxxxxxxx00000000xxxxxxxxxxxxxxxxxxxxxxxxxxxxxxxxxxxxxxxxxxxxxxx\r\nxxxxxxxxxxxxxxxxxxxxxxxxxxxxxxxxxxxxxxxxxxxxxxxxxxxxxxxxxxxxxxxx', '', '1'),
('model_b2g', 0, 0, 0, 2, 'xxxxxxxxxxxxxx\r\nx00000x000000x\r\nx000000000000x\r\nx00000x000000x\r\nx00000x000000x\r\nx00000x000000x\r\nx00000x000000x\r\nxxx0xxx000000x\r\nx000000000000x\r\nx000000000000x\r\nx000000000000x\r\nx000000000000x\r\nx000000000000x\r\nx000000000000x\r\nx000000000000x\r\nx000000000000x\r\nx000000000000x\r\nx00000xx00000x\r\nxxxxxxxxxxxxxx', '', '1'),
('model_opening', 0, 23, 2, 2, 'xxxxxxxxxxxxxxxxxxx\r\nxxxxxxx222222222222\r\nxxxxxxx222222222222\r\nxxxxxxx222222222222\r\nxxxxxxx222222222222\r\nxxxxxxx222222222222\r\nxxxxxxx222222222222\r\nxxxxxxx222222222222\r\nxxxxxxx111111111111\r\nx222221111111111111\r\nx222221111111111111\r\nx222221111111111111\r\nx222221111111111111\r\nx222221111111111111\r\nx222221111111111111\r\nx222221111111111111\r\nx222221111111111111\r\nx2222xx111111111111\r\nx2222xx000000000000\r\nx2222xx000000000000\r\nx2222xx000000000000\r\nx2222xx000000000000\r\nx2222xx000000000000\r\n22222xx000000000000\r\nx2222xx000000000000\r\nxxxxxxxxxxxxxxxxxxx', '', '1'),
('branded', 33, 39, 0, 8, 'xxxxxxxxxxxxxxxxxxxxxxxxxxxxxxxxxxxxxxxxxxxxxxxxxx\r\nxxxxxxxxxxxxxxxxxxxxxxxxxxxxxxxxxxxxxxxxxxxxxxxxxx\r\nxxxxxxxxxxxxxxxxxxxxxxxxxxxxxxxxxxxxxxxxxxxxxxxxxx\r\nxxxxxxxxxxxxxxxxxxxxxxxxxxxxxxxxxxxxxxxxxxxxxxxxxx\r\nxxxxxxxxxxxxxxxxxxxxxxxxxxxxxxxxxxxxxxxxxxxxxxxxxx\r\nxxxxxxxxxxxxxxxxxxxxxxxxxxxxxxxxxxxxxxxxxxxxxxxxxx\r\nxxxxxxxxxxxxxxxxxxxxxxxxxxxxxxxxxxxxxxxxxxxxxxxxxx\r\nxxxxxxxxxxxxxxxxxxxxxxxxxxxxxxxxxxxxxxxxxxxxxxxxxx\r\nxxxxxxxxxxxxxxxxxxxxxxxxxxxxxxxxxxxxxxxxxxxxxxxxxx\r\nxxxxxxxxxxxxxxxxxxxxxxxxxxxxxxxxxxxxxxxxxxxxxxxxxx\r\nxxxxxxxxxxxxxxxxxxxxxxxxxxxxxxxxxxxxxxxxxxxxxxxxxx\r\nxxxxxxxxxxxxxxxxxxxxxxxxxxxxxxxxxxxxxxxxxxxxxxxxxx\r\nxxxxxxxxxxxxxxxxxxxxxxxxxxxxxxxxxxxxxxxxxxxxxxxxxx\r\nxxxxxxxxxxxxxxxxxxxxxxxxxxxxxxxxxxxxxxxxxxxxxxxxxx\r\nxxxxxxxxxxxxxxxxxxxxxxxxxxxxxxxxxxxxxxxxxxxxxxxxxx\r\nxxxxxxxxxxxxxxxxxxxxxxxxxx00000000xxxxxxxxxxxxxxxx\r\nxxxxxxxxxxxxxxxxxxxxxxxxx00xx00000x000xxxxxxxxxxxx\r\nxxxxxxxxxxxxxxxxxxxxxxxx000xx00000xxxxxxxxxxxxxxxx\r\nxxxxxxxxxxxxxxxxxxxxxxx0000xx0000000000xxxxxxxxxxx\r\nxxxxxxxxxxxxxxxxxxxxxx00000xx0000000000xxxxxxxxxxx\r\nxxxxxxxxxxxxxxxxxxxxx000000xx0000000000xxxxxxxxxxx\r\nxxxxxxxxxxxxxxxxxxxx0000000xx0000000000xxxxxxxxxxx\r\nxxxxxxxxxxxxxxxxxxx00000000xx0000000000xxxxxxxxxxx\r\nxxxxxxxxxxxxxxxxxx000000000xx0000000000xxxxxxxxxxx\r\nxxxxxxxxxxxxxxxxx0000000000000000000000xxxxxxxxxxx\r\nxxxxxxxxxxxxxxxxx0000000000000000000000xxxxxxxxxxx\r\nxxxxxxxxxxxxxxxxx0000000000000000000000xxxxxxxxxxx\r\nxxxxxxxxxxxxxxxxx0000000000000000000000xxxxxxxxxxx\r\nxxxxxxxxxxxxxxxxx0000000000000000000000xxxxxxxxxxx\r\nxxxxxxxxxxxxxxxxx00xx000000000000000000xxxxxxxxxxx\r\nxxxxxxxxxxxxxxxxx00xx000000000000000000xxxxxxxxxxx\r\nxxxxxxxxxxxxxxxxx0000000000000000000000xxxxxxxxxxx\r\nxxxxxxxxxxxxxxxxx00000xx000000000000000xxxxxxxxxxx\r\nxxxxxxxxxxxxxxxxx00000xx000000000000000xxxxxxxxxxx\r\nxxxxxxxxxxxxxxxxx00xx000000000000000000xxxxxxxxxxx\r\nxxxxxxxxxxxxxxxxx00xx000000000000000000xxxxxxxxxxx\r\nxxxxxxxxxxxxxxxxx0000000000000000000000xxxxxxxxxxx\r\nxxxxxxxxxxxxxxxxx0000000000000000000000xxxxxxxxxxx\r\nxxxxxxxxxxxxxxxxxxxxxxxxxxxxxxx000000xxxxxxxxxxxxx\r\nxxxxxxxxxxxxxxxxxxxxxxxxxxxxxxx000000xxxxxxxxxxxxx\r\nxxxxxxxxxxxxxxxxxxxxxxxxxxxxxxxxxxxxxxxxxxxxxxxxxx\r\nxxxxxxxxxxxxxxxxxxxxxxxxxxxxxxxxxxxxxxxxxxxxxxxxxx\r\nxxxxxxxxxxxxxxxxxxxxxxxxxxxxxxxxxxxxxxxxxxxxxxxxxx\r\nxxxxxxxxxxxxxxxxxxxxxxxxxxxxxxxxxxxxxxxxxxxxxxxxxx\r\nxxxxxxxxxxxxxxxxxxxxxxxxxxxxxxxxxxxxxxxxxxxxxxxxxx\r\nxxxxxxxxxxxxxxxxxxxxxxxxxxxxxxxxxxxxxxxxxxxxxxxxxx\r\nxxxxxxxxxxxxxxxxxxxxxxxxxxxxxxxxxxxxxxxxxxxxxxxxxx\r\nxxxxxxxxxxxxxxxxxxxxxxxxxxxxxxxxxxxxxxxxxxxxxxxxxx\r\nxxxxxxxxxxxxxxxxxxxxxxxxxxxxxxxxxxxxxxxxxxxxxxxxxx\r\nxxxxxxxxxxxxxxxxxxxxxxxxxxxxxxxxxxxxxxxxxxxxxxxxxx', 'SIHb1834b_chairRHRDHHHb1835b_chairSHRDHHHb1836b_chairPIRDHHHb1837b_chairQIRDHHHm2231m_furniSGREHHHl2232l_furniPHREHHHk2238k_furniRIREHHHj2338j_furniRISEHHHp2518p_furniRDQFHHHa2523a_chairSEQFHRAHa2621a_chairQERFHHHa2622a_chairRERFHHHn2627n_furniSFRFHHHo2727o_furniSFSFHHHa2819a_chairSDPGHPAHa2820a_chairPEPGHPAHa2918a_chairRDQGHJHa3018a_chairRDRGHJHa3021a_chairQERGHRAHa3119a_chairSDSGHHHa3120a_chairPESGHHHa3123a_chairSESGHPAHa3224a_chairPFPHHRAHg3230g_furniRGPHHHHa3319a_chairSDQHHPAHa3324a_chairPFQHHRAHf3330f_furniRGQHHHHa3418a_chairRDRHHJHa3421a_chairQERHHRAHa3423a_chairSERHHHHe3430e_furniRGRHHHHa3518a_chairRDSHHJHa3521a_chairQESHHRAHd3530d_furniRGSHHHHa3619a_chairSDPIHHHa3620a_chairPEPIHHHc3630c_furniRGPIHHHh3737h_furniQIQIHHHi3738i_furniRIQIHH', '0'),
('pool_a', 0, 24, 7, 2, 'xxxxxxxxxxxxxxxxxxxxxxxxxxxxxxxxxxxxxxxxxxx\r\nxxxxxxxxxxxxxxxxxxxxxxxxxxxxxxxxxxxxxxxxxxx\r\nxxxxxxxxxxxxxxxxx7xxxxxxxxxxxxxxxxxxxxxxxxx\r\nxxxxxxxxxxxxxxxxx777xxxxxxxxxxxxxxxxxxxxxxx\r\nxxxxxxxxxxxxxx7777777xxxxxxxxxxxxxxxxxxxxxx\r\nxxxxxxxxxxxxxx77777777xxxxxxxxxxxxxxxxxxxxx\r\nxxxxxxxxxxxxxxx77777777xxxxxxxxxxxxxxxxxxxx\r\nxxxxxxxxxxxxxxx777777777xxxxxxxxxxxxxxxxxxx\r\nxxxxxxxxxxxxxxx7xxx777777xxxxxxxxxxxxxxxxxx\r\nxxxxxxxxxxxxxxx7x777777777xxxxxxxxxxxxxxxxx\r\nxxxxxxxxxxxxxxx7xxx77777777xxxxxxxxxxxxxxxx\r\nxxxxxxxxxxxxxxx7x777777777x7xxxxxxxxxxxxxxx\r\nxxxxxxxxxxxxxxx7xxx7777777777xxxxxxxxxxxxxx\r\nxxxxxxxxxxxxxxx777777777777xxxxxxxxxxxxxxxx\r\nxxxxxxxxxxxxxxx77777777777x2111xxxxxxxxxxxx\r\nxxxxxxxxxxxxxxx7777777777x221111xxxxxxxxxxx\r\nxxxxxxxxx7777777777777777x2211111xxxxxxxxxx\r\nxxxxxxxxx7777777777777777x22211111xxxxxxxxx\r\nxxxxxxxxx7777777777777777x222211111xxxxxxxx\r\nxxxxxx77777777777777777777x222211111xxxxxxx\r\nxxxxxx7777777xx777777777777x222211111xxxxxx\r\nxxxxxx7777777xx77777777777772222111111xxxxx\r\nxxxxxx777777777777777777777x22221111111xxxx\r\nxx7777777777777777777777x322222211111111xxx\r\n77777777777777777777777x33222222111111111xx\r\n7777777777777777777777x333222222211111111xx\r\nxx7777777777777777777x333322222222111111xxx\r\nxx7777777777777777777333332222222221111xxxx\r\nxx777xxx777777777777733333222222222211xxxxx\r\nxx777x7x77777777777773333322222222222xxxxxx\r\nxx777x7x7777777777777x33332222222222xxxxxxx\r\nxxx77x7x7777777777777xx333222222222xxxxxxxx\r\nxxxx77777777777777777xxx3222222222xxxxxxxxx\r\nxxxxx777777777777777777xx22222222xxxxxxxxxx\r\nxxxxxx777777777777777777x2222222xxxxxxxxxxx\r\nxxxxxxx777777777777777777222222xxxxxxxxxxxx\r\nxxxxxxxx7777777777777777722222xxxxxxxxxxxxx\r\nxxxxxxxxx77777777777777772222xxxxxxxxxxxxxx\r\nxxxxxxxxxx777777777777777222xxxxxxxxxxxxxxx\r\nxxxxxxxxxxx77777777777777x2xxxxxxxxxxxxxxxx\r\nxxxxxxxxxxxx77777777777777xxxxxxxxxxxxxxxxx\r\nxxxxxxxxxxxxx777777777777xxxxxxxxxxxxxxxxxx\r\nxxxxxxxxxxxxxx7777777777xxxxxxxxxxxxxxxxxxx\r\nxxxxxxxxxxxxxxx77777777xxxxxxxxxxxxxxxxxxxx\r\nxxxxxxxxxxxxxxxx777777xxxxxxxxxxxxxxxxxxxxx\r\nxxxxxxxxxxxxxxxxx7777xxxxxxxxxxxxxxxxxxxxxx\r\nxxxxxxxxxxxxxxxxxx77xxxxxxxxxxxxxxxxxxxxxxx\r\nxxxxxxxxxxxxxxxxxxxxxxxxxxxxxxxxxxxxxxxxxxx', 'PGHR282flower2bJPGSAHHr292flower2aJQGSAHHR3019flower2bSDRGSAHHr3119flower2aSDSGSAHHL326boxRAPHSAHHf3313flower1QCQHSAHHy3410pool_chairyRBRHSAPAH8358umbrellayPBSHSAHHy359pool_chairyQBSHSAJH63510pool_tableyRBSHSAHHy3511pool_chairySBSHSARAH93515umbrellapSCSHSAHHy3610pool_chairyRBPISAHHP3615pool_chairpSCPISAPAHo3622pool_chairoREPISAPAHP3714pool_chairpRCQISAJH43715pool_tablepSCQISAHHP3716pool_chairpPDQISARAH73720umbrellaoPEQISAHHo3721pool_chairoQEQISAJH33722pool_taboREQISAHHo3822pool_chairoRERISAHHg4218pool_chairgRDRJSAPAHG4316umbrellagPDSJSAHHg4317pool_chairgQDSJSAJH54318pool_tablgRDSJSAHHg4319pool_chairgSDSJSARAHg4418pool_chairgRDPKSAH', '0');

-- --------------------------------------------------------

--
-- Estrutura da tabela `room_rights`
--

CREATE TABLE IF NOT EXISTS `room_rights` (
  `room_id` int(10) unsigned NOT NULL,
  `user_id` int(10) unsigned NOT NULL,
  KEY `room_id` (`room_id`)
) ENGINE=MyISAM DEFAULT CHARSET=latin1;

--
-- Extraindo dados da tabela `room_rights`
--

INSERT INTO `room_rights` (`room_id`, `user_id`) VALUES
(49, 6);

-- --------------------------------------------------------

--
-- Estrutura da tabela `server_config`
--

CREATE TABLE IF NOT EXISTS `server_config` (
  `key` varchar(255) NOT NULL,
  `val` varchar(255) NOT NULL
) ENGINE=MyISAM DEFAULT CHARSET=latin1;

--
-- Extraindo dados da tabela `server_config`
--

INSERT INTO `server_config` (`key`, `val`) VALUES
('beta_lab_rat', '1'),
('items_stacking_maxheight', '12'),
('motd_enabled', '0'),
('motd_message', 'Welcome! :D'),
('user_max_rooms', '15'),
('user_max_rooms_vip', '25'),
('welcome_box', '0');

-- --------------------------------------------------------

--
-- Estrutura da tabela `server_status`
--

CREATE TABLE IF NOT EXISTS `server_status` (
  `status` enum('0','1','2') NOT NULL default '0',
  `users_online` int(11) NOT NULL default '0',
  `rooms_loaded` int(11) NOT NULL default '0',
  `server_ver` text NOT NULL,
  `stamp` double NOT NULL
) ENGINE=MyISAM DEFAULT CHARSET=latin1;

--
-- Extraindo dados da tabela `server_status`
--

INSERT INTO `server_status` (`status`, `users_online`, `rooms_loaded`, `server_ver`, `stamp`) VALUES
('1', 8, 7, 'Fast Emulator Professional Edition (Build: 440)', 1307202102);

-- --------------------------------------------------------

--
-- Estrutura da tabela `site_app_form`
--

CREATE TABLE IF NOT EXISTS `site_app_form` (
  `id` varchar(24) NOT NULL,
  `caption` varchar(120) NOT NULL,
  `descr` text NOT NULL,
  `field_type` enum('textbox','textarea','checkbox') NOT NULL,
  `required` enum('0','1') NOT NULL default '1',
  `order_num` int(11) NOT NULL,
  PRIMARY KEY  (`id`)
) ENGINE=MyISAM DEFAULT CHARSET=latin1;

--
-- Extraindo dados da tabela `site_app_form`
--


-- --------------------------------------------------------

--
-- Estrutura da tabela `site_app_openings`
--

CREATE TABLE IF NOT EXISTS `site_app_openings` (
  `id` int(11) NOT NULL auto_increment,
  `name` varchar(100) NOT NULL,
  `text_descr` text NOT NULL,
  `text_reqs` text NOT NULL,
  `text_duties` text NOT NULL,
  PRIMARY KEY  (`id`)
) ENGINE=MyISAM  DEFAULT CHARSET=latin1 AUTO_INCREMENT=2 ;

--
-- Extraindo dados da tabela `site_app_openings`
--


-- --------------------------------------------------------

--
-- Estrutura da tabela `site_config`
--

CREATE TABLE IF NOT EXISTS `site_config` (
  `maintenance` enum('0','1') NOT NULL default '0'
) ENGINE=MyISAM DEFAULT CHARSET=latin1;

--
-- Extraindo dados da tabela `site_config`
--

INSERT INTO `site_config` (`maintenance`) VALUES
('0');

-- --------------------------------------------------------

--
-- Estrutura da tabela `site_config2`
--

CREATE TABLE IF NOT EXISTS `site_config2` (
  `maintenance` enum('0','1') NOT NULL default '0',
  `hotelname` varchar(255) NOT NULL,
  `onlines` int(255) NOT NULL default '0'
) ENGINE=MyISAM DEFAULT CHARSET=latin1;

--
-- Extraindo dados da tabela `site_config2`
--

INSERT INTO `site_config2` (`maintenance`, `hotelname`, `onlines`) VALUES
('0', 'Holo', 0);

-- --------------------------------------------------------

--
-- Estrutura da tabela `site_cron`
--

CREATE TABLE IF NOT EXISTS `site_cron` (
  `id` int(11) NOT NULL auto_increment,
  `prio` int(11) NOT NULL default '5',
  `enabled` enum('0','1') NOT NULL default '1',
  `scriptfile` varchar(50) NOT NULL,
  `last_exec` int(11) NOT NULL,
  `exec_every` int(11) NOT NULL,
  PRIMARY KEY  (`id`)
) ENGINE=MyISAM  DEFAULT CHARSET=latin1 AUTO_INCREMENT=6 ;

--
-- Extraindo dados da tabela `site_cron`
--

INSERT INTO `site_cron` (`id`, `prio`, `enabled`, `scriptfile`, `last_exec`, `exec_every`) VALUES
(1, 5, '1', 'mod_forum.php', 1307196166, 7200),
(2, 4, '1', 'moderation_cleanup.php', 1307196165, 7200),
(3, 5, '1', 'respect.php', 1307131738, 86400),
(4, 5, '1', 'serverstat.php', 1307201983, 120),
(5, 3, '1', 'credits.php', 1307196165, 10800);

-- --------------------------------------------------------

--
-- Estrutura da tabela `site_hotcampaigns`
--

CREATE TABLE IF NOT EXISTS `site_hotcampaigns` (
  `id` int(11) NOT NULL auto_increment,
  `enabled` enum('0','1') NOT NULL default '1',
  `image_url` text NOT NULL,
  `caption` text NOT NULL,
  `desc` text NOT NULL,
  `url` text NOT NULL,
  `order_id` int(11) NOT NULL default '0',
  PRIMARY KEY  (`id`)
) ENGINE=MyISAM DEFAULT CHARSET=latin1 AUTO_INCREMENT=1 ;

--
-- Extraindo dados da tabela `site_hotcampaigns`
--


-- --------------------------------------------------------

--
-- Estrutura da tabela `site_minimail`
--

CREATE TABLE IF NOT EXISTS `site_minimail` (
  `id` int(10) unsigned NOT NULL auto_increment,
  `sender_id` int(10) unsigned NOT NULL,
  `receiver_id` int(10) unsigned NOT NULL,
  `folder` enum('inbox','sent','trash') NOT NULL default 'inbox',
  `is_read` enum('0','1') NOT NULL default '0',
  `subject` varchar(120) NOT NULL,
  `date` varchar(120) NOT NULL,
  `isodate` varchar(120) NOT NULL,
  `timestamp` int(11) NOT NULL,
  `body` text NOT NULL,
  `deleted` enum('0','1') character set latin1 collate latin1_general_ci NOT NULL default '0',
  `conversationid` int(10) NOT NULL default '0',
  PRIMARY KEY  (`id`)
) ENGINE=MyISAM DEFAULT CHARSET=latin1 AUTO_INCREMENT=1 ;

--
-- Extraindo dados da tabela `site_minimail`
--


-- --------------------------------------------------------

--
-- Estrutura da tabela `site_navi`
--

CREATE TABLE IF NOT EXISTS `site_navi` (
  `id` int(10) unsigned NOT NULL auto_increment,
  `parent_id` int(10) unsigned NOT NULL default '0',
  `order_id` int(11) NOT NULL,
  `caption` text NOT NULL,
  `class` text NOT NULL,
  `url` text NOT NULL,
  `visibility` enum('0','1','2','3') NOT NULL COMMENT '0 = Never, 1 = Always, 2 = Logged in only, 3 = Guests only',
  PRIMARY KEY  (`id`),
  KEY `parent_id` (`parent_id`)
) ENGINE=MyISAM  DEFAULT CHARSET=latin1 AUTO_INCREMENT=102 ;

--
-- Extraindo dados da tabela `site_navi`
--

INSERT INTO `site_navi` (`id`, `parent_id`, `order_id`, `caption`, `class`, `url`, `visibility`) VALUES
(1, 0, 1, '%habboName%', 'metab', '%www%/me', '2'),
(2, 1, 1, 'Home', '', '/me', '2'),
(5, 0, 2, 'Communidade', '', '%www%/community', '1'),
(4, 1, 3, 'Ajustes', '', '%www%/profile', '2'),
(6, 0, 3, 'Ajude o Hotel e Ganhe vaga', '', '%www%/credits', '1'),
(7, 5, 1, 'Comunidade', '', '%www%/community', '1'),
(8, 0, 1, 'Registre-se Gratis', 'tab-register-now', '%www%/register', '3'),
(9, 6, 1, 'Moedas', '', '%www%/credits', '1'),
(10, 6, 3, 'Pixels', '', '%www%/credits/pixels', '1'),
(11, 6, 2, 'Fun Club', '', '%www%/credits/uberclub', '1'),
(13, 12, 1, 'Shop Home', '', '%www%/vip/shop', '2'),
(14, 1, 2, 'Meu Site', '', '%www%/home/%habboName%', '2'),
(15, 1, 4, 'Habbosco Club :)', '', '%www%/credits/uberclub', '2'),
(16, 0, 2, 'Habbosco Staff', '', '%www%/staff', '1'),
(17, 7, 2, 'News', '', '%www%/articles', '1'),
(18, 12, 2, 'Punkte bekommen', '', '%www%/vip/getpoints', '2'),
(21, 1, 5, 'Nosso Fórum', '', 'http://habboscoforum.forumbrasil.net', '1'),
(100, 0, 8, 'Cshp Forum', '', 'http://cshpforum.com', '1');

-- --------------------------------------------------------

--
-- Estrutura da tabela `site_news`
--

CREATE TABLE IF NOT EXISTS `site_news` (
  `id` int(10) unsigned NOT NULL auto_increment,
  `seo_link` varchar(120) NOT NULL default 'news-article',
  `title` text NOT NULL,
  `category_id` int(10) unsigned NOT NULL default '1',
  `topstory_image` text NOT NULL,
  `body` text NOT NULL,
  `snippet` text NOT NULL,
  `datestr` varchar(50) NOT NULL,
  `timestamp` int(11) NOT NULL,
  PRIMARY KEY  (`id`)
) ENGINE=MyISAM  DEFAULT CHARSET=latin1 AUTO_INCREMENT=4 ;

--
-- Extraindo dados da tabela `site_news`
--

INSERT INTO `site_news` (`id`, `seo_link`, `title`, `category_id`, `topstory_image`, `body`, `snippet`, `datestr`, `timestamp`) VALUES
(3, 'h-hogwarts-h', '[H] Hogwarts [H]', 7, 'http://haddoz.com/images/ts/xmas08_topstory_ugly.gif', '<p>ae galerinha quem fizer uma escola igual a do harry potter a hogwarts gnaha mas ela dever ser bonita e meio pare&ccedil;ida com a do filme -.:Luccas:.</p>', 'leia ', '03-Jun-2011', 1307142664);

-- --------------------------------------------------------

--
-- Estrutura da tabela `site_news_categories`
--

CREATE TABLE IF NOT EXISTS `site_news_categories` (
  `id` int(10) unsigned NOT NULL auto_increment,
  `caption` text NOT NULL,
  PRIMARY KEY  (`id`)
) ENGINE=MyISAM  DEFAULT CHARSET=latin1 AUTO_INCREMENT=13 ;

--
-- Extraindo dados da tabela `site_news_categories`
--

INSERT INTO `site_news_categories` (`id`, `caption`) VALUES
(12, 'Uncategorized'),
(1, 'Uber'),
(2, 'Technical'),
(3, 'Updates'),
(4, 'Competitions'),
(5, 'Polls'),
(6, 'Sponsored'),
(7, 'Credits'),
(8, 'Uber Club'),
(9, 'VIP'),
(10, 'Furni'),
(11, 'Support');

-- --------------------------------------------------------

--
-- Estrutura da tabela `site_news_comments`
--

CREATE TABLE IF NOT EXISTS `site_news_comments` (
  `id` int(11) NOT NULL auto_increment,
  `article` int(11) NOT NULL,
  `userid` int(11) NOT NULL,
  `comment` varchar(500) NOT NULL,
  `posted_on` varchar(150) NOT NULL default '',
  PRIMARY KEY  (`id`)
) ENGINE=MyISAM  DEFAULT CHARSET=latin1 AUTO_INCREMENT=5 ;

--
-- Extraindo dados da tabela `site_news_comments`
--

INSERT INTO `site_news_comments` (`id`, `article`, `userid`, `comment`, `posted_on`) VALUES
(1, 3, 619, 'Ok!', 'Jun 3, 2011 8:13 PM'),
(2, 3, 619, '1', 'Jun 3, 2011 8:13 PM'),
(3, 3, 631, '''-''', 'Jun 4, 2011 11:34 AM'),
(4, 3, 618, '4Â° aee !! ok !', 'Jun 4, 2011 11:37 AM');

-- --------------------------------------------------------

--
-- Estrutura da tabela `system_config`
--

CREATE TABLE IF NOT EXISTS `system_config` (
  `id` int(10) NOT NULL auto_increment,
  `skey` varchar(100) collate latin1_general_ci NOT NULL,
  `sval` varchar(110) collate latin1_general_ci NOT NULL,
  PRIMARY KEY  (`id`)
) ENGINE=MyISAM  DEFAULT CHARSET=latin1 COLLATE=latin1_general_ci AUTO_INCREMENT=55 ;

--
-- Extraindo dados da tabela `system_config`
--

INSERT INTO `system_config` (`id`, `skey`, `sval`) VALUES
(1, 'server_game_port', '30001'),
(2, 'server_game_maxconnections', '10000'),
(4, 'server_mus_port', '90'),
(6, 'server_mus_host', 'uberhotel.zapto.org'),
(8, 'lang', 'es'),
(9, 'welcomemessage_enable', '1'),
(10, 'wordfilter_enable', '1'),
(11, 'wordfilter_censor', 'bobbas'),
(12, 'chatanims_enable', '1'),
(13, 'trading_enable', '1'),
(14, 'recycler_enable', '0'),
(15, 'recycler_minownertime', '10'),
(16, 'recycler_session_length', '30'),
(17, 'recycler_session_expirelength', '10080'),
(18, 'rooms_loadadvertisement_img', 'http://sgst'),
(48, 'purchase_pets', '1'),
(19, 'rooms_loadadvertisement_uri', 'http://info'),
(20, 'statuses_wave_duration', '2000'),
(21, 'statuses_carryitem_sipamount', '10'),
(22, 'statuses_carryitem_sipinterval', '10000'),
(23, 'statuses_carryitem_sipduration', '500'),
(24, 'rooms_roomban_duration', '15'),
(25, 'items_stacking_maxstackheight', '20'),
(28, 'navigator_roomsearch_maxresults', '40'),
(27, 'navigator_createroom_maxrooms', '10'),
(26, 'events_categorycount', '11'),
(29, 'navigator_opencategory_maxresults', '30'),
(30, 'navigator_favourites_maxrooms', '25'),
(31, 'events_deadevents_removeinterval', '120'),
(32, 'soundmachine_burntodisk_disktid', '1355'),
(35, 'game_bb_gamelength_seconds', '180'),
(34, 'game_scorewindow_restartgame_seconds', '1200'),
(33, 'game_countdown_seconds', '15'),
(42, 'server_remote_port', '30002'),
(39, 'enableBoughtMessage', '0'),
(40, 'infobus_active', '0'),
(41, 'messenger_maxfriends', '900'),
(44, 'update_pixels', '30'),
(49, 'enableHappyHour', '0'),
(50, 'server_mus_enabled', '1'),
(51, 'users_online', '1'),
(52, 'rooms_loaded', '1'),
(53, 'ip', 'uberhotel.zapto.org'),
(54, 'lastRefreshOnline', '');

-- --------------------------------------------------------

--
-- Estrutura da tabela `system_requests`
--

CREATE TABLE IF NOT EXISTS `system_requests` (
  `id` int(20) NOT NULL auto_increment,
  `prosess` text character set latin1 collate latin1_spanish_ci NOT NULL,
  `userid` int(20) NOT NULL,
  `info` text character set latin1 collate latin1_spanish_ci NOT NULL,
  PRIMARY KEY  (`id`)
) ENGINE=MyISAM  DEFAULT CHARSET=utf8 AUTO_INCREMENT=2 ;

--
-- Extraindo dados da tabela `system_requests`
--


-- --------------------------------------------------------

--
-- Estrutura da tabela `system_stafflog`
--

CREATE TABLE IF NOT EXISTS `system_stafflog` (
  `id` int(5) NOT NULL auto_increment,
  `action` varchar(12) collate latin1_general_ci NOT NULL,
  `message` text collate latin1_general_ci,
  `note` text collate latin1_general_ci,
  `userid` int(11) NOT NULL,
  `targetid` int(11) default NULL,
  `timestamp` varchar(50) collate latin1_general_ci default NULL,
  PRIMARY KEY  (`id`)
) ENGINE=MyISAM  DEFAULT CHARSET=latin1 COLLATE=latin1_general_ci AUTO_INCREMENT=1028 ;

--
-- Extraindo dados da tabela `system_stafflog`
--

INSERT INTO `system_stafflog` (`id`, `action`, `message`, `note`, `userid`, `targetid`, `timestamp`) VALUES
(63, 'Housekeeping', 'Cambio de configuraci?n del Sitio en Disponibilidad', 'cms_config.php', 49, 0, '07-sep-2010 18:37:52'),
(62, 'Housekeeping', 'Cambio de configuraci?n del Sitio en Disponibilidad', 'cms_config.php', 49, 0, '07-sep-2010 18:35:19'),
(61, 'Housekeeping', 'Cambio de configuraci?n del Sitio en Disponibilidad', 'cms_config.php', 49, 0, '07-sep-2010 18:35:10'),
(60, 'Housekeeping', 'xdr se ha con?ctado con la Ip REMOTE_IP', 'login.php', 49, 0, '06-09-2010 21:34:52'),
(59, 'Housekeeping', 'Cambio de configuraci?n del Sitio en Cliente', 'loader.php', 49, 0, '06-sep-2010 21:09:40'),
(58, 'Housekeeping', 'Cambio de configuraci?n del Sitio en Cliente', 'loader.php', 49, 0, '06-sep-2010 21:08:10'),
(57, 'Housekeeping', 'Cambio de configuraci?n del Sitio en Cliente', 'loader.php', 49, 0, '06-sep-2010 21:06:40'),
(56, 'Housekeeping', 'Cambio de configuraci?n del Sitio en Cliente', 'loader.php', 49, 0, '06-sep-2010 21:04:58'),
(55, 'Housekeeping', 'Cambio de configuraci?n del Sitio en Cliente', 'loader.php', 49, 0, '06-sep-2010 21:04:07'),
(54, 'Housekeeping', 'Cambio de configuraci?n del Servidor', 'server.php', 49, 0, '06-sep-2010 21:00:39'),
(53, 'Housekeeping', 'Cambio de configuraci?n del Servidor', 'server.php', 49, 0, '06-sep-2010 20:59:44'),
(52, 'Housekeeping', 'Cambio de configuraci?n del Servidor', 'server.php', 49, 0, '06-sep-2010 20:53:05'),
(51, 'Housekeeping', 'Cambio de configuraci?n del Servidor', 'server.php', 49, 0, '06-sep-2010 20:52:41'),
(50, 'Housekeeping', 'Cambio de configuraci?n del Servidor', 'server.php', 49, 0, '06-sep-2010 20:51:51'),
(49, 'Housekeeping', 'Cambio de configuraci?n del Servidor', 'server.php', 49, 0, '06-sep-2010 20:51:12'),
(48, 'Housekeeping', 'Cambio de configuraci?n del Servidor', 'server.php', 49, 0, '06-sep-2010 20:51:07'),
(47, 'Housekeeping', 'Cambio de configuraci?n del Servidor', 'server.php', 49, 0, '06-sep-2010 20:50:17'),
(46, 'Housekeeping', 'Cambio de configuraci?n del Servidor', 'server.php', 49, 0, '06-sep-2010 20:49:43'),
(45, 'Housekeeping', 'xdr se ha con?ctado con la Ip REMOTE_IP', 'login.php', 49, 0, '06-09-2010 20:49:33'),
(44, 'Housekeeping', 'Cambio de configuraci?n del Sitio', 'cms_config.php', 42, 0, '04-sep-2010 08:59:27'),
(43, 'Housekeeping', 'Cambio de configuraci?n del Sitio', 'cms_config.php', 42, 0, '04-sep-2010 01:10:27'),
(42, 'Housekeeping', 'Cambio de configuraci?n del Sitio', 'cms_config.php', 42, 0, '04-sep-2010 01:10:07'),
(41, 'Housekeeping', 'Cambio de configuraci?n del Sitio', 'cms_config.php', 42, 0, 'Aug 31, 2010 00:30:19'),
(40, 'Housekeeping', 'Cambio de configuraci?n del Sitio', 'cms_config.php', 42, 0, '30-ago-2010 16:10:55'),
(39, 'Housekeeping', 'xdr se ha con?ctado con la Ip REMOTE_IP', 'login.php', 1, 0, '28-08-2010 22:56:41'),
(38, 'Housekeeping', 'Cambio de configuraci?n del Sitio', 'cms_config.php', 1, 0, '28-ago-2010 22:56:18'),
(37, 'Housekeeping', 'Cambio de configuraci?n del Servidor', 'server.php', 1, 0, '28-ago-2010 22:46:02'),
(36, 'Housekeeping', 'Cambio de configuraci?n del Servidor en Ajustes', 'server_settings.php', 1, 0, '27-ago-2010 22:06:31'),
(35, 'Housekeeping', 'Cambio de configuraci?n del Sitio', 'cms_config.php', 1, 0, '27-ago-2010 22:03:23'),
(64, 'Housekeeping', 'Cambio de configuraci?n del Sitio en Disponibilidad', 'cms_config.php', 49, 0, '07-sep-2010 18:37:59'),
(65, 'Housekeeping', 'Cambio de configuraci?n del Sitio en Disponibilidad', 'cms_config.php', 49, 0, '07-sep-2010 18:38:03'),
(66, 'Housekeeping', 'Cambio de configuraci?n del Sitio en Disponibilidad', 'cms_config.php', 49, 0, '07-sep-2010 18:38:11'),
(67, 'Housekeeping', 'Cambio de configuraci?n del Sitio en Index', 'cms_config.php', 49, 0, '07-sep-2010 18:42:04'),
(68, 'Housekeeping', 'Cambio de configuraci?n del Sitio en Index', 'cms_config.php', 49, 0, '07-sep-2010 18:42:09'),
(69, 'Housekeeping', 'Cambio de configuraci?n del Sitio en Index', 'cms_config.php', 49, 0, '07-sep-2010 18:42:17'),
(70, 'Housekeeping', 'Cambio de configuraci?n del Sitio en Disponibilidad', 'cms_config.php', 49, 0, '07-sep-2010 18:42:56'),
(71, 'Housekeeping', 'Cambio de configuraci?n del Sitio', 'cms_config.php', 49, 0, '07-sep-2010 18:57:36'),
(72, 'Housekeeping', 'Cambio de configuraci?n del Sitio', 'cms_config.php', 49, 0, '07-sep-2010 18:59:30'),
(73, 'Housekeeping', 'Cambio de configuraci?n del Sitio', 'cms_config.php', 49, 0, '07-sep-2010 21:16:15'),
(74, 'Housekeeping', 'Cambio de configuraci?n del Sitio', 'cms_config.php', 49, 0, '07-sep-2010 21:23:28'),
(75, 'Housekeeping', 'xdr se ha con?ctado con la Ip REMOTE_IP', 'login.php', 53, 0, '08-09-2010 00:02:16'),
(76, 'Housekeeping', 'Cambio de configuraci?n del Sitio en Disponibilidad', 'cms_config.php', 53, 0, '08-sep-2010 00:03:41'),
(77, 'Housekeeping', 'xdr se ha con?ctado con la Ip REMOTE_IP', 'login.php', 53, 0, '08-09-2010 00:04:27'),
(78, 'Housekeeping', 'Cambio de configuraci?n del Servidor en Ajustes', 'server_settings.php', 53, 0, '08-sep-2010 00:07:46'),
(79, 'Housekeeping', 'Cambio de configuraci?n del Sitio en Cliente', 'loader.php', 53, 0, '08-sep-2010 01:01:57'),
(80, 'Housekeeping', 'Cambio de configuraci?n del Servidor', 'server.php', 53, 0, '08-sep-2010 01:02:12'),
(81, 'Housekeeping', 'xdr se ha con?ctado con la Ip REMOTE_IP', 'login.php', 53, 0, '08-09-2010 01:10:37'),
(82, 'Housekeeping', 'xdr se ha con?ctado con la Ip REMOTE_IP', 'login.php', 53, 0, '08-09-2010 14:50:58'),
(83, 'Housekeeping', 'Cambio de configuraci?n del Sitio en Disponibilidad', 'cms_config.php', 53, 0, '08-sep-2010 14:51:16'),
(84, 'Housekeeping', 'Cambio de configuraci?n del Sitio en Cliente', 'loader.php', 53, 0, '08-sep-2010 16:18:26'),
(85, 'Housekeeping', 'Cambio de configuraci?n del Sitio en Cliente', 'loader.php', 53, 0, '08-sep-2010 16:19:46'),
(86, 'Housekeeping', 'Cambio de configuraci?n del Sitio en Index', 'cms_config.php', 53, 0, '08-sep-2010 17:48:23'),
(87, 'Housekeeping', 'xdr se ha con?ctado con la Ip REMOTE_IP', 'login.php', 53, 0, '09-09-2010 14:23:07'),
(88, 'Housekeeping', 'Cambio de configuraci?n del Sitio', 'cms_config.php', 53, 0, '09-sep-2010 14:23:16'),
(89, 'Housekeeping', ' se ha con?ctado con la Ip REMOTE_IP', 'login.php', 53, 0, '09-09-2010 18:19:19'),
(90, 'Housekeeping', ' se ha con?ctado con la Ip REMOTE_IP', 'login.php', 53, 0, '09-09-2010 18:48:09'),
(91, 'Housekeeping', ' se ha con?ctado con la Ip REMOTE_IP', 'login.php', 53, 0, '09-09-2010 19:02:29'),
(92, 'Housekeeping', ' se ha con?ctado con la Ip REMOTE_IP', 'login.php', 53, 0, '09-09-2010 20:22:34'),
(93, 'Housekeeping', 'Cambio de configuraci?n del Sitio', 'cms_config.php', 53, 0, '09-sep-2010 20:22:56'),
(94, 'Housekeeping', ' se ha con?ctado con la Ip REMOTE_IP', 'login.php', 53, 0, '10-09-2010 10:28:16'),
(95, 'Housekeeping', ' se ha con?ctado con la Ip REMOTE_IP', 'login.php', 53, 0, '10-09-2010 10:29:56'),
(96, 'Housekeeping', ' se ha con?ctado con la Ip REMOTE_IP', 'login.php', 53, 0, '10-09-2010 10:32:27'),
(97, 'Housekeeping', ' se ha con?ctado con la Ip REMOTE_IP', 'login.php', 53, 0, '10-09-2010 10:37:31'),
(98, 'Housekeeping', ' se ha con?ctado con la Ip REMOTE_IP', 'login.php', 53, 0, '10-09-2010 10:37:58'),
(99, 'Housekeeping', ' se ha con?ctado con la Ip REMOTE_IP', 'login.php', 53, 0, '10-09-2010 19:57:42'),
(100, 'Housekeeping', ' se ha con?ctado con la Ip REMOTE_IP', 'login.php', 53, 0, '12-09-2010 01:34:45'),
(101, 'Housekeeping', 'Cambio de configuraci?n del Sitio en Cliente', 'loader.php', 53, 0, '12-sep-2010 01:54:06'),
(102, 'Housekeeping', 'Cambio de configuraci?n del Sitio en Cliente', 'loader.php', 53, 0, '12-sep-2010 01:54:26'),
(103, 'Housekeeping', 'Agrego una opci?n a la Selecci?n Staff', 'staffpick.php', 53, 0, '12-sep-2010 02:08:31'),
(104, 'Housekeeping', 'Agrego una opci?n a la Selecci?n Staff', 'staffpick.php', 53, 0, '12-sep-2010 02:09:35'),
(105, 'Housekeeping', ' se ha con?ctado con la Ip REMOTE_IP', 'login.php', 53, 0, '12-09-2010 18:49:33'),
(106, 'Housekeeping', 'Cambio de configuraci?n del Servidor', 'server.php', 53, 0, '12-sep-2010 18:49:45'),
(107, 'Housekeeping', 'Cambio de configuraci?n del Sitio en Cliente', 'loader.php', 53, 0, '12-sep-2010 18:50:39'),
(108, 'Housekeeping', 'Cambio de configuraci?n del Sitio en Cliente', 'loader.php', 53, 0, '12-sep-2010 19:08:25'),
(109, 'Housekeeping', ' se ha con?ctado con la Ip REMOTE_IP', 'login.php', 1, 0, '13-09-2010 10:55:17'),
(110, 'Housekeeping', 'Cambio de configuraci?n del Servidor', 'server.php', 1, 0, '13-sep-2010 11:01:53'),
(111, 'Housekeeping', 'Cambio de configuraci?n del Servidor', 'server.php', 1, 0, '13-sep-2010 11:01:58'),
(112, 'Housekeeping', 'Cambio de configuraci?n del EasyStyle', 'easystyle.php', 1, 0, '13-sep-2010 11:07:12'),
(113, 'Housekeeping', 'Cambio de configuraci?n del EasyStyle', 'easystyle.php', 1, 0, '13-sep-2010 11:07:40'),
(114, 'Housekeeping', 'Cambio de configuraci?n del EasyStyle', 'easystyle.php', 1, 0, '13-sep-2010 11:07:48'),
(115, 'Housekeeping', 'Cambio de configuraci?n del EasyStyle', 'easystyle.php', 1, 0, '13-sep-2010 11:07:56'),
(116, 'Housekeeping', ' se ha con?ctado con la Ip REMOTE_IP', 'login.php', 1, 0, '13-09-2010 11:19:03'),
(117, 'Housekeeping', 'Creaci?n de una imagen publicitaria.', 'advertings.php', 1, 0, '13-09-2010 11:44:03'),
(118, 'Housekeeping', 'Creaci?n de una imagen publicitaria.', 'advertings.php', 1, 0, '13-09-2010 11:47:04'),
(119, 'Housekeeping', 'Creaci?n de una imagen publicitaria.', 'advertings.php', 1, 0, '13-09-2010 11:48:24'),
(120, 'Housekeeping', 'Creaci?n de una imagen publicitaria.', 'advertings.php', 1, 0, '13-09-2010 11:55:44'),
(121, 'Housekeeping', 'Creaci?n de una imagen publicitaria.', 'advertings.php', 1, 0, '13-09-2010 11:55:50'),
(122, 'Housekeeping', 'Cambio de una opci?n de la Selecci?n Staff', 'staffpick.php', 1, 0, '13-sep-2010 13:13:32'),
(123, 'Housekeeping', 'Cambio de una opci?n de la Selecci?n Staff', 'staffpick.php', 1, 0, '13-sep-2010 13:13:37'),
(124, 'Housekeeping', 'Cambio de configuraci?n del Servidor', 'server.php', 1, 0, '13-sep-2010 19:58:28'),
(125, 'Housekeeping', 'Cambio de configuraci?n del Sitio en Disponibilidad', 'cms_config.php', 1, 0, '13-sep-2010 19:59:16'),
(126, 'Housekeeping', 'Cambio de configuraci?n del Sitio en Disponibilidad', 'cms_config.php', 1, 0, '13-sep-2010 19:59:30'),
(127, 'Housekeeping', 'Cambio de configuraci?n del Sitio en Cliente', 'loader.php', 1, 0, '13-sep-2010 20:00:11'),
(128, 'Housekeeping', ' se ha con?ctado con la Ip REMOTE_IP', 'login.php', 1, 0, '13-09-2010 21:18:35'),
(129, 'Housekeeping', ' se ha con?ctado con la Ip REMOTE_IP', 'login.php', 1, 0, '13-09-2010 22:01:26'),
(130, 'Housekeeping', ' se ha con?ctado con la Ip REMOTE_IP', 'login.php', 1, 0, '13-09-2010 23:51:17'),
(131, 'Housekeeping', ' se ha con?ctado con la Ip REMOTE_IP', 'login.php', 1, 0, '13-09-2010 23:54:28'),
(132, 'Housekeeping', ' se ha con?ctado con la Ip REMOTE_IP', 'login.php', 1, 0, '14-09-2010 00:26:01'),
(133, 'Housekeeping', ' se ha con?ctado con la Ip REMOTE_IP', 'login.php', 1, 0, '14-09-2010 00:41:43'),
(134, 'Housekeeping', 'Cambio de configuraci?n del Sitio', 'cms_config.php', 1, 0, '14-sep-2010 00:42:01'),
(135, 'Housekeeping', 'Cambio de configuraci?n del Sitio', 'cms_config.php', 1, 0, '14-sep-2010 00:42:11'),
(136, 'Housekeeping', 'Cambio de configuraci?n del Sitio', 'cms_config.php', 1, 0, '14-sep-2010 00:42:17'),
(137, 'Housekeeping', ' se ha con?ctado con la Ip REMOTE_IP', 'login.php', 1, 0, '14-09-2010 00:43:32'),
(138, 'Housekeeping', 'Cambio de configuraci?n del Sitio', 'cms_config.php', 1, 0, '14-sep-2010 01:21:03'),
(139, 'Housekeeping', 'Ha quitado una placa.', 'badgetool.php', 1, 1, '14-09-2010 01:50:30'),
(140, 'Housekeeping', 'Ha quitado una placa.', 'badgetool.php', 1, 1, '14-09-2010 01:56:54'),
(141, 'Housekeeping', 'Ha asignado una nueva placa.', 'badgetool.php', 1, 1, '14-09-2010 02:02:04'),
(142, 'Housekeeping', 'Cambio de configuraci?n del Sitio', 'cms_config.php', 1, 0, '14-sep-2010 09:14:49'),
(143, 'Housekeeping', 'Cambio de configuraci?n del Sitio', 'cms_config.php', 1, 0, '14-sep-2010 09:15:48'),
(144, 'Housekeeping', 'Cambio de configuraci?n del Sitio', 'cms_config.php', 1, 0, '14-sep-2010 09:17:35'),
(145, 'Housekeeping', 'Cambio de configuraci?n del Sitio', 'cms_config.php', 1, 0, '14-sep-2010 09:17:46'),
(146, 'Housekeeping', 'Cambio de configuraci?n del Sitio', 'cms_config.php', 1, 0, '14-sep-2010 09:18:26'),
(147, 'Housekeeping', 'Cambio de configuraci?n del Sitio', 'cms_config.php', 1, 0, '14-sep-2010 09:19:39'),
(148, 'Housekeeping', 'Cambio de configuraci?n del Sitio en Disponibilidad', 'cms_config.php', 1, 0, '14-sep-2010 09:19:43'),
(149, 'Housekeeping', 'Cambio de configuraci?n del Sitio en P?ginas', 'cms_config.php', 1, 0, '14-sep-2010 09:20:15'),
(150, 'Housekeeping', 'Cambio de configuraci?n del Sitio', 'cms_config.php', 1, 0, '14-sep-2010 09:42:38'),
(151, 'Housekeeping', ' se ha con?ctado con la Ip REMOTE_IP', 'login.php', 1, 0, '14-09-2010 09:54:07'),
(152, 'Housekeeping', 'Cambio de configuraci?n del Sitio', 'cms_config.php', 1, 0, 'sep 14, 2010 09:54:15 AM'),
(153, 'Housekeeping', 'Cambio de configuraci?n del Sitio', 'cms_config.php', 1, 0, '14-sep-2010 09:57:20'),
(154, 'Housekeeping', 'Cambio de configuraci?n del Sitio', 'cms_config.php', 1, 0, 'sep 14, 2010 09:57:38 AM'),
(155, 'Housekeeping', ' se ha con?ctado con la Ip REMOTE_IP', 'login.php', 1, 0, '14-09-2010 09:59:18'),
(156, 'Housekeeping', 'Cambio de configuraci?n del Sitio', 'cms_config.php', 1, 0, '14-sep-2010 09:59:24'),
(157, 'Housekeeping', 'Cambio de configuraci?n del Sitio', 'cms_config.php', 1, 0, 'sep 14, 2010 10:01:17 AM'),
(158, 'Housekeeping', 'Cambio de configuraci?n en la RPX', 'connection_methods.php', 1, 0, '14-sep-2010 10:54:13'),
(159, 'Housekeeping', 'Cambio de configuraci?n en la RPX', 'connection_methods.php', 1, 0, '14-sep-2010 10:54:18'),
(160, 'Housekeeping', 'Cambio de configuraci?n en la RPX', 'connection_methods.php', 1, 0, '14-sep-2010 10:55:14'),
(161, 'Housekeeping', 'Cambio de configuraci?n en la RPX', 'connection_methods.php', 1, 0, '14-sep-2010 10:55:28'),
(162, 'Housekeeping', 'Cambio de configuraci?n en la RPX', 'connection_methods.php', 1, 0, '14-sep-2010 10:55:58'),
(163, 'Housekeeping', 'Cambio de configuraci?n en la RPX', 'connection_methods.php', 1, 0, '14-sep-2010 10:56:12'),
(164, 'Housekeeping', 'Cambio de configuraci?n en la RPX', 'connection_methods.php', 1, 0, '14-sep-2010 10:56:34'),
(165, 'Housekeeping', 'Cambio de configuraci?n del Sitio en Disponibilidad', 'cms_config.php', 1, 0, '14-sep-2010 11:10:30'),
(166, 'Housekeeping', 'xdr se ha con?ctado con la Ip REMOTE_IP', 'login.php', 1, 0, '14-09-2010 11:34:16'),
(167, 'Housekeeping', ' se ha con?ctado con la Ip REMOTE_IP', 'login.php', 1, 0, '14-09-2010 11:39:48'),
(168, 'Housekeeping', ' se ha con?ctado con la Ip REMOTE_IP', 'login.php', 1, 0, '14-09-2010 12:32:48'),
(169, 'Housekeeping', ' se ha con?ctado con la Ip REMOTE_IP', 'login.php', 1, 0, '14-09-2010 12:50:57'),
(170, 'Housekeeping', 'Cambio de configuraci?n del Sitio', 'cms_config.php', 1, 0, '14-sep-2010 12:51:08'),
(171, 'Housekeeping', 'Cambio de configuraci?n del Sitio', 'cms_config.php', 1, 0, 'sep 14, 2010 12:52:11 PM'),
(172, 'Housekeeping', ' se ha con?ctado con la Ip REMOTE_IP', 'login.php', 1, 0, '14-09-2010 13:07:49'),
(173, 'Housekeeping', 'Agrego una opci?n a la Selecci?n Staff', 'staffpick.php', 1, 0, '14-sep-2010 15:33:34'),
(174, 'Housekeeping', 'Creaci?n de una imagen publicitaria.', 'advertings.php', 1, 0, '14-09-2010 15:36:15'),
(175, 'Housekeeping', 'Cambio de configuraci?n del Sitio', 'cms_config.php', 1, 0, '14-sep-2010 15:54:35'),
(176, 'Housekeeping', 'Cambio de configuraci?n del Sitio', 'cms_config.php', 1, 0, 'sep 14, 2010 15:56:54 PM'),
(177, 'Housekeeping', 'Cambio de configuraci?n del Sitio', 'cms_config.php', 1, 0, '14-sep-2010 16:10:29'),
(178, 'Housekeeping', 'Cambio del Lenguage: English - Ingles a Espa?ol - Spanish', 'cms_config.php', 1, 0, '14-sep-2010 16:25:36'),
(179, 'Housekeeping', 'Cambio del Lenguage: English - Ingles a Espa?ol - Spanish', 'cms_config.php', 1, 0, '14-sep-2010 16:25:42'),
(180, 'Housekeeping', 'Espa?ol - Spanish to English - Ingles', 'cms_config.php', 1, 0, 'sep 14, 2010 16:27:21 PM'),
(181, 'Housekeeping', 'Cambio del Lenguage: English - Ingles a Espa?ol - Spanish', 'cms_config.php', 1, 0, '14-sep-2010 16:28:03'),
(182, 'Housekeeping', 'Cambio del Lenguage: English - Ingles a Espa?ol - Spanish', 'cms_config.php', 1, 0, '14-sep-2010 16:28:09'),
(183, 'Housekeeping', 'Cambio del Lenguage: English - Ingles a Espa?ol - Spanish', 'cms_config.php', 1, 0, '14-sep-2010 16:28:13'),
(184, 'Housekeeping', 'Espa?ol - Spanish to English - Ingles', 'cms_config.php', 1, 0, 'sep 14, 2010 16:28:21 PM'),
(185, 'Housekeeping', 'Cambio del Lenguage: English - Ingles a Espa?ol - Spanish', 'cms_config.php', 1, 0, '14-sep-2010 16:28:27'),
(186, 'Housekeeping', 'Espa?ol - Spanish to English - Ingles', 'cms_config.php', 1, 0, 'sep 14, 2010 19:31:15 PM'),
(187, 'Housekeeping', ' se ha con?ctado con la Ip REMOTE_IP', 'login.php', 1, 0, '18-09-2010 09:49:55'),
(188, 'Housekeeping', 'Cambio del Lenguage: English - Ingles a Espa?ol - Spanish', 'cms_config.php', 1, 0, '18-sep-2010 21:45:11'),
(189, 'Housekeeping', 'Espa?ol - Spanish to English - Ingles', 'cms_config.php', 1, 0, 'sep 18, 2010 21:45:26 PM'),
(190, 'Housekeeping', 'Cambio del Lenguage: English - Ingles a Espa?ol - Spanish', 'cms_config.php', 1, 0, '18-sep-2010 21:46:37'),
(191, 'Housekeeping', 'Espa?ol - Spanish to English - Ingles', 'cms_config.php', 1, 0, 'sep 18, 2010 22:34:29 PM'),
(192, 'Housekeeping', 'Cambio del Lenguage: English - Ingles a Espa?ol - Spanish', 'cms_config.php', 1, 0, '18-sep-2010 22:39:32'),
(193, 'Housekeeping', 'Cambio de rango a 6', 'ranktool.php', 1, 2, '18-09-2010 22:43:26'),
(194, 'Housekeeping', 'Cambio de rango a 1', 'ranktool.php', 1, 2, '18-09-2010 22:43:40'),
(195, 'Housekeeping', 'Cambio de rango a 7', 'ranktool.php', 1, 2, '18-09-2010 22:43:46'),
(196, 'Housekeeping', 'Ha asignado una nueva placa.', 'badgetool.php', 1, 1, '18-09-2010 22:44:30'),
(197, 'Housekeeping', 'Ha asignado una nueva placa.', 'badgetool.php', 1, 2, '18-09-2010 22:44:39'),
(198, 'Housekeeping', 'Ha asignado una nueva placa.', 'badgetool.php', 1, 1, '18-09-2010 22:45:10'),
(199, 'Housekeeping', 'Ha asignado una nueva placa.', 'badgetool.php', 1, 2, '18-09-2010 23:02:31'),
(200, 'Housekeeping', 'Ha asignado una nueva placa.', 'badgetool.php', 1, 2, '18-09-2010 23:03:49'),
(201, 'Housekeeping', 'Espa?ol - Spanish to English - Ingles', 'cms_config.php', 1, 0, 'sep 18, 2010 23:11:30 PM'),
(202, 'Housekeeping', 'Cambio del Lenguage: English - Ingles a Espa?ol - Spanish', 'cms_config.php', 1, 0, '18-sep-2010 23:15:50'),
(203, 'Housekeeping', 'Espa?ol - Spanish to English - Ingles', 'cms_config.php', 1, 0, 'sep 18, 2010 23:16:28 PM'),
(204, 'Housekeeping', 'Acceso denegado.', 'bantool.php', 1, 1, '18-09-2010 23:31:30'),
(205, 'Housekeeping', 'Acceso denegado.', 'bantool.php', 1, 2, '18-09-2010 23:31:37'),
(206, 'Housekeeping', 'Cambio de rango a 1', 'ranktool.php', 1, 2, '18-09-2010 23:31:43'),
(207, 'Housekeeping', 'Acceso denegado.', 'bantool.php', 1, 1, '18-09-2010 23:38:15'),
(208, 'Housekeeping', 'Acceso denegado.', 'bantool.php', 1, 1, '18-09-2010 23:38:22'),
(209, 'Housekeeping', 'Acceso denegado.', 'bantool.php', 1, 1, '18-09-2010 23:38:24'),
(210, 'Housekeeping', 'Baneo remoto (xdr)', 'bantool.php', 1, 2, '18-09-2010 23:38:51'),
(211, 'Housekeeping', 'Acceso denegado.', 'bantool.php', 1, 1, '18-09-2010 23:44:17'),
(212, 'Housekeeping', 'Baneo remoto ()', 'bantool.php', 1, 2, '18-09-2010 23:44:28'),
(213, 'Housekeeping', 'Baneo remoto (Uso inecesario de herramientas importantes.)', 'bantool.php', 1, 2, '18-09-2010 23:55:20'),
(214, 'Housekeeping', ' se ha con?ctado con la Ip REMOTE_IP', 'login.php', 1, 0, '19-09-2010 18:25:27'),
(215, 'Housekeeping', 'Cambio de configuraci?n del Servidor', 'server.php', 1, 0, '19-sep-2010 18:25:39'),
(216, 'Housekeeping', 'Cambio de configuraci?n del Sitio en Cliente', 'loader.php', 1, 0, '19-sep-2010 18:26:35'),
(217, 'Housekeeping', 'Cambio de configuraci?n del Sitio en Cliente', 'loader.php', 1, 0, '19-sep-2010 18:26:39'),
(218, 'Housekeeping', 'Cambio de configuraci?n del Sitio en Cliente', 'loader.php', 1, 0, '19-sep-2010 18:28:04'),
(219, 'Housekeeping', ' se ha con?ctado con la Ip REMOTE_IP', 'login.php', 1, 0, '20-09-2010 23:53:56'),
(220, 'Housekeeping', 'Cambio de configuraci?n del Servidor', 'server.php', 1, 0, '23-sep-2010 19:27:00'),
(221, 'Housekeeping', 'Cambio de configuraci?n del Sitio en Cliente', 'loader.php', 1, 0, '23-sep-2010 19:29:21'),
(222, 'Housekeeping', 'Cambio de configuraci?n del Servidor', 'server.php', 1, 0, '23-sep-2010 19:29:47'),
(223, 'Housekeeping', 'Cambio de configuraci?n del Sitio en Cliente', 'loader.php', 1, 0, '23-sep-2010 19:54:41'),
(224, 'Housekeeping', 'Creaci?n de una imagen publicitaria.', 'advertings.php', 1, 0, '23-09-2010 21:12:52'),
(225, 'Housekeeping', 'Cambio de configuraci?n del Sitio en Cliente', 'loader.php', 1, 0, '24-sep-2010 16:27:10'),
(226, 'Housekeeping', 'xdr se ha con?ctado con la Ip REMOTE_IP', 'login.php', 1, 0, '25-09-2010 09:27:26'),
(227, 'Housekeeping', 'Cambio del Lenguage: English - Ingles a Espa?ol - Spanish', 'cms_config.php', 1, 0, '25-sep-2010 09:32:31'),
(228, 'Housekeeping', 'Cambio del Lenguage: English - Ingles a Espa?ol - Spanish', 'cms_config.php', 1, 0, '25-sep-2010 09:32:36'),
(229, 'Housekeeping', 'Espa?ol - Spanish to English - Ingles', 'cms_config.php', 1, 0, 'sep 25, 2010 09:33:13 AM'),
(230, 'Housekeeping', 'Cambio del Lenguage: English - Ingles a Espa?ol - Spanish', 'cms_config.php', 1, 0, '25-sep-2010 09:33:21'),
(231, 'Housekeeping', 'Espa?ol - Spanish to English - Ingles', 'cms_config.php', 1, 0, 'sep 25, 2010 09:33:23 AM'),
(232, 'Housekeeping', 'xdr se ha con?ctado con la Ip REMOTE_IP', 'login.php', 1, 0, '25-09-2010 09:37:00'),
(233, 'Housekeeping', ' se ha con?ctado con la Ip REMOTE_IP', 'login.php', 1, 0, '25-09-2010 09:42:31'),
(234, 'Housekeeping', ' se ha con?ctado con la Ip REMOTE_IP', 'login.php', 1, 0, '25-09-2010 09:43:58'),
(235, 'Housekeeping', ' se ha con?ctado con la Ip REMOTE_IP', 'login.php', 1, 0, '25-09-2010 09:47:18'),
(236, 'Housekeeping', 'Ha asignado una nueva placa.', 'badgetool.php', 1, 1, '25-09-2010 15:27:54'),
(237, 'Housekeeping', 'Cambio de configuraci?n del Sitio en P?ginas', 'cms_config.php', 1, 0, '25-sep-2010 15:30:56'),
(238, 'Housekeeping', 'Cambio de configuraci?n del Sitio en Disponibilidad', 'cms_config.php', 1, 0, '25-sep-2010 15:30:59'),
(239, 'Housekeeping', 'Cambio de configuraci?n del Servidor', 'server.php', 1, 0, '25-sep-2010 20:35:47'),
(240, 'Housekeeping', ' se ha con?ctado con la Ip REMOTE_IP', 'login.php', 1, 0, '25-09-2010 22:02:05'),
(241, 'Housekeeping', 'Cambio del Lenguage: English - Ingles a Espa?ol - Spanish', 'cms_config.php', 1, 0, '25-sep-2010 22:02:20'),
(242, 'Housekeeping', 'Espa?ol - Spanish to English - Ingles', 'cms_config.php', 1, 0, 'sep 25, 2010 22:02:45 PM'),
(243, 'Housekeeping', 'Cambio de configuraci?n del Servidor', 'server.php', 1, 0, '25-sep-2010 22:24:28'),
(244, 'Housekeeping', 'Cambio de configuraci?n del Servidor', 'server.php', 1, 0, '25-sep-2010 22:24:38'),
(245, 'Housekeeping', ' se ha con?ctado con la Ip REMOTE_IP', 'login.php', 1, 0, '27-09-2010 20:52:30'),
(246, 'Housekeeping', 'Cambio del Lenguage: English - Ingles a Espa?ol - Spanish', 'cms_config.php', 1, 0, '27-sep-2010 20:52:35'),
(247, 'Housekeeping', 'Espa?ol - Spanish to English - Ingles', 'cms_config.php', 1, 0, 'sep 27, 2010 21:35:56 PM'),
(248, 'Housekeeping', ' se ha con?ctado con la Ip REMOTE_IP', 'login.php', 1, 0, '27-09-2010 21:43:45'),
(249, 'Housekeeping', 'Cambio de configuraci?n del Sitio', 'cms_config.php', 1, 0, '27-sep-2010 23:33:48'),
(250, 'Housekeeping', ' se ha con?ctado con la Ip REMOTE_IP', 'login.php', 1, 0, '28-09-2010 17:16:26'),
(251, 'Housekeeping', 'Cambio del Lenguage: English - Ingles a Espa?ol - Spanish', 'cms_config.php', 1, 0, '28-sep-2010 17:16:30'),
(252, 'Housekeeping', 'Espa?ol - Spanish to English - Ingles', 'cms_config.php', 1, 0, 'sep 28, 2010 20:52:51 PM'),
(253, 'Housekeeping', 'Cambio de configuraci?n del Sitio', 'cms_config.php', 1, 0, '28-sep-2010 20:54:45'),
(254, 'Housekeeping', ' se ha con?ctado con la Ip REMOTE_IP', 'login.php', 1, 0, '28-09-2010 22:44:44'),
(255, 'Housekeeping', 'Cambio del Lenguage: English - Ingles a Espa?ol - Spanish', 'cms_config.php', 1, 0, '28-sep-2010 22:44:50'),
(256, 'Housekeeping', 'Espa?ol - Spanish to English - Ingles', 'cms_config.php', 1, 0, 'sep 28, 2010 22:57:17 PM'),
(257, 'Housekeeping', ' se ha con?ctado con la Ip REMOTE_IP', 'login.php', 1, 0, '28-09-2010 23:39:15'),
(258, 'Housekeeping', 'Cambio del Lenguage: English - Ingles a Espa?ol - Spanish', 'cms_config.php', 1, 0, '28-sep-2010 23:39:21'),
(259, 'Housekeeping', 'Espa?ol - Spanish to English - Ingles', 'cms_config.php', 1, 0, 'sep 29, 2010 16:23:55 PM'),
(260, 'Housekeeping', ' se ha con?ctado con la Ip REMOTE_IP', 'login.php', 2, 0, '29-09-2010 16:29:37'),
(261, 'Housekeeping', 'Cambio de configuraci?n del Servidor', 'server.php', 2, 0, '29-sep-2010 16:29:49'),
(262, 'Housekeeping', 'Cambio de configuraci?n del Sitio en Cliente', 'loader.php', 2, 0, '29-sep-2010 16:31:59'),
(263, 'Housekeeping', ' se ha con?ctado con la Ip REMOTE_IP', 'login.php', 2, 0, '29-09-2010 16:40:16'),
(264, 'Housekeeping', ' se ha con?ctado con la Ip REMOTE_IP', 'login.php', 1, 0, '29-09-2010 17:54:12'),
(265, 'Housekeeping', 'Cambio de configuraci?n en la RPX', 'connection_methods.php', 1, 0, '29-sep-2010 17:55:58'),
(266, 'Housekeeping', ' se ha con?ctado con la Ip REMOTE_IP', 'login.php', 1, 0, '29-09-2010 17:58:47'),
(267, 'Housekeeping', ' se ha con?ctado con la Ip REMOTE_IP', 'login.php', 1, 0, '29-09-2010 19:47:30'),
(268, 'Housekeeping', ' se ha con?ctado con la Ip REMOTE_IP', 'login.php', 1, 0, '02-10-2010 15:38:39'),
(269, 'Housekeeping', 'Cambio del Lenguage: English - Ingles a Espa?ol - Spanish', 'cms_config.php', 1, 0, '02-oct-2010 15:38:44'),
(270, 'Housekeeping', 'Cambio de configuraci?n del Sitio', 'cms_config.php', 1, 0, 'oct 02, 2010 15:47:07 PM'),
(271, 'Housekeeping', ' se ha con?ctado con la Ip REMOTE_IP', 'login.php', 3, 0, '30-10-2010 15:08:40'),
(272, 'Housekeeping', 'Espa?ol - Spanish to English - Ingles', 'cms_config.php', 3, 0, 'oct 30, 2010 15:08:45 PM'),
(273, 'Housekeeping', 'Cambio de configuraci?n del Sitio en Cliente', 'loader.php', 3, 0, '30-oct-2010 15:10:04'),
(274, 'Housekeeping', 'Cambio de configuraci?n del Sitio en Cliente', 'loader.php', 3, 0, '30-oct-2010 15:10:39'),
(275, 'Housekeeping', 'Cambio de configuraci?n del Servidor', 'server.php', 3, 0, '30-oct-2010 15:11:27'),
(276, 'Housekeeping', 'Cambio de configuraci?n del Servidor', 'server.php', 3, 0, '30-oct-2010 15:12:07'),
(277, 'Housekeeping', 'Cambio de configuraci?n del Sitio', 'cms_config.php', 3, 0, '30-oct-2010 21:33:05'),
(278, 'Housekeeping', 'Cambio de configuraci?n del Sitio en Cliente', 'loader.php', 3, 0, '31-oct-2010 10:36:49'),
(279, 'Housekeeping', 'Cambio de configuraci?n del Servidor en Mensaje de Bienvenida', 'welcomemsg.php', 3, 0, '31-oct-2010 12:09:30'),
(280, 'Housekeeping', 'Cambio de configuraci?n del Servidor', 'server.php', 3, 0, '31-oct-2010 12:52:23'),
(281, 'Housekeeping', ' se ha con?ctado con la Ip REMOTE_IP', 'login.php', 1, 0, '01-11-2010 17:16:56'),
(282, 'Housekeeping', 'Cambio de configuraci?n del Sitio', 'cms_config.php', 1, 0, '02-nov-2010 19:08:26'),
(283, 'Housekeeping', 'Cambio de configuraci?n del Servidor', 'server.php', 1, 0, '03-nov-2010 20:50:09'),
(284, 'Housekeeping', 'Alerta masiva enviada', 'massalert.php', 1, 0, '03-11-2010 20:52:24'),
(285, 'Housekeeping', 'Alerta masiva enviada', 'massalert.php', 1, 0, '03-11-2010 20:52:56'),
(286, 'Housekeeping', 'Alerta masiva enviada', 'massalert.php', 1, 0, '03-11-2010 20:53:01'),
(287, 'Housekeeping', 'Cambio de configuraci?n del Servidor', 'server.php', 1, 0, '09-nov-2010 19:38:00'),
(288, 'Housekeeping', 'Cambio de configuraci?n del Servidor', 'server.php', 1, 0, '09-nov-2010 19:39:27'),
(289, 'Housekeeping', 'Cambio de configuraci?n del Sitio', 'cms_config.php', 1, 0, '09-nov-2010 19:40:20'),
(290, 'Housekeeping', ' se ha con?ctado con la Ip REMOTE_IP', 'login.php', 1, 0, '05-12-2010 08:05:17'),
(291, 'Housekeeping', 'Cambio de configuraci?n del Sitio en Cliente', 'loader.php', 1, 0, '05-dic-2010 08:29:27'),
(292, 'Housekeeping', 'Cambio de configuraci?n del Sitio en Cliente', 'loader.php', 1, 0, '05-dic-2010 08:29:55'),
(293, 'Housekeeping', 'Cambio de configuraci?n en la RPX', 'connection_methods.php', 1, 0, '05-dic-2010 09:33:17'),
(294, 'Housekeeping', 'Cambio de configuraci?n en la RPX', 'connection_methods.php', 1, 0, '05-dic-2010 09:33:22'),
(295, 'Housekeeping', 'Cambio de configuraci?n en la RPX', 'connection_methods.php', 1, 0, '05-dic-2010 09:33:36'),
(296, 'Housekeeping', 'Cambio de configuraci?n en la RPX', 'connection_methods.php', 1, 0, '05-dic-2010 09:33:40'),
(297, 'Housekeeping', 'Cambio de configuraci?n en la RPX', 'connection_methods.php', 1, 0, '05-dic-2010 09:33:45'),
(298, 'Housekeeping', 'Creaci?n de una imagen publicitaria.', 'advertings.php', 1, 0, '05-12-2010 23:10:07'),
(299, 'Housekeeping', 'Creaci?n de una imagen publicitaria.', 'advertings.php', 1, 0, '05-12-2010 23:15:50'),
(300, 'Housekeeping', 'Creaci?n de una imagen publicitaria.', 'advertings.php', 1, 0, '05-12-2010 23:15:57'),
(301, 'Housekeeping', 'Cambio de configuraci?n del Servidor', 'server.php', 1, 0, '06-dic-2010 17:55:05'),
(302, 'Housekeeping', 'Cambio de configuraci?n del Servidor', 'server.php', 1, 0, '06-dic-2010 22:02:33'),
(303, 'Housekeeping', ' se ha con?ctado con la Ip REMOTE_IP', 'login.php', 4, 0, '07-12-2010 10:24:50'),
(304, 'Housekeeping', 'Cambio de configuraci?n del Sitio en Cliente', 'loader.php', 4, 0, '07-dic-2010 10:32:12'),
(305, 'Housekeeping', 'Cambio de configuraci?n del Sitio en Cliente', 'loader.php', 4, 0, '07-dic-2010 10:34:01'),
(306, 'Housekeeping', 'Cambio de configuraci?n del Sitio en Cliente', 'loader.php', 4, 0, '07-dic-2010 10:35:11'),
(307, 'Housekeeping', ' se ha con?ctado con la Ip REMOTE_IP', 'login.php', 4, 0, '07-12-2010 10:37:00'),
(308, 'Housekeeping', ' se ha con?ctado con la Ip REMOTE_IP', 'login.php', 4, 0, '07-12-2010 11:58:30'),
(309, 'Housekeeping', ' se ha con?ctado con la Ip REMOTE_IP', 'login.php', 4, 0, '07-12-2010 16:59:03'),
(310, 'Housekeeping', 'Alerta masiva enviada', 'massalert.php', 1, 0, '07-12-2010 17:20:44'),
(311, 'Housekeeping', 'Cambio de configuraci?n del Servidor', 'server.php', 1, 0, '07-dic-2010 17:27:57'),
(312, 'Housekeeping', 'Cambio de configuraci?n del Sitio en Cliente', 'loader.php', 4, 0, '07-dic-2010 18:29:42'),
(313, 'Housekeeping', 'Cambio de configuraci?n del Sitio en Cliente', 'loader.php', 4, 0, '07-dic-2010 18:29:58'),
(314, 'Housekeeping', ' se ha con?ctado con la Ip REMOTE_IP', 'login.php', 4, 0, '07-12-2010 18:46:32'),
(315, 'Housekeeping', 'Creaci?n de un Art?culo', 'news_compose.php', 4, 0, '07-dic-2010 18:50:32'),
(316, 'Housekeeping', ' se ha con?ctado con la Ip REMOTE_IP', 'login.php', 4, 0, '07-12-2010 19:18:36'),
(317, 'Housekeeping', 'Cambio de rango a 5', 'ranktool.php', 4, 7, '07-12-2010 19:19:07'),
(318, 'Housekeeping', 'Cambio de configuraci?n del Sitio', 'cms_config.php', 1, 0, '07-dic-2010 19:21:48'),
(319, 'Housekeeping', 'Cambio de configuraci?n del Sitio', 'cms_config.php', 1, 0, '07-dic-2010 19:22:21'),
(320, 'Housekeeping', 'Cambio de configuraci?n del Sitio', 'cms_config.php', 1, 0, '07-dic-2010 19:27:09'),
(321, 'Housekeeping', ' se ha con?ctado con la Ip REMOTE_IP', 'login.php', 4, 0, '07-12-2010 19:27:20'),
(322, 'Housekeeping', 'Cambio de configuraci?n del Sitio', 'cms_config.php', 1, 0, '07-dic-2010 19:27:35'),
(323, 'Housekeeping', 'Cambio de configuraci?n del Servidor', 'server.php', 1, 0, '08-dic-2010 07:42:41'),
(324, 'Housekeeping', 'Cambio de configuraci?n del Sitio en Cliente', 'loader.php', 1, 0, '08-dic-2010 07:43:14'),
(325, 'Housekeeping', 'Cambio de configuraci?n del Sitio en Cliente', 'loader.php', 1, 0, '09-dic-2010 15:45:11'),
(326, 'Housekeeping', 'Cambio de configuraci?n del Servidor', 'server.php', 1, 0, '09-dic-2010 15:45:59'),
(327, 'Housekeeping', 'Cambio de configuraci?n del Servidor', 'server.php', 1, 0, '09-dic-2010 15:49:19'),
(328, 'Housekeeping', 'Cambio de configuraci?n del Sitio', 'cms_config.php', 1, 0, '10-dic-2010 20:15:41'),
(329, 'Housekeeping', ' se ha con?ctado con la Ip REMOTE_IP', 'login.php', 1, 0, '10-12-2010 21:14:28'),
(330, 'Housekeeping', 'Cambio de configuraci?n del Sitio en Cliente', 'loader.php', 1, 0, '10-dic-2010 21:16:55'),
(331, 'Housekeeping', 'Cambio de configuraci?n del Servidor', 'server.php', 1, 0, '10-dic-2010 21:17:40'),
(332, 'Housekeeping', 'Cambio del Lenguage: English - Ingles a Espa?ol - Spanish', 'cms_config.php', 1, 0, '10-dic-2010 21:43:11'),
(333, 'Housekeeping', 'Cambio del Lenguage: English - Ingles a Espa?ol - Spanish', 'cms_config.php', 1, 0, '10-dic-2010 21:45:49'),
(334, 'Housekeeping', 'Cambio del Lenguage: English - Ingles a Espa?ol - Spanish', 'cms_config.php', 1, 0, '10-dic-2010 21:46:44'),
(335, 'Housekeeping', 'Cambio del Lenguage: English - Ingles a Espa?ol - Spanish', 'cms_config.php', 1, 0, '10-dic-2010 21:50:51'),
(336, 'Housekeeping', 'Cambio del Lenguage: English - Ingles a Espa?ol - Spanish', 'cms_config.php', 1, 0, '10-dic-2010 21:51:09'),
(337, 'Housekeeping', 'Agrego una opci?n a la Selecci?n Staff', 'staffpick.php', 1, 0, '10-dic-2010 21:54:10'),
(338, 'Housekeeping', 'Cambio de configuraci?n en la RPX', 'connection_methods.php', 1, 0, '10-dic-2010 22:27:10'),
(339, 'Housekeeping', 'Cambio de configuraci?n en la RPX', 'connection_methods.php', 1, 0, '10-dic-2010 23:04:42'),
(340, 'Housekeeping', 'Cambio de configuraci?n del Sitio en Disponibilidad', 'cms_config.php', 1, 0, '12-dic-2010 10:15:54'),
(341, 'Housekeeping', ' se ha con?ctado con la Ip REMOTE_IP', 'login.php', 1, 0, '12-12-2010 11:00:59'),
(342, 'Housekeeping', ' se ha con?ctado con la Ip REMOTE_IP', 'login.php', 1, 0, '12-12-2010 11:06:44'),
(343, 'Housekeeping', ' se ha con?ctado con la Ip REMOTE_IP', 'login.php', 1, 0, '12-12-2010 11:22:39'),
(344, 'Housekeeping', 'Cambio de configuraci?n del Sitio en Disponibilidad', 'cms_config.php', 1, 0, '12-dic-2010 11:22:53'),
(345, 'Housekeeping', 'Cambio de configuraci?n del Sitio en Cliente', 'loader.php', 1, 0, '17-dic-2010 20:06:07'),
(346, 'Housekeeping', 'Cambio de configuraci?n del Sitio en Cliente', 'loader.php', 1, 0, '17-dic-2010 20:18:29'),
(347, 'Housekeeping', 'Cambio de configuraci?n del Servidor', 'server.php', 1, 0, '17-dic-2010 20:18:52'),
(348, 'Housekeeping', 'Cambio del Lenguage: English - Ingles a Espa?ol - Spanish', 'cms_config.php', 1, 0, '18-dic-2010 22:03:54'),
(349, 'Housekeeping', 'Cambio del Lenguage: English - Ingles a Espa?ol - Spanish', 'cms_config.php', 1, 0, '18-dic-2010 22:23:16'),
(350, 'Housekeeping', 'Cambio del Lenguage: English - Ingles a Espa?ol - Spanish', 'cms_config.php', 1, 0, '18-dic-2010 22:27:05'),
(351, 'Housekeeping', 'Cambio del Lenguage: English - Ingles a Espa?ol - Spanish', 'cms_config.php', 1, 0, '18-dic-2010 22:27:12'),
(352, 'Housekeeping', 'Cambio del Lenguage: English - Ingles a Espa?ol - Spanish', 'cms_config.php', 1, 0, '18-dic-2010 22:27:15'),
(353, 'Housekeeping', 'Cambio del Lenguage: English - Ingles a Espa?ol - Spanish', 'cms_config.php', 1, 0, '18-dic-2010 22:27:17'),
(354, 'Housekeeping', 'Cambio del Lenguage: English - Ingles a Espa?ol - Spanish', 'cms_config.php', 1, 0, '18-dic-2010 22:28:25'),
(355, 'Housekeeping', 'Cambio del Lenguage: English - Ingles a Espa?ol - Spanish', 'cms_config.php', 1, 0, '18-dic-2010 22:38:13'),
(356, 'Housekeeping', 'Cambio de configuraci?n del Sitio en Cliente', 'loader.php', 1, 0, '29-dic-2010 02:10:38'),
(357, 'Housekeeping', 'Cambio de configuraci?n del Sitio en Cliente', 'loader.php', 1, 0, '29-dic-2010 02:22:35'),
(358, 'Housekeeping', 'Cambio de configuraci?n del Servidor', 'server.php', 1, 0, '29-dic-2010 02:24:21'),
(359, 'Housekeeping', 'Cambio de configuraci?n del Sitio en Cliente', 'loader.php', 1, 0, '29-dic-2010 02:33:19'),
(360, 'Housekeeping', 'Cambio de configuraci?n del Sitio en Cliente', 'loader.php', 1, 0, '29-dic-2010 15:47:38'),
(361, 'Housekeeping', 'Cambio de configuraci?n del Sitio en Cliente', 'loader.php', 1, 0, '29-dic-2010 16:01:55'),
(362, 'Housekeeping', 'Cambio de configuraci?n del Sitio en Cliente', 'loader.php', 1, 0, '29-dic-2010 16:02:52'),
(363, 'Housekeeping', ' se ha con?ctado con la Ip REMOTE_IP', 'login.php', 23, 0, '29-12-2010 17:36:29'),
(364, 'Housekeeping', ' se ha con?ctado con la Ip REMOTE_IP', 'login.php', 21, 0, '29-12-2010 17:36:46'),
(365, 'Housekeeping', 'Cambio de configuraci?n del Sitio', 'cms_config.php', 21, 0, '29-dic-2010 17:38:26'),
(366, 'Housekeeping', 'Cambio de configuraci?n del Servidor en Mensaje de Bienvenida', 'welcomemsg.php', 23, 0, '29-dic-2010 17:38:31'),
(367, 'Housekeeping', 'Cambio de configuraci?n del Sitio en Disponibilidad', 'cms_config.php', 23, 0, '29-dic-2010 17:40:45'),
(368, 'Housekeeping', 'Cambio de configuraci?n del Servidor en Mensaje de Bienvenida', 'welcomemsg.php', 21, 0, '29-dic-2010 17:44:04'),
(369, 'Housekeeping', 'Creaci?n de un Art?culo', 'news_compose.php', 23, 0, '29-dic-2010 17:50:21'),
(370, 'Housekeeping', 'Cambio del Lenguage: English - Ingles a Espa?ol - Spanish', 'cms_config.php', 22, 0, '29-dic-2010 18:18:01'),
(371, 'Housekeeping', 'Cambio del Lenguage: English - Ingles a Espa?ol - Spanish', 'cms_config.php', 22, 0, '29-dic-2010 18:18:09'),
(372, 'Housekeeping', ' se ha con?ctado con la Ip REMOTE_IP', 'login.php', 1, 0, '30-12-2010 13:08:59'),
(373, 'Housekeeping', 'Cambio de configuraci?n del Sitio en Cliente', 'loader.php', 1, 0, '30-dic-2010 13:10:13'),
(374, 'Housekeeping', 'Cambio de configuraci?n del Sitio en Cliente', 'loader.php', 1, 0, '30-dic-2010 13:15:29'),
(375, 'Housekeeping', ' se ha con?ctado con la Ip REMOTE_IP', 'login.php', 1, 0, '05-01-2011 17:28:04'),
(376, 'Housekeeping', 'Cambio de configuraci?n del Sitio', 'cms_config.php', 1, 0, '05-ene-2011 17:51:31'),
(377, 'Housekeeping', 'Cambio de configuraci?n del Sitio en Cliente', 'loader.php', 1, 0, '05-ene-2011 17:52:51'),
(378, 'Housekeeping', 'Cambio de configuraci?n del Sitio en Cliente', 'loader.php', 1, 0, '05-ene-2011 17:56:10'),
(379, 'Housekeeping', 'Cambio de configuraci?n del Sitio en Cliente', 'loader.php', 1, 0, '05-ene-2011 17:56:24'),
(380, 'Housekeeping', 'Cambio de configuraci?n del Sitio en Cliente', 'loader.php', 1, 0, '05-ene-2011 17:56:30'),
(381, 'Housekeeping', 'Cambio de configuraci?n del Sitio en Cliente', 'loader.php', 1, 0, '05-ene-2011 17:56:36'),
(382, 'Housekeeping', ' se ha con?ctado con la Ip REMOTE_IP', 'login.php', 1, 0, '05-01-2011 18:08:57'),
(383, 'Housekeeping', 'Cambio de configuraci?n del Servidor', 'server.php', 1, 0, '05-ene-2011 18:12:13'),
(384, 'Housekeeping', ' se ha con?ctado con la Ip REMOTE_IP', 'login.php', 1, 0, '06-01-2011 11:23:20'),
(385, 'Housekeeping', ' se ha con?ctado con la Ip REMOTE_IP', 'login.php', 1, 0, '06-01-2011 17:14:15'),
(386, 'Housekeeping', 'Cambio del Lenguage: English - Ingles a Espa?ol - Spanish', 'cms_config.php', 1, 0, '06-ene-2011 17:14:37'),
(387, 'Housekeeping', 'Cambio del Lenguage: English - Ingles a Espa?ol - Spanish', 'cms_config.php', 1, 0, '06-ene-2011 17:15:41'),
(388, 'Housekeeping', ' se ha conéctado con la Ip REMOTE_IP', 'login.php', 1, 0, '12-02-2011 16:12:58'),
(389, 'Housekeeping', 'Cambio de configuración del Servidor', 'server.php', 1, 0, '12-feb-2011 16:13:59'),
(390, 'Housekeeping', 'Cambio de configuración del Sitio en Cliente', 'loader.php', 1, 0, '12-feb-2011 16:21:25'),
(391, 'Housekeeping', ' se ha conéctado con la Ip REMOTE_IP', 'login.php', 1, 0, '12-02-2011 16:31:31'),
(392, 'Housekeeping', 'Creación de un Artículo', 'news_compose.php', 1, 0, '12-feb-2011 16:36:15'),
(393, 'Housekeeping', ' se ha conéctado con la Ip REMOTE_IP', 'login.php', 3, 0, '12-02-2011 16:46:18'),
(394, 'Housekeeping', ' se ha conéctado con la Ip REMOTE_IP', 'login.php', 3, 0, '12-02-2011 17:11:58'),
(395, 'Housekeeping', ' se ha conéctado con la Ip REMOTE_IP', 'login.php', 4, 0, '12-02-2011 17:31:08'),
(396, 'Housekeeping', 'Cambio de configuración del Sitio', 'cms_config.php', 4, 0, '12-feb-2011 17:32:19'),
(397, 'Housekeeping', 'Cambio de configuración del Sitio', 'cms_config.php', 4, 0, '12-feb-2011 17:33:45'),
(398, 'Housekeeping', 'Cambio de configuración del Sitio', 'cms_config.php', 4, 0, '12-feb-2011 17:34:09'),
(399, 'Housekeeping', 'Cambio de rango a 6', 'ranktool.php', 4, 9, '12-02-2011 17:57:30'),
(400, 'Housekeeping', 'Cambio de rango a 1', 'ranktool.php', 4, 9, '12-02-2011 17:57:39'),
(401, 'Housekeeping', 'Cambio de rango a 7', 'ranktool.php', 4, 9, '12-02-2011 17:57:47'),
(402, 'Housekeeping', 'Cambio de rango a 7', 'ranktool.php', 4, 15, '12-02-2011 18:37:47'),
(403, 'Housekeeping', ' se ha conéctado con la Ip REMOTE_IP', 'login.php', 15, 0, '12-02-2011 18:39:34'),
(404, 'Housekeeping', 'Cambio de configuración del Sitio', 'cms_config.php', 4, 0, '12-feb-2011 19:01:34'),
(405, 'Housekeeping', 'Cambio de configuración del Sitio en Páginas', 'cms_config.php', 4, 0, '12-feb-2011 19:01:58'),
(406, 'Housekeeping', 'Creación de un Artículo', 'news_compose.php', 15, 0, '12-feb-2011 19:33:01'),
(407, 'Housekeeping', ' se ha conéctado con la Ip REMOTE_IP', 'login.php', 31, 0, '12-02-2011 19:33:51'),
(408, 'Housekeeping', 'Ha asignado una nueva placa.', 'badgetool.php', 31, 31, '12-02-2011 19:37:06'),
(409, 'Housekeeping', ' se ha conéctado con la Ip REMOTE_IP', 'login.php', 31, 0, '12-02-2011 19:48:44'),
(410, 'Housekeeping', ' se ha conéctado con la Ip REMOTE_IP', 'login.php', 9, 0, '12-02-2011 19:49:23'),
(411, 'Housekeeping', 'Ha asignado una nueva placa.', 'badgetool.php', 31, 31, '12-02-2011 19:49:31'),
(412, 'Housekeeping', 'Ha asignado una nueva placa.', 'badgetool.php', 31, 31, '12-02-2011 19:49:34'),
(413, 'Housekeeping', 'Creación de un Artículo', 'news_compose.php', 15, 0, '12-feb-2011 19:58:42'),
(414, 'Housekeeping', ' se ha conéctado con la Ip REMOTE_IP', 'login.php', 23, 0, '12-02-2011 20:04:53'),
(415, 'Housekeeping', 'Creación de un Artículo', 'news_compose.php', 31, 0, '12-feb-2011 20:11:50'),
(416, 'Housekeeping', 'Alerta masiva enviada', 'massalert.php', 23, 0, '12-02-2011 20:12:22'),
(417, 'Housekeeping', 'Alerta masiva enviada', 'massalert.php', 23, 0, '12-02-2011 20:12:34'),
(418, 'Housekeeping', 'Ha asignado una nueva placa.', 'badgetool.php', 23, 23, '12-02-2011 20:23:01'),
(419, 'Housekeeping', 'Ha asignado una nueva placa.', 'badgetool.php', 23, 23, '12-02-2011 20:23:14'),
(420, 'Housekeeping', ' se ha conéctado con la Ip REMOTE_IP', 'login.php', 9, 0, '12-02-2011 20:35:20'),
(421, 'Housekeeping', 'Cambio de configuración del Sitio en Cliente', 'loader.php', 15, 0, '12-feb-2011 20:42:39'),
(422, 'Housekeeping', 'Cambio de configuración del Sitio en Cliente', 'loader.php', 15, 0, '12-feb-2011 20:42:41'),
(423, 'Housekeeping', 'Ha asignado una nueva placa.', 'badgetool.php', 9, 9, '12-02-2011 21:01:24'),
(424, 'Housekeeping', 'Ha asignado una nueva placa.', 'badgetool.php', 9, 9, '12-02-2011 21:01:58'),
(425, 'Housekeeping', 'Ha asignado una nueva placa.', 'badgetool.php', 9, 9, '12-02-2011 21:03:32'),
(426, 'Housekeeping', ' se ha conéctado con la Ip REMOTE_IP', 'login.php', 3, 0, '12-02-2011 21:39:48'),
(427, 'Housekeeping', 'Cambio de rango a 1', 'ranktool.php', 3, 37, '12-02-2011 22:21:08'),
(428, 'Housekeeping', 'Cambio de rango a 1', 'ranktool.php', 3, 31, '12-02-2011 22:21:25'),
(429, 'Housekeeping', 'Cambio de rango a 1', 'ranktool.php', 3, 15, '12-02-2011 22:21:36'),
(430, 'Housekeeping', 'Cambio de rango a 1', 'ranktool.php', 1, 9, '12-02-2011 22:37:41'),
(431, 'Housekeeping', 'Cambio de rango a 1', 'ranktool.php', 1, 19, '12-02-2011 22:37:52'),
(432, 'Housekeeping', 'Cambio de rango a 1', 'ranktool.php', 1, 7, '12-02-2011 22:38:01'),
(433, 'Housekeeping', 'Cambio de rango a 1', 'ranktool.php', 1, 24, '12-02-2011 22:38:09'),
(434, 'Housekeeping', 'Cambio de rango a 1', 'ranktool.php', 1, 30, '12-02-2011 22:38:17'),
(435, 'Housekeeping', 'Cambio de rango a 5', 'ranktool.php', 1, 23, '12-02-2011 22:39:30'),
(436, 'Housekeeping', 'Cambio de configuración del Sitio', 'cms_config.php', 1, 0, '12-feb-2011 22:45:17'),
(437, 'Housekeeping', 'Cambio de configuración del Sitio', 'cms_config.php', 1, 0, '12-feb-2011 22:46:25'),
(438, 'Housekeeping', 'Cambio de configuración del Sitio', 'cms_config.php', 1, 0, '12-feb-2011 22:47:37'),
(439, 'Housekeeping', 'Cambio de configuración del Sitio', 'cms_config.php', 1, 0, '12-feb-2011 22:48:23'),
(440, 'Housekeeping', 'Creación de un Artículo', 'news_compose.php', 1, 0, '12-feb-2011 23:22:07'),
(441, 'Housekeeping', 'Creación de un Artículo', 'news_compose.php', 1, 0, '12-feb-2011 23:31:04'),
(442, 'Housekeeping', ' se ha conéctado con la Ip REMOTE_IP', 'login.php', 1, 0, '13-02-2011 11:28:35'),
(443, 'Housekeeping', ' se ha conéctado con la Ip REMOTE_IP', 'login.php', 3, 0, '13-02-2011 11:35:32'),
(444, 'Housekeeping', ' se ha conéctado con la Ip REMOTE_IP', 'login.php', 1, 0, '13-02-2011 12:25:44'),
(445, 'Housekeeping', ' se ha conéctado con la Ip REMOTE_IP', 'login.php', 23, 0, '13-02-2011 12:30:10'),
(446, 'Housekeeping', ' se ha conéctado con la Ip REMOTE_IP', 'login.php', 23, 0, '13-02-2011 12:36:22'),
(447, 'Housekeeping', ' se ha conéctado con la Ip REMOTE_IP', 'login.php', 71, 0, '13-02-2011 12:52:41'),
(448, 'Housekeeping', 'Cambio de rango a 6', 'ranktool.php', 71, 69, '13-02-2011 12:55:49'),
(449, 'Housekeeping', ' se ha conéctado con la Ip REMOTE_IP', 'login.php', 69, 0, '13-02-2011 12:57:15'),
(450, 'Housekeeping', 'Creacion del código voucher Habborsn por 999999999 Créditos.', 'vouchers.php', 1, 0, '13-feb-2011 13:14:07'),
(451, 'Housekeeping', 'Cambio de rango a 5', 'ranktool.php', 71, 23, '13-02-2011 13:17:42'),
(452, 'Housekeeping', 'Cambio de rango a 5', 'ranktool.php', 1, 69, '13-02-2011 13:22:22'),
(453, 'Housekeeping', 'Cambio de rango a 6', 'ranktool.php', 1, 23, '13-02-2011 13:22:33'),
(454, 'Housekeeping', ' se ha conéctado con la Ip REMOTE_IP', 'login.php', 23, 0, '13-02-2011 13:23:43'),
(455, 'Housekeeping', 'Cambio de rango a 6', 'ranktool.php', 1, 73, '13-02-2011 13:25:24'),
(456, 'Housekeeping', 'Cambio de rango a 5', 'ranktool.php', 1, 23, '13-02-2011 14:21:10'),
(457, 'Housekeeping', 'Cambio de rango a 6', 'ranktool.php', 1, 23, '13-02-2011 14:21:21'),
(458, 'Housekeeping', ' se ha conéctado con la Ip REMOTE_IP', 'login.php', 71, 0, '13-02-2011 14:43:46'),
(459, 'Housekeeping', ' se ha conéctado con la Ip REMOTE_IP', 'login.php', 73, 0, '13-02-2011 15:08:32'),
(460, 'Housekeeping', ' se ha conéctado con la Ip REMOTE_IP', 'login.php', 1, 0, '13-02-2011 15:32:30'),
(461, 'Housekeeping', ' se ha conéctado con la Ip REMOTE_IP', 'login.php', 73, 0, '13-02-2011 16:34:32'),
(462, 'Housekeeping', 'Ha asignado una nueva placa.', 'badgetool.php', 71, 71, '13-02-2011 17:46:23'),
(463, 'Housekeeping', 'Ha asignado una nueva placa.', 'badgetool.php', 71, 71, '13-02-2011 19:32:00'),
(464, 'Housekeeping', 'Ha asignado una nueva placa.', 'badgetool.php', 71, 71, '13-02-2011 19:33:58'),
(465, 'Housekeeping', 'Ha quitado una placa.', 'badgetool.php', 71, 71, '13-02-2011 19:34:09'),
(466, 'Housekeeping', 'Ha asignado una nueva placa.', 'badgetool.php', 71, 71, '13-02-2011 19:38:35'),
(467, 'Housekeeping', 'Ha asignado una nueva placa.', 'badgetool.php', 71, 71, '13-02-2011 19:41:20'),
(468, 'Housekeeping', 'Ha asignado una nueva placa.', 'badgetool.php', 71, 71, '13-02-2011 19:41:47'),
(469, 'Housekeeping', 'Ha asignado una nueva placa.', 'badgetool.php', 71, 71, '13-02-2011 19:50:39'),
(470, 'Housekeeping', 'Ha asignado una nueva placa.', 'badgetool.php', 71, 71, '13-02-2011 19:52:24'),
(471, 'Housekeeping', 'Ha asignado una nueva placa.', 'badgetool.php', 71, 71, '13-02-2011 20:06:08'),
(472, 'Housekeeping', 'Cambio de rango a 5', 'ranktool.php', 71, 85, '13-02-2011 20:08:29'),
(473, 'Housekeeping', 'Ha asignado una nueva placa.', 'badgetool.php', 71, 71, '13-02-2011 20:12:24'),
(474, 'Housekeeping', ' se ha conéctado con la Ip REMOTE_IP', 'login.php', 73, 0, '13-02-2011 23:22:27'),
(475, 'Housekeeping', ' se ha conéctado con la Ip REMOTE_IP', 'login.php', 71, 0, '14-02-2011 16:43:42'),
(476, 'Housekeeping', ' se ha conéctado con la Ip REMOTE_IP', 'login.php', 105, 0, '14-02-2011 17:52:27'),
(477, 'Housekeeping', ' se ha conéctado con la Ip REMOTE_IP', 'login.php', 56, 0, '14-02-2011 18:12:30'),
(478, 'Housekeeping', 'Ha asignado una nueva placa.', 'badgetool.php', 71, 85, '14-02-2011 18:41:31'),
(479, 'Housekeeping', ' se ha conéctado con la Ip REMOTE_IP', 'login.php', 105, 0, '14-02-2011 19:33:37'),
(480, 'Housekeeping', 'Ha asignado una nueva placa.', 'badgetool.php', 105, 105, '14-02-2011 19:34:56'),
(481, 'Housekeeping', 'Ha asignado una nueva placa.', 'badgetool.php', 105, 105, '14-02-2011 19:37:10'),
(482, 'Housekeeping', 'Ha asignado una nueva placa.', 'badgetool.php', 105, 105, '14-02-2011 19:39:09'),
(483, 'Housekeeping', 'Ha asignado una nueva placa.', 'badgetool.php', 105, 105, '14-02-2011 19:39:27'),
(484, 'Housekeeping', ' se ha conéctado con la Ip REMOTE_IP', 'login.php', 1, 0, '14-02-2011 21:10:37'),
(485, 'Housekeeping', 'Ha asignado una nueva placa.', 'badgetool.php', 1, 1, '14-02-2011 22:38:25'),
(486, 'Housekeeping', 'Ha asignado una nueva placa.', 'badgetool.php', 1, 1, '14-02-2011 22:39:03'),
(487, 'Housekeeping', 'Ha asignado una nueva placa.', 'badgetool.php', 1, 1, '14-02-2011 22:40:06'),
(488, 'Housekeeping', 'Ha asignado una nueva placa.', 'badgetool.php', 1, 1, '14-02-2011 22:42:40'),
(489, 'Housekeeping', 'Ha asignado una nueva placa.', 'badgetool.php', 71, 71, '14-02-2011 22:46:42'),
(490, 'Housekeeping', ' se ha conéctado con la Ip REMOTE_IP', 'login.php', 1, 0, '15-02-2011 16:59:07'),
(491, 'Housekeeping', 'Cambio de configuración del Sitio', 'cms_config.php', 1, 0, '15-feb-2011 17:01:25'),
(492, 'Housekeeping', 'Cambio de configuración del Sitio', 'cms_config.php', 1, 0, '15-feb-2011 17:02:32'),
(493, 'Housekeeping', 'Cambio de configuración del Sitio', 'cms_config.php', 1, 0, '15-feb-2011 17:03:09'),
(494, 'Housekeeping', 'Cambio de configuración del Sitio', 'cms_config.php', 1, 0, '15-feb-2011 17:03:19'),
(495, 'Housekeeping', 'Creación de un Artículo', 'news_compose.php', 1, 0, '15-feb-2011 17:05:47'),
(496, 'Housekeeping', ' se ha conéctado con la Ip REMOTE_IP', 'login.php', 71, 0, '15-02-2011 17:13:25');
INSERT INTO `system_stafflog` (`id`, `action`, `message`, `note`, `userid`, `targetid`, `timestamp`) VALUES
(497, 'Housekeeping', ' se ha conéctado con la Ip REMOTE_IP', 'login.php', 71, 0, '16-02-2011 16:02:25'),
(498, 'Housekeeping', 'Cambio de rango a 5', 'ranktool.php', 71, 9, '16-02-2011 16:50:25'),
(499, 'Housekeeping', 'Cambio de rango a 1', 'ranktool.php', 71, 85, '16-02-2011 16:50:48'),
(500, 'Housekeeping', 'Cambio de rango a 5', 'ranktool.php', 71, 85, '16-02-2011 16:51:02'),
(501, 'Housekeeping', 'Cambio de rango a 1', 'ranktool.php', 71, 9, '16-02-2011 16:51:15'),
(502, 'Housekeeping', ' se ha conéctado con la Ip REMOTE_IP', 'login.php', 1, 0, '16-02-2011 17:18:46'),
(503, 'Housekeeping', 'Cambio de configuración del Servidor en Mensaje de Bienvenida', 'welcomemsg.php', 1, 0, '16-feb-2011 17:35:18'),
(504, 'Housekeeping', 'Cambio de configuración del EasyStyle', 'easystyle.php', 1, 0, '16-feb-2011 17:37:34'),
(505, 'Housekeeping', 'Cambio de configuración del EasyStyle', 'easystyle.php', 1, 0, '16-feb-2011 17:38:15'),
(506, 'Housekeeping', 'Creación de una imagen publicitaria.', 'advertings.php', 1, 0, '16-02-2011 17:39:16'),
(507, 'Housekeeping', 'Ha agregado un nuevo banner.', 'banners.php', 1, 0, '16-feb-2011 17:40:52'),
(508, 'Housekeeping', ' se ha conéctado con la Ip REMOTE_IP', 'login.php', 1, 0, '16-02-2011 18:02:51'),
(509, 'Housekeeping', 'Cambio de configuración del Sitio en Páginas', 'cms_config.php', 1, 0, '16-feb-2011 18:08:55'),
(510, 'Housekeeping', 'Cambio de configuración del Sitio', 'cms_config.php', 1, 0, '16-feb-2011 18:10:07'),
(511, 'Housekeeping', 'Cambio de configuración del Sitio en Disponibilidad', 'cms_config.php', 1, 0, '16-feb-2011 18:10:26'),
(512, 'Housekeeping', ' se ha conéctado con la Ip REMOTE_IP', 'login.php', 1, 0, '16-02-2011 18:33:10'),
(513, 'Housekeeping', 'Cambio de configuración del Sitio en Cliente', 'loader.php', 1, 0, '16-feb-2011 18:37:59'),
(514, 'Housekeeping', 'Cambio de configuración del Sitio en Cliente', 'loader.php', 1, 0, '16-feb-2011 18:38:55'),
(515, 'Housekeeping', 'Cambio de configuración del Sitio en Cliente', 'loader.php', 1, 0, '16-feb-2011 18:44:10'),
(516, 'Housekeeping', 'Cambio de configuración del Sitio en Cliente', 'loader.php', 1, 0, '16-feb-2011 18:46:54'),
(517, 'Housekeeping', 'Cambio de configuración del Sitio en Cliente', 'loader.php', 1, 0, '16-feb-2011 18:46:58'),
(518, 'Housekeeping', ' se ha conéctado con la Ip REMOTE_IP', 'login.php', 71, 0, '16-02-2011 20:59:25'),
(519, 'Housekeeping', ' se ha conéctado con la Ip REMOTE_IP', 'login.php', 56, 0, '16-02-2011 21:42:59'),
(520, 'Housekeeping', 'Cambio de configuración del Sitio en Cliente', 'loader.php', 56, 0, '16-feb-2011 21:52:13'),
(521, 'Housekeeping', 'Cambio de configuración del Sitio en Cliente', 'loader.php', 56, 0, '16-feb-2011 22:08:21'),
(522, 'Housekeeping', 'Cambio de configuración del Sitio en Cliente', 'loader.php', 56, 0, '16-feb-2011 22:08:57'),
(523, 'Housekeeping', 'Cambio de configuración del Sitio en Cliente', 'loader.php', 56, 0, '16-feb-2011 22:13:54'),
(524, 'Housekeeping', ' se ha conéctado con la Ip REMOTE_IP', 'login.php', 71, 0, '18-02-2011 20:48:31'),
(525, 'Housekeeping', ' se ha conéctado con la Ip REMOTE_IP', 'login.php', 1, 0, '18-02-2011 21:23:10'),
(526, 'Housekeeping', 'Creación de un Artículo', 'news_compose.php', 1, 0, '18-feb-2011 21:24:12'),
(527, 'Housekeeping', ' se ha conéctado con la Ip REMOTE_IP', 'login.php', 1, 0, '18-02-2011 21:33:24'),
(528, 'Housekeeping', ' se ha conéctado con la Ip REMOTE_IP', 'login.php', 71, 0, '18-02-2011 21:43:48'),
(529, 'Housekeeping', 'Creación de un Artículo', 'news_compose.php', 1, 0, '18-feb-2011 21:54:03'),
(530, 'Housekeeping', ' se ha conéctado con la Ip REMOTE_IP', 'login.php', 4, 0, '18-02-2011 21:57:43'),
(531, 'Housekeeping', ' se ha conéctado con la Ip REMOTE_IP', 'login.php', 71, 0, '18-02-2011 22:09:36'),
(532, 'Housekeeping', 'Creación de un Artículo', 'news_compose.php', 1, 0, '18-feb-2011 22:16:58'),
(533, 'Housekeeping', ' se ha conéctado con la Ip REMOTE_IP', 'login.php', 71, 0, '18-02-2011 22:21:33'),
(534, 'Housekeeping', 'Cambio de configuración del Sitio en Cliente', 'loader.php', 1, 0, '20-feb-2011 18:33:39'),
(535, 'Housekeeping', ' se ha conéctado con la Ip REMOTE_IP', 'login.php', 1, 0, '20-02-2011 18:35:35'),
(536, 'Housekeeping', ' se ha conéctado con la Ip REMOTE_IP', 'login.php', 1, 0, '20-02-2011 19:22:31'),
(537, 'Housekeeping', 'Cambio de rango a 5', 'ranktool.php', 1, 363, '20-02-2011 19:54:58'),
(538, 'Housekeeping', 'Cambio de rango a 6', 'ranktool.php', 1, 389, '20-02-2011 21:10:05'),
(539, 'Housekeeping', ' se ha conéctado con la Ip REMOTE_IP', 'login.php', 389, 0, '20-02-2011 21:13:04'),
(540, 'Housekeeping', 'Ha asignado una nueva placa.', 'badgetool.php', 389, 389, '20-02-2011 21:50:08'),
(541, 'Housekeeping', 'Baneo remoto (Tu comportamiento no es aceptable.)', 'bantool.php', 71, 169, '20-02-2011 21:50:46'),
(542, 'Housekeeping', 'Creación de un Artículo', 'news_compose.php', 389, 0, '20-feb-2011 21:51:18'),
(543, 'Housekeeping', 'Creación de un Artículo', 'news_compose.php', 389, 0, '20-feb-2011 21:56:40'),
(544, 'Housekeeping', 'Ha asignado una nueva placa.', 'badgetool.php', 389, 389, '20-02-2011 21:58:59'),
(545, 'Housekeeping', 'Ha asignado una nueva placa.', 'badgetool.php', 389, 389, '20-02-2011 21:59:25'),
(546, 'Housekeeping', 'Ha asignado una nueva placa.', 'badgetool.php', 389, 389, '20-02-2011 21:59:38'),
(547, 'Housekeeping', 'Ha asignado una nueva placa.', 'badgetool.php', 389, 389, '20-02-2011 21:59:59'),
(548, 'Housekeeping', 'Ha asignado una nueva placa.', 'badgetool.php', 389, 389, '20-02-2011 22:00:05'),
(549, 'Housekeeping', 'Cambio de configuración del Sitio', 'cms_config.php', 1, 0, '20-feb-2011 22:00:55'),
(550, 'Housekeeping', 'Ha asignado una nueva placa.', 'badgetool.php', 389, 363, '20-02-2011 22:48:47'),
(551, 'Housekeeping', ' se ha conéctado con la Ip REMOTE_IP', 'login.php', 389, 0, '20-02-2011 23:31:35'),
(552, 'Housekeeping', 'Ha asignado una nueva placa.', 'badgetool.php', 389, 389, '20-02-2011 23:39:32'),
(553, 'Housekeeping', 'Ha asignado una nueva placa.', 'badgetool.php', 389, 389, '20-02-2011 23:40:14'),
(554, 'Housekeeping', 'Ha asignado una nueva placa.', 'badgetool.php', 389, 389, '20-02-2011 23:40:28'),
(555, 'Housekeeping', 'Ha asignado una nueva placa.', 'badgetool.php', 389, 389, '20-02-2011 23:41:40'),
(556, 'Housekeeping', 'Ha asignado una nueva placa.', 'badgetool.php', 389, 389, '20-02-2011 23:42:55'),
(557, 'Housekeeping', 'Ha asignado una nueva placa.', 'badgetool.php', 389, 389, '20-02-2011 23:43:06'),
(558, 'Housekeeping', 'Ha asignado una nueva placa.', 'badgetool.php', 389, 389, '20-02-2011 23:43:12'),
(559, 'Housekeeping', 'Ha asignado una nueva placa.', 'badgetool.php', 389, 389, '20-02-2011 23:45:21'),
(560, 'Housekeeping', 'Ha asignado una nueva placa.', 'badgetool.php', 389, 389, '20-02-2011 23:47:49'),
(561, 'Housekeeping', 'Ha quitado una placa.', 'badgetool.php', 389, 389, '20-02-2011 23:53:20'),
(562, 'Housekeeping', 'Ha quitado una placa.', 'badgetool.php', 389, 389, '20-02-2011 23:54:31'),
(563, 'Housekeeping', 'Ha quitado una placa.', 'badgetool.php', 389, 389, '20-02-2011 23:54:57'),
(564, 'Housekeeping', 'Ha quitado una placa.', 'badgetool.php', 389, 389, '20-02-2011 23:56:43'),
(565, 'Housekeeping', 'Ha quitado una placa.', 'badgetool.php', 389, 389, '20-02-2011 23:57:36'),
(566, 'Housekeeping', 'Ha quitado una placa.', 'badgetool.php', 389, 389, '21-02-2011 00:02:06'),
(567, 'Housekeeping', 'Ha quitado una placa.', 'badgetool.php', 389, 389, '21-02-2011 00:03:10'),
(568, 'Housekeeping', ' se ha conéctado con la Ip REMOTE_IP', 'login.php', 4, 0, '21-02-2011 00:11:00'),
(569, 'Housekeeping', ' se ha conéctado con la Ip REMOTE_IP', 'login.php', 71, 0, '21-02-2011 16:01:02'),
(570, 'Housekeeping', ' se ha conéctado con la Ip REMOTE_IP', 'login.php', 389, 0, '21-02-2011 16:10:16'),
(571, 'Housekeeping', 'Ha asignado una nueva placa.', 'badgetool.php', 389, 389, '21-02-2011 16:12:32'),
(572, 'Housekeeping', 'Ha asignado una nueva placa.', 'badgetool.php', 389, 389, '21-02-2011 16:23:45'),
(573, 'Housekeeping', 'Ha asignado una nueva placa.', 'badgetool.php', 389, 69, '21-02-2011 16:31:44'),
(574, 'Housekeeping', ' se ha conéctado con la Ip REMOTE_IP', 'login.php', 1, 0, '21-02-2011 16:45:48'),
(575, 'Housekeeping', 'Ha asignado una nueva placa.', 'badgetool.php', 389, 389, '21-02-2011 17:51:35'),
(576, 'Housekeeping', 'Ha asignado una nueva placa.', 'badgetool.php', 389, 389, '21-02-2011 17:58:23'),
(577, 'Housekeeping', 'Ha asignado una nueva placa.', 'badgetool.php', 389, 389, '21-02-2011 18:02:08'),
(578, 'Housekeeping', 'Ha asignado una nueva placa.', 'badgetool.php', 389, 389, '21-02-2011 18:02:27'),
(579, 'Housekeeping', 'Ha asignado una nueva placa.', 'badgetool.php', 389, 389, '21-02-2011 18:02:50'),
(580, 'Housekeeping', 'Creación de un Artículo', 'news_compose.php', 389, 0, '21-feb-2011 18:16:03'),
(581, 'Housekeeping', ' se ha conéctado con la Ip REMOTE_IP', 'login.php', 457, 0, '21-02-2011 18:58:29'),
(582, 'Housekeeping', 'Creación de un Artículo', 'news_compose.php', 457, 0, '21-feb-2011 19:01:29'),
(583, 'Housekeeping', 'Ha asignado una nueva placa.', 'badgetool.php', 457, 457, '21-02-2011 19:17:13'),
(584, 'Housekeeping', 'Ha asignado una nueva placa.', 'badgetool.php', 457, 457, '21-02-2011 19:18:04'),
(585, 'Housekeeping', 'Ha asignado una nueva placa.', 'badgetool.php', 457, 457, '21-02-2011 19:18:41'),
(586, 'Housekeeping', 'Ha asignado una nueva placa.', 'badgetool.php', 457, 457, '21-02-2011 19:19:09'),
(587, 'Housekeeping', 'Ha asignado una nueva placa.', 'badgetool.php', 457, 457, '21-02-2011 19:19:28'),
(588, 'Housekeeping', ' se ha conéctado con la Ip REMOTE_IP', 'login.php', 457, 0, '23-02-2011 17:02:42'),
(589, 'Housekeeping', ' se ha conéctado con la Ip REMOTE_IP', 'login.php', 1, 0, '23-02-2011 17:08:56'),
(590, 'Housekeeping', 'Creacion del código voucher Habborsn por 999999999 Créditos.', 'vouchers.php', 1, 0, '23-feb-2011 17:09:39'),
(591, 'Housekeeping', 'Creación de un Artículo', 'news_compose.php', 457, 0, '23-feb-2011 17:28:09'),
(592, 'Housekeeping', ' se ha conéctado con la Ip REMOTE_IP', 'login.php', 457, 0, '23-02-2011 19:25:55'),
(593, 'Housekeeping', ' se ha conéctado con la Ip REMOTE_IP', 'login.php', 71, 0, '23-02-2011 20:30:31'),
(594, 'Housekeeping', ' se ha conéctado con la Ip REMOTE_IP', 'login.php', 1, 0, '23-02-2011 20:33:42'),
(595, 'Housekeeping', 'Cambio de configuración del Sitio', 'cms_config.php', 1, 0, '23-feb-2011 20:35:30'),
(596, 'Housekeeping', 'Cambio de configuración del Servidor', 'server.php', 1, 0, '23-feb-2011 20:49:40'),
(597, 'Housekeeping', 'Cambio de configuración del Servidor', 'server.php', 1, 0, '23-feb-2011 20:49:42'),
(598, 'Housekeeping', 'Cambio de configuración del Servidor', 'server.php', 1, 0, '23-feb-2011 20:50:05'),
(599, 'Housekeeping', 'Cambio de configuración del Sitio en Cliente', 'loader.php', 1, 0, '23-feb-2011 20:51:40'),
(600, 'Housekeeping', 'Cambio de configuración del Sitio en Cliente', 'loader.php', 1, 0, '23-feb-2011 20:52:25'),
(601, 'Housekeeping', ' se ha conéctado con la Ip REMOTE_IP', 'login.php', 56, 0, '23-02-2011 21:20:48'),
(602, 'Housekeeping', 'Cambio de configuración del Sitio en Disponibilidad', 'cms_config.php', 56, 0, '23-feb-2011 21:22:14'),
(603, 'Housekeeping', 'Cambio de configuración del Sitio en Disponibilidad', 'cms_config.php', 56, 0, '23-feb-2011 21:22:38'),
(604, 'Housekeeping', ' se ha conéctado con la Ip REMOTE_IP', 'login.php', 56, 0, '23-02-2011 21:59:30'),
(605, 'Housekeeping', ' se ha conéctado con la Ip REMOTE_IP', 'login.php', 56, 0, '23-02-2011 21:59:43'),
(606, 'Housekeeping', ' se ha conéctado con la Ip REMOTE_IP', 'login.php', 457, 0, '23-02-2011 22:35:41'),
(607, 'Housekeeping', ' se ha conéctado con la Ip REMOTE_IP', 'login.php', 1, 0, '25-02-2011 15:34:45'),
(608, 'Housekeeping', 'Cambio de configuración del Servidor', 'server.php', 1, 0, '25-feb-2011 15:35:06'),
(609, 'Housekeeping', ' se ha conéctado con la Ip REMOTE_IP', 'login.php', 1, 0, '25-02-2011 17:09:05'),
(610, 'Housekeeping', 'Cambio de configuración del Servidor', 'server.php', 1, 0, '25-feb-2011 17:10:06'),
(611, 'Housekeeping', 'Creación de un Artículo', 'news_compose.php', 1, 0, '25-feb-2011 17:17:25'),
(612, 'Housekeeping', ' se ha conéctado con la Ip REMOTE_IP', 'login.php', 71, 0, '25-02-2011 17:19:54'),
(613, 'Housekeeping', 'Creación de un Artículo', 'news_compose.php', 1, 0, '25-feb-2011 17:23:24'),
(614, 'Housekeeping', ' se ha conéctado con la Ip REMOTE_IP', 'login.php', 4, 0, '25-02-2011 17:33:45'),
(615, 'Housekeeping', 'Ha asignado una nueva placa.', 'badgetool.php', 1, 390, '25-02-2011 17:53:01'),
(616, 'Housekeeping', ' se ha conéctado con la Ip REMOTE_IP', 'login.php', 457, 0, '25-02-2011 19:54:45'),
(617, 'Housekeeping', 'Creacion del código voucher jaja123 por 500000 Créditos.', 'vouchers.php', 457, 0, '25-feb-2011 19:59:01'),
(618, 'Housekeeping', 'Creacion del código voucher jaja321 por 500000 Créditos.', 'vouchers.php', 457, 0, '25-feb-2011 20:00:00'),
(619, 'Housekeeping', 'Ha asignado una nueva placa.', 'badgetool.php', 457, 457, '25-02-2011 20:03:45'),
(620, 'Housekeeping', 'Ha asignado una nueva placa.', 'badgetool.php', 457, 457, '25-02-2011 20:05:12'),
(621, 'Housekeeping', 'Ha asignado una nueva placa.', 'badgetool.php', 457, 457, '25-02-2011 20:05:37'),
(622, 'Housekeeping', 'Ha asignado una nueva placa.', 'badgetool.php', 457, 457, '25-02-2011 20:11:07'),
(623, 'Housekeeping', 'Ha asignado una nueva placa.', 'badgetool.php', 457, 457, '25-02-2011 20:12:19'),
(624, 'Housekeeping', 'Cambio de rango a 4', 'ranktool.php', 1, 166, '25-02-2011 20:33:37'),
(625, 'Housekeeping', 'Cambio de rango a 4', 'ranktool.php', 1, 166, '25-02-2011 20:33:53'),
(626, 'Housekeeping', 'Ha asignado una nueva placa.', 'badgetool.php', 457, 223, '25-02-2011 20:50:04'),
(627, 'Housekeeping', 'Ha asignado una nueva placa.', 'badgetool.php', 457, 457, '25-02-2011 20:50:34'),
(628, 'Housekeeping', ' se ha conéctado con la Ip REMOTE_IP', 'login.php', 71, 0, '25-02-2011 21:52:53'),
(629, 'Housekeeping', 'Creación de un Artículo', 'news_compose.php', 1, 0, '25-feb-2011 22:35:23'),
(630, 'Housekeeping', ' se ha conéctado con la Ip REMOTE_IP', 'login.php', 457, 0, '25-02-2011 22:38:12'),
(631, 'Housekeeping', 'Creación de un Artículo', 'news_compose.php', 457, 0, '25-feb-2011 22:53:40'),
(632, 'Housekeeping', 'Ha asignado una nueva placa.', 'badgetool.php', 457, 449, '25-02-2011 23:09:01'),
(633, 'Housekeeping', 'Ha asignado una nueva placa.', 'badgetool.php', 457, 787, '25-02-2011 23:09:09'),
(634, 'Housekeeping', 'Ha asignado una nueva placa.', 'badgetool.php', 457, 581, '25-02-2011 23:09:19'),
(635, 'Housekeeping', 'Ha asignado una nueva placa.', 'badgetool.php', 457, 435, '25-02-2011 23:09:30'),
(636, 'Housekeeping', 'Ha asignado una nueva placa.', 'badgetool.php', 457, 223, '25-02-2011 23:09:43'),
(637, 'Housekeeping', 'Ha asignado una nueva placa.', 'badgetool.php', 457, 457, '25-02-2011 23:10:11'),
(638, 'Housekeeping', 'Ha asignado una nueva placa.', 'badgetool.php', 457, 229, '25-02-2011 23:11:46'),
(639, 'Housekeeping', 'Creación de un Artículo', 'news_compose.php', 1, 0, '25-feb-2011 23:46:07'),
(640, 'Housekeeping', 'Cambio de rango a 6', 'ranktool.php', 1, 229, '25-02-2011 23:58:29'),
(641, 'Housekeeping', ' se ha conéctado con la Ip REMOTE_IP', 'login.php', 229, 0, '26-02-2011 00:20:33'),
(642, 'Housekeeping', 'Alerta masiva enviada', 'massalert.php', 229, 0, '26-02-2011 01:30:35'),
(643, 'Housekeeping', 'Creacion del código voucher lPincelito123 por 100000 Créditos.', 'vouchers.php', 229, 0, '26-feb-2011 02:40:43'),
(644, 'Housekeeping', 'Ha asignado una nueva placa.', 'badgetool.php', 229, 229, '26-02-2011 03:01:15'),
(645, 'Housekeeping', 'Ha asignado una nueva placa.', 'badgetool.php', 229, 229, '26-02-2011 03:04:48'),
(646, 'Housekeeping', 'Baneo remoto (No se pueden usar nombres en RSN con prefijos MOD-)', 'bantool.php', 229, 409, '26-02-2011 05:14:24'),
(647, 'Housekeeping', ' se ha conéctado con la Ip REMOTE_IP', 'login.php', 4, 0, '26-02-2011 10:15:03'),
(648, 'Housekeeping', 'Creación de un Artículo', 'news_compose.php', 4, 0, '26-feb-2011 10:23:25'),
(649, 'Housekeeping', ' se ha conéctado con la Ip REMOTE_IP', 'login.php', 1, 0, '26-02-2011 10:35:02'),
(650, 'Housekeeping', 'Creación de un Artículo', 'news_compose.php', 4, 0, '26-feb-2011 10:40:50'),
(651, 'Housekeeping', 'Cambio de rango a 5', 'ranktool.php', 1, 501, '26-02-2011 10:41:18'),
(652, 'Housekeeping', 'Agrego una opción a la Selección Staff', 'staffpick.php', 1, 0, '26-feb-2011 12:53:26'),
(653, 'Housekeeping', 'Cambio de rango a 3', 'ranktool.php', 1, 501, '26-02-2011 12:54:32'),
(654, 'Housekeeping', 'Ha quitado una placa.', 'badgetool.php', 1, 501, '26-02-2011 12:57:48'),
(655, 'Housekeeping', ' se ha conéctado con la Ip REMOTE_IP', 'login.php', 71, 0, '26-02-2011 12:58:10'),
(656, 'Housekeeping', ' se ha conéctado con la Ip REMOTE_IP', 'login.php', 457, 0, '26-02-2011 14:30:47'),
(657, 'Housekeeping', 'Creación de un Artículo', 'news_compose.php', 1, 0, '26-feb-2011 15:20:01'),
(658, 'Housekeeping', ' se ha conéctado con la Ip REMOTE_IP', 'login.php', 457, 0, '26-02-2011 18:45:52'),
(659, 'Housekeeping', ' se ha conéctado con la Ip REMOTE_IP', 'login.php', 229, 0, '26-02-2011 19:41:09'),
(660, 'Housekeeping', ' se ha conéctado con la Ip REMOTE_IP', 'login.php', 71, 0, '26-02-2011 20:26:19'),
(661, 'Housekeeping', ' se ha conéctado con la Ip REMOTE_IP', 'login.php', 229, 0, '26-02-2011 21:47:47'),
(662, 'Housekeeping', ' se ha conéctado con la Ip REMOTE_IP', 'login.php', 71, 0, '26-02-2011 22:13:34'),
(663, 'Housekeeping', ' se ha conéctado con la Ip REMOTE_IP', 'login.php', 457, 0, '26-02-2011 22:18:05'),
(664, 'Housekeeping', ' se ha conéctado con la Ip REMOTE_IP', 'login.php', 229, 0, '26-02-2011 22:56:47'),
(665, 'Housekeeping', ' se ha conéctado con la Ip REMOTE_IP', 'login.php', 71, 0, '27-02-2011 11:23:30'),
(666, 'Housekeeping', 'Ha asignado una nueva placa.', 'badgetool.php', 71, 891, '27-02-2011 13:25:25'),
(667, 'Housekeeping', 'Ha asignado una nueva placa.', 'badgetool.php', 71, 828, '27-02-2011 13:31:04'),
(668, 'Housekeeping', ' se ha conéctado con la Ip REMOTE_IP', 'login.php', 1, 0, '27-02-2011 14:17:24'),
(669, 'Housekeeping', 'Cambio de configuración del Sitio', 'cms_config.php', 1, 0, '27-feb-2011 14:19:24'),
(670, 'Housekeeping', 'Cambio de configuración del Sitio', 'cms_config.php', 1, 0, '27-feb-2011 14:19:55'),
(671, 'Housekeeping', 'Cambio de rango a 6', 'ranktool.php', 1, 229, '27-02-2011 15:12:03'),
(672, 'Housekeeping', 'Cambio de rango a 3', 'ranktool.php', 1, 229, '27-02-2011 15:12:13'),
(673, 'Housekeeping', 'Cambio de rango a 6', 'ranktool.php', 1, 220, '27-02-2011 15:12:22'),
(674, 'Housekeeping', ' se ha conéctado con la Ip REMOTE_IP', 'login.php', 220, 0, '27-02-2011 15:17:51'),
(675, 'Housekeeping', 'Creacion del código voucher 9qBCRyn2 por 50000 Créditos.', 'vouchers.php', 220, 0, '27-feb-2011 15:26:26'),
(676, 'Housekeeping', 'Ha asignado una nueva placa.', 'badgetool.php', 220, 220, '27-02-2011 15:27:54'),
(677, 'Housekeeping', 'Ha asignado una nueva placa.', 'badgetool.php', 220, 220, '27-02-2011 15:28:04'),
(678, 'Housekeeping', 'Ha asignado una nueva placa.', 'badgetool.php', 220, 220, '27-02-2011 15:28:39'),
(679, 'Housekeeping', 'Ha asignado una nueva placa.', 'badgetool.php', 220, 220, '27-02-2011 15:29:25'),
(680, 'Housekeeping', 'Ha asignado una nueva placa.', 'badgetool.php', 220, 220, '27-02-2011 15:29:36'),
(681, 'Housekeeping', 'Baneo remoto ()', 'bantool.php', 220, 872, '27-02-2011 15:46:56'),
(682, 'Housekeeping', 'Creacion del código voucher h8lbbCFz por 1 Créditos.', 'vouchers.php', 220, 0, '27-feb-2011 15:48:39'),
(683, 'Housekeeping', ' se ha conéctado con la Ip REMOTE_IP', 'login.php', 71, 0, '27-02-2011 17:23:09'),
(684, 'Housekeeping', 'Cambio de rango a 6', 'ranktool.php', 1, 229, '27-02-2011 17:34:46'),
(685, 'Housekeeping', 'Cambio de rango a 3', 'ranktool.php', 1, 105, '27-02-2011 17:35:01'),
(686, 'Housekeeping', 'Cambio de rango a 1', 'ranktool.php', 1, 166, '27-02-2011 17:35:16'),
(687, 'Housekeeping', 'Cambio de rango a 5', 'ranktool.php', 71, 229, '27-02-2011 17:40:34'),
(688, 'Housekeeping', 'Cambio de rango a 5', 'ranktool.php', 71, 229, '27-02-2011 18:01:17'),
(689, 'Housekeeping', ' se ha conéctado con la Ip REMOTE_IP', 'login.php', 4, 0, '27-02-2011 18:30:02'),
(690, 'Housekeeping', 'Ha asignado una nueva placa.', 'badgetool.php', 1, 223, '27-02-2011 19:33:51'),
(691, 'Housekeeping', ' se ha conéctado con la Ip REMOTE_IP', 'login.php', 4, 0, '27-02-2011 20:21:51'),
(692, 'Housekeeping', 'Creación de un Artículo', 'news_compose.php', 1, 0, '27-feb-2011 20:22:40'),
(693, 'Housekeeping', ' se ha conéctado con la Ip REMOTE_IP', 'login.php', 4, 0, '27-02-2011 20:23:38'),
(694, 'Housekeeping', ' se ha conéctado con la Ip REMOTE_IP', 'login.php', 457, 0, '27-02-2011 20:34:02'),
(695, 'Housekeeping', ' se ha conéctado con la Ip REMOTE_IP', 'login.php', 4, 0, '27-02-2011 20:55:51'),
(696, 'Housekeeping', ' se ha conéctado con la Ip REMOTE_IP', 'login.php', 457, 0, '28-02-2011 00:27:00'),
(697, 'Housekeeping', ' se ha conéctado con la Ip REMOTE_IP', 'login.php', 71, 0, '28-02-2011 11:20:51'),
(698, 'Housekeeping', ' se ha conéctado con la Ip REMOTE_IP', 'login.php', 1, 0, '28-02-2011 11:35:04'),
(699, 'Housekeeping', 'Ha asignado una nueva placa.', 'badgetool.php', 1, 1, '28-02-2011 11:35:43'),
(700, 'Housekeeping', 'Ha asignado una nueva placa.', 'badgetool.php', 1, 1, '28-02-2011 11:36:17'),
(701, 'Housekeeping', 'Ha asignado una nueva placa.', 'badgetool.php', 1, 1, '28-02-2011 11:36:36'),
(702, 'Housekeeping', 'Ha asignado una nueva placa.', 'badgetool.php', 1, 1, '28-02-2011 11:36:52'),
(703, 'Housekeeping', 'Ha asignado una nueva placa.', 'badgetool.php', 71, 71, '28-02-2011 12:16:28'),
(704, 'Housekeeping', 'Ha asignado una nueva placa.', 'badgetool.php', 71, 71, '28-02-2011 12:38:31'),
(705, 'Housekeeping', 'Ha asignado una nueva placa.', 'badgetool.php', 71, 71, '28-02-2011 12:40:19'),
(706, 'Housekeeping', ' se ha conéctado con la Ip REMOTE_IP', 'login.php', 457, 0, '28-02-2011 15:03:26'),
(707, 'Housekeeping', 'Ha asignado una nueva placa.', 'badgetool.php', 457, 223, '28-02-2011 15:18:03'),
(708, 'Housekeeping', 'Ha asignado una nueva placa.', 'badgetool.php', 457, 398, '28-02-2011 15:18:11'),
(709, 'Housekeeping', 'Ha asignado una nueva placa.', 'badgetool.php', 457, 457, '28-02-2011 15:21:37'),
(710, 'Housekeeping', 'Creación de un Artículo', 'news_compose.php', 457, 0, '28-feb-2011 15:44:09'),
(711, 'Housekeeping', 'Creación de un Artículo', 'news_compose.php', 1, 0, '28-feb-2011 17:02:50'),
(712, 'Housekeeping', ' se ha conéctado con la Ip REMOTE_IP', 'login.php', 457, 0, '02-03-2011 12:52:50'),
(713, 'Housekeeping', 'Creación de un Artículo', 'news_compose.php', 457, 0, '02-mar-2011 12:59:33'),
(714, 'Housekeeping', 'Ha asignado una nueva placa.', 'badgetool.php', 457, 435, '02-03-2011 13:26:19'),
(715, 'Housekeeping', 'Ha asignado una nueva placa.', 'badgetool.php', 457, 223, '02-03-2011 13:26:24'),
(716, 'Housekeeping', 'Ha asignado una nueva placa.', 'badgetool.php', 457, 449, '02-03-2011 13:26:27'),
(717, 'Housekeeping', ' se ha conéctado con la Ip REMOTE_IP', 'login.php', 1, 0, '02-03-2011 14:33:55'),
(718, 'Housekeeping', 'Cambio de rango a 5', 'ranktool.php', 1, 654, '02-03-2011 14:34:20'),
(719, 'Housekeeping', ' se ha conéctado con la Ip REMOTE_IP', 'login.php', 4, 0, '02-03-2011 14:45:14'),
(720, 'Housekeeping', ' se ha conéctado con la Ip REMOTE_IP', 'login.php', 4, 0, '02-03-2011 16:57:43'),
(721, 'Housekeeping', 'Cambio de configuración del Servidor', 'server.php', 4, 0, '02-mar-2011 16:58:41'),
(722, 'Housekeeping', ' se ha conéctado con la Ip REMOTE_IP', 'login.php', 4, 0, '02-03-2011 18:39:59'),
(723, 'Housekeeping', ' se ha conéctado con la Ip REMOTE_IP', 'login.php', 4, 0, '02-03-2011 23:49:03'),
(724, 'Housekeeping', ' se ha conéctado con la Ip REMOTE_IP', 'login.php', 4, 0, '03-03-2011 01:25:55'),
(725, 'Housekeeping', 'Cambio de configuración del Sitio en Cliente', 'loader.php', 4, 0, '03-mar-2011 01:27:28'),
(726, 'Housekeeping', 'Cambio de configuración del Sitio en Cliente', 'loader.php', 4, 0, '03-mar-2011 01:29:38'),
(727, 'Housekeeping', ' se ha conéctado con la Ip REMOTE_IP', 'login.php', 4, 0, '03-03-2011 20:31:47'),
(728, 'Housekeeping', 'Cambio de configuración del Sitio en Cliente', 'loader.php', 4, 0, '03-mar-2011 20:33:02'),
(729, 'Housekeeping', ' se ha conéctado con la Ip REMOTE_IP', 'login.php', 4, 0, '04-03-2011 16:44:05'),
(730, 'Housekeeping', 'Cambio del Lenguage: English - Ingles a Español - Spanish', 'cms_config.php', 4, 0, '04-mar-2011 16:44:31'),
(731, 'Housekeeping', 'Cambio de configuración del Sitio en Páginas', 'cms_config.php', 4, 0, '04-mar-2011 16:56:12'),
(732, 'Housekeeping', ' se ha conéctado con la Ip REMOTE_IP', 'login.php', 4, 0, '04-03-2011 17:44:20'),
(733, 'Housekeeping', ' se ha conéctado con la Ip REMOTE_IP', 'login.php', 4, 0, '04-03-2011 22:12:31'),
(734, 'Housekeeping', ' se ha conéctado con la Ip REMOTE_IP', 'login.php', 4, 0, '05-03-2011 10:10:08'),
(735, 'Housekeeping', ' se ha conéctado con la Ip REMOTE_IP', 'login.php', 1, 0, '06-03-2011 10:14:50'),
(736, 'Housekeeping', ' se ha conéctado con la Ip REMOTE_IP', 'login.php', 1, 0, '06-03-2011 10:21:50'),
(737, 'Housekeeping', ' se ha conéctado con la Ip REMOTE_IP', 'login.php', 1, 0, '06-03-2011 10:22:02'),
(738, 'Housekeeping', ' se ha conéctado con la Ip REMOTE_IP', 'login.php', 1, 0, '07-03-2011 00:07:35'),
(739, 'Housekeeping', 'Creación de un Artículo', 'news_compose.php', 1, 0, '07-mar-2011 00:10:44'),
(740, 'Housekeeping', 'Creación de un Artículo', 'news_compose.php', 1, 0, '07-mar-2011 00:44:40'),
(741, 'Housekeeping', ' se ha conéctado con la Ip REMOTE_IP', 'login.php', 1, 0, '11-03-2011 21:47:19'),
(742, 'Housekeeping', 'Cambio de configuración del Servidor', 'server.php', 1, 0, '11-mar-2011 21:48:12'),
(743, 'Housekeeping', 'Cambio de configuración del Servidor', 'server.php', 1, 0, '11-mar-2011 21:48:46'),
(744, 'Housekeeping', 'Cambio de configuración del Servidor', 'server.php', 1, 0, '11-mar-2011 23:27:52'),
(745, 'Housekeeping', ' se ha conéctado con la Ip REMOTE_IP', 'login.php', 1, 0, '12-03-2011 11:57:28'),
(746, 'Housekeeping', 'Cambio de configuración del Servidor', 'server.php', 1, 0, '12-mar-2011 11:57:39'),
(747, 'Housekeeping', ' se ha conéctado con la Ip REMOTE_IP', 'login.php', 1, 0, '12-03-2011 16:53:34'),
(748, 'Housekeeping', 'Alerta enviada', 'massalert.php', 1, 1, '12-03-2011 16:56:25'),
(749, 'Housekeeping', 'Alerta enviada', 'massalert.php', 1, 1, '12-03-2011 16:57:12'),
(750, 'Housekeeping', 'Alerta enviada', 'massalert.php', 1, 1, '12-03-2011 16:58:55'),
(751, 'Housekeeping', 'Alerta enviada', 'massalert.php', 1, 1, '12-03-2011 16:59:34'),
(752, 'Housekeeping', 'Alerta enviada', 'massalert.php', 1, 1, '12-03-2011 17:01:06'),
(753, 'Housekeeping', 'Alerta enviada', 'massalert.php', 1, 2, '12-03-2011 17:02:42'),
(754, 'Housekeeping', 'Alerta enviada', 'massalert.php', 1, 2, '12-03-2011 17:03:00'),
(755, 'Housekeeping', 'Alerta enviada', 'massalert.php', 1, 2, '12-03-2011 17:08:40'),
(756, 'Housekeeping', 'Alerta enviada', 'massalert.php', 1, 1, '12-03-2011 17:09:23'),
(757, 'Housekeeping', 'Alerta enviada', 'massalert.php', 1, 1, '12-03-2011 17:09:28'),
(758, 'Housekeeping', 'Alerta enviada', 'massalert.php', 1, 1, '12-03-2011 17:10:52'),
(759, 'Housekeeping', 'Alerta enviada', 'massalert.php', 1, 2, '12-03-2011 17:11:06'),
(760, 'Housekeeping', 'Alerta enviada', 'massalert.php', 1, 1, '12-03-2011 17:13:20'),
(761, 'Housekeeping', 'Alerta enviada', 'massalert.php', 1, 1, '12-03-2011 17:14:21'),
(762, 'Housekeeping', 'Alerta masiva enviada', 'massalert.php', 1, 0, '12-03-2011 17:20:01'),
(763, 'Housekeeping', 'Alerta masiva enviada', 'massalert.php', 1, 0, '12-03-2011 17:20:23'),
(764, 'Housekeeping', 'Alerta masiva enviada', 'massalert.php', 1, 0, '12-03-2011 17:20:26'),
(765, 'Housekeeping', 'Alerta masiva enviada', 'massalert.php', 1, 0, '12-03-2011 17:21:36'),
(766, 'Housekeeping', 'Dio 444 Créditos', 'givecredits.php', 1, 1, '12-03-2011 17:26:31'),
(767, 'Housekeeping', 'Dio 44 Créditos', 'givecredits.php', 1, 1, '12-03-2011 17:26:48'),
(768, 'Housekeeping', 'Dio 222 Píxeles', 'givepixels.php', 1, 1, '12-03-2011 17:29:25'),
(769, 'Housekeeping', 'Dio 222 Píxeles', 'givepixels.php', 1, 1, '12-03-2011 17:29:45'),
(770, 'Housekeeping', 'Cambio de configuración del Servidor en Mensaje de Bienvenida', 'welcomemsg.php', 1, 0, '12-mar-2011 17:47:45'),
(771, 'Housekeeping', 'Dio 5555 Créditos', 'givecredits.php', 1, 1, '12-03-2011 22:57:54'),
(772, 'Housekeeping', 'Alerta enviada', 'massalert.php', 1, 1, '12-03-2011 22:58:57'),
(773, 'Housekeeping', 'Alerta enviada', 'massalert.php', 1, 1, '12-03-2011 23:00:27'),
(774, 'Housekeeping', 'Alerta enviada', 'massalert.php', 1, 1, '12-03-2011 23:06:33'),
(775, 'Housekeeping', 'Alerta masiva enviada', 'massalert.php', 1, 0, '12-03-2011 23:07:02'),
(776, 'Housekeeping', ' se ha conéctado con la Ip REMOTE_IP', 'login.php', 1, 0, '13-03-2011 18:27:59'),
(777, 'Housekeeping', 'Cambio de configuración del Catálogo en Editar Categoría', 'catagcategories.php', 1, 0, '13-mar-2011 19:26:22'),
(778, 'Housekeeping', ' se ha conéctado con la Ip REMOTE_IP', 'login.php', 1, 0, '15-03-2011 19:16:35'),
(779, 'Housekeeping', 'Alerta masiva enviada', 'massalert.php', 1, 0, '15-03-2011 19:17:06'),
(780, 'Housekeeping', 'Alerta masiva enviada', 'massalert.php', 1, 0, '15-03-2011 19:22:46'),
(781, 'Housekeeping', 'Dio 5555 Créditos', 'givecredits.php', 1, 1, '15-03-2011 19:23:34'),
(782, 'Housekeeping', ' se ha conéctado con la Ip REMOTE_IP', 'login.php', 1, 0, '15-03-2011 19:37:46'),
(783, 'Housekeeping', 'Cambio de configuración del Servidor', 'server.php', 1, 0, '15-mar-2011 19:38:06'),
(784, 'Housekeeping', 'Alerta enviada', 'massalert.php', 1, 5, '15-03-2011 19:53:08'),
(785, 'Housekeeping', 'Alerta enviada', 'massalert.php', 1, 5, '15-03-2011 19:54:07'),
(786, 'Housekeeping', 'Alerta enviada', 'massalert.php', 1, 5, '15-03-2011 20:41:04'),
(787, 'Housekeeping', 'Alerta enviada', 'massalert.php', 1, 5, '15-03-2011 20:41:48'),
(788, 'Housekeeping', 'Ha eliminado un banner.', 'banners.php', 1, 0, '16-mar-2011 00:20:07'),
(789, 'Housekeeping', 'Ha eliminado un banner.', 'banners.php', 1, 0, '16-mar-2011 00:20:11'),
(790, 'Housekeeping', 'Ha eliminado un banner.', 'banners.php', 1, 0, '16-mar-2011 00:20:25'),
(791, 'Housekeeping', 'Ha agregado un nuevo banner.', 'banners.php', 1, 0, '16-mar-2011 00:21:05'),
(792, 'Housekeeping', 'Cambio de configuración del Sitio', 'cms_config.php', 1, 0, '16-mar-2011 00:21:18'),
(793, 'Housekeeping', 'Cambio de configuración del Sitio', 'cms_config.php', 1, 0, '16-mar-2011 00:23:00'),
(794, 'Housekeeping', 'Creación de un Artículo', 'news_compose.php', 1, 0, '16-mar-2011 00:27:13'),
(795, 'Housekeeping', ' se ha conéctado con la Ip REMOTE_IP', 'login.php', 1, 0, '16-03-2011 00:44:45'),
(796, 'Housekeeping', 'Cambio de configuración del Servidor en Filtro de palabras', 'wordfilter.php', 1, 0, '16-mar-2011 00:52:28'),
(797, 'Housekeeping', 'Cambio de configuración del Servidor en Filtro de palabras', 'wordfilter.php', 1, 0, '16-mar-2011 01:04:43'),
(798, 'Housekeeping', 'Cambio de configuración del Servidor en Agregar palabra bloqueada', 'wordfilter.php', 1, 0, '16-mar-2011 01:05:12'),
(799, 'Housekeeping', 'Cambio de configuración del Servidor en Agregar palabra bloqueada', 'wordfilter.php', 1, 0, '16-mar-2011 01:05:34'),
(800, 'Housekeeping', 'Cambio de configuración del Servidor en Eliminación de palabra bloqueda', 'wordfilter.php', 1, 0, '16-mar-2011 01:05:42'),
(801, 'Housekeeping', ' se ha conéctado con la Ip REMOTE_IP', 'login.php', 1, 0, '16-03-2011 02:00:25'),
(802, 'Housekeeping', 'Cambio de configuración en la RPX', 'connection_methods.php', 1, 0, '16-mar-2011 02:00:40'),
(803, 'Housekeeping', 'Cambio de configuración en la RPX', 'connection_methods.php', 1, 0, '16-mar-2011 02:03:48'),
(804, 'Housekeeping', ' se ha conéctado con la Ip REMOTE_IP', 'login.php', 1, 0, '17-03-2011 21:02:43'),
(805, 'Housekeeping', 'Alerta masiva enviada', 'massalert.php', 1, 0, '17-03-2011 21:47:55'),
(806, 'Housekeeping', 'Alerta masiva enviada', 'massalert.php', 1, 0, '17-03-2011 21:49:34'),
(807, 'Housekeeping', 'Alerta masiva enviada', 'massalert.php', 1, 0, '17-03-2011 21:49:50'),
(808, 'Housekeeping', 'Alerta masiva enviada', 'massalert.php', 2, 0, '17-03-2011 21:50:58'),
(809, 'Housekeeping', ' se ha conéctado con la Ip REMOTE_IP', 'login.php', 1, 0, '18-03-2011 18:35:27'),
(810, 'Housekeeping', 'Alerta masiva enviada', 'massalert.php', 1, 0, '18-03-2011 18:35:52'),
(811, 'Housekeeping', ' se ha conéctado con la Ip REMOTE_IP', 'login.php', 1, 0, '18-03-2011 22:12:37'),
(812, 'Housekeeping', 'Cambio de configuración del Sitio', 'cms_config.php', 1, 0, '18-mar-2011 22:15:02'),
(813, 'Housekeeping', 'Cambio de configuración del Servidor', 'server.php', 1, 0, '18-mar-2011 22:16:13'),
(814, 'Housekeeping', ' se ha conéctado con la Ip REMOTE_IP', 'login.php', 5, 0, '19-04-2011 20:22:19'),
(815, 'Housekeeping', 'Cambio de rango a 4', 'ranktool.php', 5, 4, '19-04-2011 20:40:48'),
(816, 'Housekeeping', 'Cambio de rango a 4', 'ranktool.php', 5, 3, '19-04-2011 20:41:41'),
(817, 'Housekeeping', 'Cambio de rango a 7', 'ranktool.php', 5, 4, '19-04-2011 20:42:07'),
(818, 'Housekeeping', 'Cambio de rango a 1', 'ranktool.php', 5, 3, '19-04-2011 20:42:20'),
(819, 'Housekeeping', 'Cambio de rango a 7', 'ranktool.php', 5, 3, '19-04-2011 20:42:29'),
(820, 'Housekeeping', 'Alerta enviada', 'massalert.php', 5, 5, '19-04-2011 20:52:33'),
(821, 'Housekeeping', 'Cambio de configuración del EasyStyle', 'easystyle.php', 1, 0, '20-abr-2011 18:50:35'),
(822, 'Housekeeping', 'Cambio de configuración del EasyStyle', 'easystyle.php', 1, 0, '20-abr-2011 18:58:11'),
(823, 'Housekeeping', 'Cambio de configuración del EasyStyle', 'easystyle.php', 1, 0, '20-abr-2011 18:58:28'),
(824, 'Housekeeping', 'Cambio de configuración del EasyStyle', 'easystyle.php', 1, 0, '20-abr-2011 18:58:46'),
(825, 'Housekeeping', 'Cambio de configuración del EasyStyle', 'easystyle.php', 1, 0, '20-abr-2011 18:58:47'),
(826, 'Housekeeping', 'Agrego una opción a la Selección Staff', 'staffpick.php', 1, 0, '21-abr-2011 01:57:14'),
(827, 'Housekeeping', 'Cambio de configuración del Sitio en Cliente', 'loader.php', 1, 0, '21-abr-2011 02:01:33'),
(828, 'Housekeeping', 'Cambio de configuración del EasyStyle', 'easystyle.php', 1, 0, '21-abr-2011 20:07:30'),
(829, 'Housekeeping', 'Cambio de configuración del EasyStyle', 'easystyle.php', 1, 0, '21-abr-2011 20:07:36'),
(830, 'Housekeeping', 'Cambio de configuración del EasyStyle', 'easystyle.php', 1, 0, '21-abr-2011 20:07:49'),
(831, 'Housekeeping', 'Cambio de configuración del EasyStyle', 'easystyle.php', 1, 0, '21-abr-2011 20:08:00'),
(832, 'Housekeeping', 'Cambio de configuración del EasyStyle', 'easystyle.php', 1, 0, '21-abr-2011 20:08:16'),
(833, 'Housekeeping', 'Cambio de configuración del EasyStyle', 'easystyle.php', 1, 0, '21-abr-2011 20:08:34'),
(834, 'Housekeeping', 'Cambio de configuración del EasyStyle', 'easystyle.php', 1, 0, '21-abr-2011 20:08:43'),
(835, 'Housekeeping', 'Cambio de configuración del EasyStyle', 'easystyle.php', 1, 0, '21-abr-2011 20:08:54'),
(836, 'Housekeeping', 'Cambio de configuración del EasyStyle', 'easystyle.php', 1, 0, '21-abr-2011 20:29:57'),
(837, 'Housekeeping', 'Cambio de configuración del EasyStyle', 'easystyle.php', 1, 0, '21-abr-2011 20:51:34'),
(838, 'Housekeeping', 'Cambio de configuración del EasyStyle', 'easystyle.php', 1, 0, '21-abr-2011 20:51:52'),
(839, 'Housekeeping', 'Cambio de configuración del EasyStyle', 'easystyle.php', 1, 0, '21-abr-2011 20:53:52'),
(840, 'Housekeeping', 'Cambio de configuración del EasyStyle', 'easystyle.php', 1, 0, '22-abr-2011 13:53:59'),
(841, 'Housekeeping', 'Cambio de configuración del Sitio en Cliente', 'loader.php', 1, 0, '22-abr-2011 13:54:35'),
(842, 'Housekeeping', 'Cambio de configuración del Sitio en Cliente', 'loader.php', 1, 0, '22-abr-2011 13:57:07'),
(843, 'Housekeeping', 'Cambio de configuración del Sitio en Cliente', 'loader.php', 2, 0, '22-abr-2011 16:10:54'),
(844, 'Housekeeping', ' se ha conéctado con la Ip REMOTE_IP', 'login.php', 3, 0, '22-04-2011 17:24:40'),
(845, 'Housekeeping', 'Cambio de configuración del Sitio en Cliente', 'loader.php', 2, 0, '23-abr-2011 02:09:29'),
(846, 'Housekeeping', 'Cambio de configuración del Sitio en Cliente', 'loader.php', 2, 0, '23-abr-2011 02:10:58'),
(847, 'Housekeeping', 'Cambio de configuración del Sitio en Cliente', 'loader.php', 2, 0, '23-abr-2011 02:15:43'),
(848, 'Housekeeping', 'Cambio de configuración del Sitio', 'cms_config.php', 2, 0, '23-abr-2011 16:40:18'),
(849, 'Housekeeping', 'Cambio de configuración del Sitio', 'cms_config.php', 2, 0, '23-abr-2011 16:54:25'),
(850, 'Housekeeping', 'Cambio de configuración del Sitio', 'cms_config.php', 2, 0, '23-abr-2011 17:37:35'),
(851, 'Housekeeping', ' se ha conéctado con la Ip REMOTE_IP', 'login.php', 11, 0, '23-04-2011 19:18:54'),
(852, 'Housekeeping', 'Agrego una opción a la Selección Staff', 'staffpick.php', 11, 0, '23-abr-2011 19:22:14'),
(853, 'Housekeeping', 'Agrego una opción a la Selección Staff', 'staffpick.php', 2, 0, '23-abr-2011 19:22:45'),
(854, 'Housekeeping', 'Cambio de configuración del Sitio', 'cms_config.php', 2, 0, '23-abr-2011 19:38:22'),
(855, 'Housekeeping', 'Ha agregado un nuevo banner.', 'banners.php', 2, 0, '23-abr-2011 19:45:26'),
(856, 'Housekeeping', 'Ha editado un banner.', 'banners.php', 2, 0, '23-abr-2011 19:45:44'),
(857, 'Housekeeping', 'Ha editado un banner.', 'banners.php', 2, 0, '23-abr-2011 19:45:55'),
(858, 'Housekeeping', 'Ha editado un banner.', 'banners.php', 2, 0, '23-abr-2011 19:46:14'),
(859, 'Housekeeping', 'Ha editado un banner.', 'banners.php', 2, 0, '23-abr-2011 19:46:23'),
(860, 'Housekeeping', 'Ha editado un banner.', 'banners.php', 2, 0, '23-abr-2011 19:46:24'),
(861, 'Housekeeping', 'Ha editado un banner.', 'banners.php', 2, 0, '23-abr-2011 19:46:36'),
(862, 'Housekeeping', 'Ha editado un banner.', 'banners.php', 2, 0, '23-abr-2011 19:46:47'),
(863, 'Housekeeping', 'Ha eliminado un banner.', 'banners.php', 2, 0, '23-abr-2011 19:46:56'),
(864, 'Housekeeping', 'Ha eliminado un banner.', 'banners.php', 2, 0, '23-abr-2011 19:46:59'),
(865, 'Housekeeping', 'Ha agregado un nuevo banner.', 'banners.php', 2, 0, '23-abr-2011 19:47:27'),
(866, 'Housekeeping', 'Ha eliminado un banner.', 'banners.php', 2, 0, '23-abr-2011 19:47:38'),
(867, 'Housekeeping', 'Cambio del Lenguage: English - Ingles a Español - Spanish', 'cms_config.php', 2, 0, '23-abr-2011 19:47:57'),
(868, 'Housekeeping', 'Cambio del Lenguage: English - Ingles a Español - Spanish', 'cms_config.php', 2, 0, '23-abr-2011 19:48:12'),
(869, 'Housekeeping', 'Ha eliminado un banner.', 'banners.php', 2, 0, '23-abr-2011 19:54:21'),
(870, 'Housekeeping', 'Ha eliminado un banner.', 'banners.php', 2, 0, '23-abr-2011 20:01:16'),
(871, 'Housekeeping', 'Ha eliminado un banner.', 'banners.php', 2, 0, '23-abr-2011 20:01:18'),
(872, 'Housekeeping', ' se ha conéctado con la Ip REMOTE_IP', 'login.php', 12, 0, '24-04-2011 16:17:40'),
(873, 'Housekeeping', ' se ha conéctado con la Ip REMOTE_IP', 'login.php', 13, 0, '24-04-2011 16:24:59'),
(874, 'Housekeeping', 'Cambio de configuración del Sitio en Páginas', 'cms_config.php', 14, 0, '26-abr-2011 20:55:50'),
(875, 'Housekeeping', 'Cambio de configuración del Sitio', 'cms_config.php', 14, 0, '26-abr-2011 21:01:47'),
(876, 'Housekeeping', ' se ha conéctado con la Ip REMOTE_IP', 'login.php', 15, 0, '26-04-2011 21:20:27'),
(877, 'Housekeeping', 'Cambio del Lenguage: English - Ingles a Español - Spanish', 'cms_config.php', 15, 0, '27-abr-2011 16:58:50'),
(878, 'Housekeeping', 'Cambio del Lenguage: English - Ingles a Español - Spanish', 'cms_config.php', 15, 0, '27-abr-2011 16:59:04'),
(879, 'Housekeeping', 'Cambio de configuración del Sitio en Disponibilidad', 'cms_config.php', 15, 0, '27-abr-2011 18:10:09'),
(880, 'Housekeeping', 'Cambio de configuración del Sitio en Disponibilidad', 'cms_config.php', 15, 0, '27-abr-2011 18:10:42'),
(881, 'Housekeeping', 'Cambio de configuración del Servidor', 'server.php', 15, 0, '27-abr-2011 18:13:07'),
(882, 'Housekeeping', 'Cambio de configuración del Servidor', 'server.php', 15, 0, '27-abr-2011 18:13:21'),
(883, 'Housekeeping', 'Cambio de configuración del Servidor', 'server.php', 15, 0, '27-abr-2011 18:13:27'),
(884, 'Housekeeping', 'Cambio de configuración del Sitio en Disponibilidad', 'cms_config.php', 15, 0, '28-abr-2011 21:33:20'),
(885, 'Housekeeping', 'Cambio de configuración del Sitio en Disponibilidad', 'cms_config.php', 15, 0, '28-abr-2011 21:36:57'),
(886, 'Housekeeping', 'Cambio de configuración del Servidor', 'server.php', 2, 0, '29-abr-2011 19:08:11'),
(887, 'Housekeeping', 'Cambio de configuración del Sitio', 'cms_config.php', 2, 0, '29-abr-2011 23:21:14'),
(888, 'Housekeeping', 'Cambio de configuración del Sitio', 'cms_config.php', 2, 0, '29-abr-2011 23:21:32'),
(889, 'Housekeeping', 'Cambio de configuración del Sitio', 'cms_config.php', 2, 0, '29-abr-2011 23:21:35'),
(890, 'Housekeeping', 'Cambio de configuración del Sitio', 'cms_config.php', 2, 0, '29-abr-2011 23:21:37'),
(891, 'Housekeeping', 'Cambio de configuración del Sitio', 'cms_config.php', 15, 0, '29-abr-2011 23:27:52'),
(892, 'Housekeeping', 'Cambio de configuración del Sitio', 'cms_config.php', 15, 0, '29-abr-2011 23:30:32'),
(893, 'Housekeeping', ' se ha conéctado con la Ip REMOTE_IP', 'login.php', 2, 0, '13-05-2011 20:11:12'),
(894, 'Housekeeping', 'Cambio de configuración del Servidor', 'server.php', 2, 0, '13-may-2011 20:11:26'),
(895, 'Housekeeping', 'Cambio de configuración del Sitio', 'cms_config.php', 2, 0, '13-may-2011 20:11:48'),
(896, 'Housekeeping', 'Cambio de configuración del Sitio en Cliente', 'loader.php', 2, 0, '13-may-2011 20:12:52'),
(897, 'Housekeeping', 'Cambio de configuración del Servidor', 'server.php', 2, 0, '14-may-2011 17:10:07'),
(898, 'Housekeeping', 'Cambio de configuración del Sitio', 'cms_config.php', 2, 0, '14-may-2011 17:10:30'),
(899, 'Housekeeping', 'Creación de un Artículo', 'news_compose.php', 2, 0, '14-may-2011 17:16:11'),
(900, 'Housekeeping', 'Cambio de configuración del Sitio en Cliente', 'loader.php', 2, 0, '14-may-2011 20:05:45'),
(901, 'Housekeeping', 'Cambio de configuración del Sitio en Cliente', 'loader.php', 2, 0, '14-may-2011 21:24:47'),
(902, 'Housekeeping', 'Cambio de configuración del Servidor', 'server.php', 2, 0, '16-may-2011 18:18:41'),
(903, 'Housekeeping', 'Cambio de configuración del Sitio en Cliente', 'loader.php', 2, 0, '16-may-2011 18:19:42'),
(904, 'Housekeeping', 'Cambio de configuración del Sitio en Cliente', 'loader.php', 2, 0, '16-may-2011 21:32:54'),
(905, 'Housekeeping', 'Cambio de configuración del Sitio en Cliente', 'loader.php', 2, 0, '16-may-2011 21:36:34'),
(906, 'Housekeeping', ' se ha conéctado con la Ip REMOTE_IP', 'login.php', 32, 0, '19-05-2011 19:26:01'),
(907, 'Housekeeping', 'Cambio de configuración del Servidor', 'server.php', 32, 0, '19-may-2011 19:26:42'),
(908, 'Housekeeping', 'Cambio de configuración del Sitio en Cliente', 'loader.php', 2, 0, '20-may-2011 21:27:50'),
(909, 'Housekeeping', 'Cambio de configuración del Sitio en Cliente', 'loader.php', 2, 0, '20-may-2011 21:37:40'),
(910, 'Housekeeping', 'Cambio de configuración del Sitio en Cliente', 'loader.php', 2, 0, '21-may-2011 17:37:15'),
(911, 'Housekeeping', ' se ha conéctado con la Ip REMOTE_IP', 'login.php', 1, 0, '21-05-2011 18:58:56'),
(912, 'Housekeeping', 'Cambio de configuración del Sitio en Cliente', 'loader.php', 1, 0, '22-may-2011 00:33:17'),
(913, 'Housekeeping', 'Cambio de configuración del Sitio en Cliente', 'loader.php', 1, 0, '22-may-2011 17:27:35'),
(914, 'Housekeeping', 'Cambio de configuración del Sitio en Cliente', 'loader.php', 1, 0, '22-may-2011 17:39:49'),
(915, 'Housekeeping', 'Cambio de configuración del Sitio en Cliente', 'loader.php', 1, 0, '22-may-2011 17:56:19'),
(916, 'Housekeeping', ' se ha conéctado con la Ip REMOTE_IP', 'login.php', 4, 0, '22-05-2011 18:22:09'),
(917, 'Housekeeping', 'Cambio de configuración del Sitio', 'cms_config.php', 4, 0, '22-may-2011 19:01:36'),
(918, 'Housekeeping', 'Cambio de configuración del Sitio', 'cms_config.php', 4, 0, '22-may-2011 19:02:34'),
(919, 'Housekeeping', 'Cambio de configuración del Sitio', 'cms_config.php', 4, 0, '22-may-2011 19:05:32'),
(920, 'Housekeeping', 'Cambio de configuración del Sitio', 'cms_config.php', 4, 0, '22-may-2011 19:10:14'),
(921, 'Housekeeping', 'Cambio de configuración del Sitio', 'cms_config.php', 4, 0, '22-may-2011 19:11:04'),
(922, 'Housekeeping', ' se ha conéctado con la Ip REMOTE_IP', 'login.php', 1, 0, '22-05-2011 20:50:21'),
(923, 'Housekeeping', 'Cambio de configuración del Sitio', 'cms_config.php', 1, 0, '22-may-2011 20:53:38'),
(924, 'Housekeeping', ' se ha conéctado con la Ip REMOTE_IP', 'login.php', 30, 0, '23-05-2011 02:00:11'),
(925, 'Housekeeping', ' se ha conéctado con la Ip REMOTE_IP', 'login.php', 1, 0, '23-05-2011 02:12:47'),
(926, 'Housekeeping', 'Agrego una opción a la Selección Staff', 'staffpick.php', 30, 0, '23-may-2011 02:13:54'),
(927, 'Housekeeping', 'Baneo remoto (Eres gay asi que no podrás entrar.)', 'bantool.php', 1, 2, '23-05-2011 02:34:31'),
(928, 'Housekeeping', 'Creación de un Artículo', 'news_compose.php', 3, 0, '23-may-2011 19:32:18'),
(929, 'Housekeeping', 'Cambio de configuración del Sitio', 'cms_config.php', 38, 0, '23-may-2011 20:43:27'),
(930, 'Housekeeping', 'Cambio de configuración del Sitio', 'cms_config.php', 38, 0, '23-may-2011 20:44:57'),
(931, 'Housekeeping', 'Cambio de configuración del Sitio', 'cms_config.php', 4, 0, '23-may-2011 21:43:21'),
(932, 'Housekeeping', 'Cambio de configuración del Sitio', 'cms_config.php', 4, 0, '23-may-2011 21:43:27'),
(933, 'Housekeeping', 'Cambio del Lenguage: English - Ingles a Español - Spanish', 'cms_config.php', 4, 0, '23-may-2011 21:44:06'),
(934, 'Housekeeping', 'Cambio de configuración del Sitio', 'cms_config.php', 4, 0, '23-may-2011 21:46:53'),
(935, 'Housekeeping', 'Cambio de configuración del Servidor en Mensaje de Bienvenida', 'welcomemsg.php', 4, 0, '23-may-2011 21:53:06'),
(936, 'Housekeeping', 'Alerta masiva enviada', 'massalert.php', 4, 0, '23-05-2011 21:53:43'),
(937, 'Housekeeping', 'Alerta masiva enviada', 'massalert.php', 4, 0, '23-05-2011 22:48:46'),
(938, 'Housekeeping', 'Alerta masiva enviada', 'massalert.php', 4, 0, '23-05-2011 22:49:01'),
(939, 'Housekeeping', 'Cambio de configuración del Sitio', 'cms_config.php', 4, 0, '23-may-2011 22:57:27'),
(940, 'Housekeeping', 'Cambio de configuración del Sitio', 'cms_config.php', 4, 0, '23-may-2011 22:58:02'),
(941, 'Housekeeping', 'Cambio de configuración del Sitio en Cliente', 'loader.php', 38, 0, '23-may-2011 23:27:36'),
(942, 'Housekeeping', 'Cambio de configuración del Sitio', 'cms_config.php', 4, 0, '23-may-2011 23:44:49'),
(943, 'Housekeeping', 'Cambio de configuración del Sitio', 'cms_config.php', 4, 0, '23-may-2011 23:45:38'),
(944, 'Housekeeping', 'Cambio de configuración del Sitio en Disponibilidad', 'cms_config.php', 38, 0, '23-may-2011 23:54:04'),
(945, 'Housekeeping', 'Cambio de configuración del Sitio', 'cms_config.php', 38, 0, '23-may-2011 23:55:15'),
(946, 'Housekeeping', 'Alerta masiva enviada', 'massalert.php', 4, 0, '24-05-2011 20:08:01'),
(947, 'Housekeeping', 'Cambio de configuración del Sitio', 'cms_config.php', 4, 0, '24-may-2011 20:10:07'),
(948, 'Housekeeping', 'Cambio de configuración del Sitio', 'cms_config.php', 4, 0, '24-may-2011 20:11:00'),
(949, 'Housekeeping', 'Cambio de configuración del Sitio', 'cms_config.php', 4, 0, '24-may-2011 20:11:37'),
(950, 'Housekeeping', 'Cambio de configuración del Sitio', 'cms_config.php', 4, 0, '24-may-2011 20:11:58'),
(951, 'Housekeeping', 'Cambio de configuración del Sitio', 'cms_config.php', 4, 0, '24-may-2011 20:45:23'),
(952, 'Housekeeping', 'Cambio de configuración del Sitio', 'cms_config.php', 4, 0, '24-may-2011 20:46:23'),
(953, 'Housekeeping', 'Ha agregado un nuevo banner.', 'banners.php', 4, 0, '24-may-2011 20:51:14'),
(954, 'Housekeeping', 'Ha eliminado un banner.', 'banners.php', 4, 0, '24-may-2011 20:52:07'),
(955, 'Housekeeping', 'Ha eliminado un banner.', 'banners.php', 4, 0, '24-may-2011 20:55:09'),
(956, 'Housekeeping', 'Ha eliminado un banner.', 'banners.php', 4, 0, '24-may-2011 20:56:31'),
(957, 'Housekeeping', 'Ha eliminado un banner.', 'banners.php', 4, 0, '24-may-2011 20:56:40'),
(958, 'Housekeeping', 'Ha agregado un nuevo banner.', 'banners.php', 4, 0, '24-may-2011 20:57:32'),
(959, 'Housekeeping', 'Ha editado un banner.', 'banners.php', 4, 0, '24-may-2011 20:58:39'),
(960, 'Housekeeping', 'Ha editado un banner.', 'banners.php', 4, 0, '24-may-2011 20:59:20'),
(961, 'Housekeeping', 'Ha eliminado un banner.', 'banners.php', 4, 0, '24-may-2011 21:03:47'),
(962, 'Housekeeping', 'Ha eliminado un banner.', 'banners.php', 4, 0, '24-may-2011 21:03:50'),
(963, 'Housekeeping', 'Ha agregado un nuevo banner.', 'banners.php', 4, 0, '24-may-2011 21:07:17'),
(964, 'Housekeeping', 'Cambio de rango a 1', 'ranktool.php', 4, 5, '24-05-2011 21:16:35'),
(965, 'Housekeeping', 'Cambio de rango a 5', 'ranktool.php', 4, 6, '24-05-2011 21:17:22'),
(966, 'Housekeeping', 'Cambio de rango a 6', 'ranktool.php', 4, 3, '24-05-2011 22:25:21'),
(967, 'Housekeeping', 'Cambio de rango a 7', 'ranktool.php', 4, 3, '24-05-2011 22:27:46'),
(968, 'Housekeeping', 'Ha eliminado un banner.', 'banners.php', 4, 0, '24-may-2011 22:48:17'),
(969, 'Housekeeping', 'Ha eliminado un banner.', 'banners.php', 4, 0, '24-may-2011 22:48:21'),
(970, 'Housekeeping', 'Ha agregado un nuevo banner.', 'banners.php', 4, 0, '24-may-2011 23:19:15'),
(971, 'Housekeeping', ' se ha conéctado con la Ip REMOTE_IP', 'login.php', 4, 0, '25-05-2011 00:25:56'),
(972, 'Housekeeping', ' se ha conéctado con la Ip REMOTE_IP', 'login.php', 4, 0, '25-05-2011 01:16:30'),
(973, 'Housekeeping', 'Ha agregado un nuevo banner.', 'banners.php', 4, 0, '25-may-2011 01:17:16'),
(974, 'Housekeeping', 'Ha eliminado un banner.', 'banners.php', 4, 0, '25-may-2011 01:18:12'),
(975, 'Housekeeping', 'Ha eliminado un banner.', 'banners.php', 4, 0, '25-may-2011 01:18:14');
INSERT INTO `system_stafflog` (`id`, `action`, `message`, `note`, `userid`, `targetid`, `timestamp`) VALUES
(976, 'Housekeeping', 'Cambio de configuración del Sitio en Cliente', 'loader.php', 1, 0, '25-may-2011 01:30:30'),
(977, 'Housekeeping', 'Ha agregado un nuevo banner.', 'banners.php', 4, 0, '25-may-2011 01:35:20'),
(978, 'Housekeeping', 'Ha eliminado un banner.', 'banners.php', 4, 0, '25-may-2011 01:36:39'),
(979, 'Housekeeping', 'Ha eliminado un banner.', 'banners.php', 4, 0, '25-may-2011 01:36:41'),
(980, 'Housekeeping', 'Ha editado un banner.', 'banners.php', 4, 0, '25-may-2011 01:49:34'),
(981, 'Housekeeping', 'Ha editado un banner.', 'banners.php', 4, 0, '25-may-2011 01:49:59'),
(982, 'Housekeeping', 'Ha editado un banner.', 'banners.php', 4, 0, '25-may-2011 02:06:51'),
(983, 'Housekeeping', 'Desbaneo Remoto [Query: 53]', 'unbantool.php', 4, 0, '25-05-2011 02:28:50'),
(984, 'Housekeeping', 'Desbaneo Remoto [Query: 53]', 'unbantool.php', 4, 0, '25-05-2011 02:29:13'),
(985, 'Housekeeping', 'Desbaneo Remoto [Query: 53]', 'unbantool.php', 4, 0, '25-05-2011 02:29:20'),
(986, 'Housekeeping', 'Desbaneo Remoto [Query: 53]', 'unbantool.php', 4, 0, '25-05-2011 02:29:31'),
(987, 'Housekeeping', 'Baneo remoto ()', 'bantool.php', 1, 40, '25-05-2011 02:51:48'),
(988, 'Housekeeping', 'Cambio de rango a 3', 'ranktool.php', 4, 6, '25-05-2011 17:30:29'),
(989, 'Housekeeping', 'Ha agregado un nuevo banner.', 'banners.php', 4, 0, '25-may-2011 17:55:30'),
(990, 'Housekeeping', 'Ha editado un banner.', 'banners.php', 4, 0, '25-may-2011 17:55:35'),
(991, 'Housekeeping', 'Ha editado un banner.', 'banners.php', 4, 0, '25-may-2011 17:55:49'),
(992, 'Housekeeping', 'Ha editado un banner.', 'banners.php', 4, 0, '25-may-2011 17:57:09'),
(993, 'Housekeeping', 'Ha editado un banner.', 'banners.php', 4, 0, '25-may-2011 17:58:12'),
(994, 'Housekeeping', 'Ha editado un banner.', 'banners.php', 4, 0, '25-may-2011 17:58:35'),
(995, 'Housekeeping', 'Cambio de configuración del Servidor en Mensaje de Bienvenida', 'welcomemsg.php', 4, 0, '25-may-2011 18:05:19'),
(996, 'Housekeeping', 'Creación de una imagen publicitaria.', 'advertings.php', 4, 0, '25-05-2011 19:08:30'),
(997, 'Housekeeping', 'Cambio de rango a 1', 'ranktool.php', 4, 6, '25-05-2011 19:20:45'),
(998, 'Housekeeping', 'Cambio de rango a 6', 'ranktool.php', 4, 3, '25-05-2011 19:52:24'),
(999, 'Housekeeping', 'Baneo remoto (Por insultar a Staffs)', 'bantool.php', 4, 56, '26-05-2011 00:02:27'),
(1000, 'Housekeeping', 'Cambio del Lenguage: English - Ingles a Español - Spanish', 'cms_config.php', 4, 0, '26-may-2011 00:07:50'),
(1001, 'Housekeeping', 'Cambio del Lenguage: English - Ingles a Español - Spanish', 'cms_config.php', 4, 0, '26-may-2011 00:08:40'),
(1002, 'Housekeeping', 'Desbaneo Remoto [Query: 56]', 'unbantool.php', 1, 0, '26-05-2011 00:09:25'),
(1003, 'Housekeeping', 'Cambio de configuración del EasyStyle', 'easystyle.php', 4, 0, '26-may-2011 00:10:31'),
(1004, 'Housekeeping', 'Cambio de configuración del EasyStyle', 'easystyle.php', 4, 0, '26-may-2011 00:10:57'),
(1005, 'Housekeeping', 'Cambio de configuración del EasyStyle', 'easystyle.php', 4, 0, '26-may-2011 00:11:14'),
(1006, 'Housekeeping', 'Cambio de configuración del EasyStyle', 'easystyle.php', 4, 0, '26-may-2011 00:11:24'),
(1007, 'Housekeeping', 'Cambio de configuración del EasyStyle', 'easystyle.php', 4, 0, '26-may-2011 00:11:34'),
(1008, 'Housekeeping', 'Cambio de configuración del EasyStyle', 'easystyle.php', 4, 0, '26-may-2011 00:11:51'),
(1009, 'Housekeeping', 'Cambio de configuración del EasyStyle', 'easystyle.php', 4, 0, '26-may-2011 00:12:24'),
(1010, 'Housekeeping', 'Cambio de configuración del EasyStyle', 'easystyle.php', 4, 0, '26-may-2011 00:12:51'),
(1011, 'Housekeeping', 'Desbaneo Remoto [Query: pikillin_cente]', 'unbantool.php', 1, 0, '26-05-2011 00:27:17'),
(1012, 'Housekeeping', 'Creación de un Artículo', 'news_compose.php', 4, 0, '26-may-2011 00:32:53'),
(1013, 'Housekeeping', 'Ha eliminado un banner.', 'banners.php', 4, 0, '26-may-2011 00:54:52'),
(1014, 'Housekeeping', 'Ha eliminado un banner.', 'banners.php', 4, 0, '26-may-2011 00:54:59'),
(1015, 'Housekeeping', 'Ha eliminado un banner.', 'banners.php', 4, 0, '26-may-2011 00:55:16'),
(1016, 'Housekeeping', 'Ha agregado un nuevo banner.', 'banners.php', 4, 0, '26-may-2011 00:55:50'),
(1017, 'Housekeeping', 'Ha editado un banner.', 'banners.php', 4, 0, '26-may-2011 00:58:31'),
(1018, 'Housekeeping', 'Ha eliminado un banner.', 'banners.php', 4, 0, '26-may-2011 00:59:22'),
(1019, 'Housekeeping', 'Ha eliminado un banner.', 'banners.php', 4, 0, '26-may-2011 00:59:26'),
(1020, 'Housekeeping', 'Alerta masiva enviada', 'massalert.php', 4, 0, '26-05-2011 23:45:07'),
(1021, 'Housekeeping', ' se ha conéctado con la Ip REMOTE_IP', 'login.php', 3, 0, '27-05-2011 01:18:38'),
(1022, 'Housekeeping', 'Cambio de configuración del Sitio', 'cms_config.php', 1, 0, '28-may-2011 18:26:10'),
(1023, 'Housekeeping', 'Cambio de configuración del Sitio en Cliente', 'loader.php', 1, 0, '28-may-2011 18:27:25'),
(1024, 'Housekeeping', 'Cambio de configuración del Servidor', 'server.php', 1, 0, '28-may-2011 18:28:07'),
(1025, 'Housekeeping', ' se ha conéctado con la Ip REMOTE_IP', 'login.php', 1, 0, '28-05-2011 18:55:11'),
(1026, 'Housekeeping', 'Cambio del Lenguage: English - Ingles a Español - Spanish', 'cms_config.php', 1, 0, '28-may-2011 18:55:24'),
(1027, 'Housekeeping', 'Cambio de configuración del Sitio en Cliente', 'loader.php', 1, 0, '28-may-2011 18:57:19');

-- --------------------------------------------------------

--
-- Estrutura da tabela `system_strings`
--

CREATE TABLE IF NOT EXISTS `system_strings` (
  `id` int(5) NOT NULL auto_increment,
  `stringid` varchar(100) collate latin1_general_ci NOT NULL default 'null',
  `var_es` varchar(610) collate latin1_general_ci default NULL,
  PRIMARY KEY  (`id`,`stringid`)
) ENGINE=MyISAM  DEFAULT CHARSET=latin1 COLLATE=latin1_general_ci AUTO_INCREMENT=52 ;

--
-- Extraindo dados da tabela `system_strings`
--

INSERT INTO `system_strings` (`id`, `stringid`, `var_es`) VALUES
(1, 'console_onhotelview', 'En la vista del hotel.'),
(2, 'modtool_accesserror', '?Alto! No tienes el acceso necesario para usar la MOD-Tool.'),
(3, 'modtool_actionfail', 'No se pudo completar su solicitud.'),
(4, 'modtool_rankerror', 'No puedes aplicar cambios a este usuario.'),
(5, 'modtool_usernotfound', 'El usuario se?alado no existe o no se encuentra online.'),
(6, 'room_rightsreset', 'El propietario de la Sala ha reseteado los derechos.\r\n\r\nPor favor reinicia la Sala.'),
(7, 'trading_disabled', 'El Tradeo se encuentra desactivado.'),
(8, 'trading_nottradeable', 'Lo sentimos, pero el furni no es tradeable.'),
(9, 'welcomemessage_text', 'Buenas, Bienvenidos a Uberhotel esperamos que su estancia sea muy duradera y Por supuesto Feliz\r\n\r\nCumple La Manera Uberhotel.'),
(10, 'console_inpublicroom', 'En alguna Sala p?blica.'),
(11, 'room_stafflocked', 'Lo sentimos, pero no puedes acceder a esta Sala.'),
(12, 'room_full', 'La Sala esta llena.'),
(13, 'room_infobus_closed', 'El InfoBus no se encuentra activo.'),
(14, 'scommand_hotelalert', ' '),
(15, 'scommand_failed', '?Oops! No se pudo procesar tu solicitud.'),
(16, 'scommand_success', 'Solicitud procesada con ?xito.'),
(17, 'scommand_muted', 'Has sido callado.'),
(18, 'scommand_unmuted', 'Has sido descallado.'),
(19, 'scommand_rankalert', '?Atenci?n Staffs!\r\n'),
(20, 'banreport_header', 'Reporte de Baneo para'),
(21, 'common_userrank', 'Rango'),
(22, 'common_ip', 'IP'),
(23, 'banreport_banner', 'Baneado por'),
(24, 'banreport_posted', 'Baneado el'),
(25, 'banreport_expires', 'Expira el'),
(29, 'banreport_affectedusernames', 'Usuarios afectados:'),
(26, 'banreport_reason', 'Razon'),
(27, 'banreport_ipbanflag', 'Baneo de IP'),
(28, 'banreport_staffnote', 'Nota del Staff'),
(29, 'userinfo_header', 'Informaci?n Virtual'),
(30, 'userinfo_accesserror', 'Lo sentimos, pero no puedes acceder a esta informaci?n.'),
(31, 'common_usernotfound', 'El usuario no ha sido encontrado.'),
(32, 'common_userid', 'ID'),
(33, 'common_username', 'Nombre de usuario'),
(34, 'common_usermission', 'Misi?n'),
(35, 'common_email', 'Email'),
(36, 'common_credits', 'Cr?ditos'),
(37, 'common_pixels', 'P?xeles'),
(38, 'common_tickets', 'Tickets'),
(39, 'common_birth', 'Fecha de Nacimiento'),
(40, 'common_hbirth', 'Registrado el'),
(41, 'common_online', 'Online'),
(42, 'common_yes', 'Si'),
(43, 'common_no', 'No'),
(44, 'common_location', 'Localizaci?n'),
(45, 'common_owner', 'Propietario'),
(46, 'common_room', 'Sala'),
(47, 'common_hotelview', 'En la vista del hotel.'),
(48, 'common_lastaccess', '?ltima conexi?n'),
(49, 'cfh_picked_up', 'Esta llamada ya ha sido atendida.'),
(50, 'cfh_deleted', 'Esta llamada ha sido eliminada.'),
(51, 'catalogue_reload', 'El cat?logo ha sido reecargado.\r\nPor favor reinicia el Hotel.');

-- --------------------------------------------------------

--
-- Estrutura da tabela `system_wordfilter`
--

CREATE TABLE IF NOT EXISTS `system_wordfilter` (
  `id` int(20) NOT NULL auto_increment,
  `word` varchar(50) NOT NULL,
  PRIMARY KEY  (`id`)
) ENGINE=MyISAM  DEFAULT CHARSET=latin1 AUTO_INCREMENT=25 ;

--
-- Extraindo dados da tabela `system_wordfilter`
--

INSERT INTO `system_wordfilter` (`id`, `word`) VALUES
(1, 'pendejo'),
(2, 'pendeja'),
(3, 'pndejo'),
(4, 'pndeja'),
(5, 'puto'),
(6, 'puta'),
(7, 'mierda'),
(8, 'caca'),
(9, 'shit'),
(10, 'cabron'),
(11, 'cabrona'),
(12, 'pinche'),
(15, 'pene'),
(16, 'vagina'),
(17, 'verga'),
(18, 'chingada'),
(19, 'pito'),
(20, 'prostituta'),
(21, 'prostituto'),
(22, 'prostata'),
(23, 'culo'),
(24, 'fuck');

-- --------------------------------------------------------

--
-- Estrutura da tabela `tele_links`
--

CREATE TABLE IF NOT EXISTS `tele_links` (
  `tele_one_id` int(10) unsigned NOT NULL,
  `tele_two_id` int(10) unsigned NOT NULL,
  KEY `tele_one_id` (`tele_one_id`)
) ENGINE=MyISAM DEFAULT CHARSET=latin1;

--
-- Extraindo dados da tabela `tele_links`
--

INSERT INTO `tele_links` (`tele_one_id`, `tele_two_id`) VALUES
(20, 21),
(21, 20),
(22, 23),
(23, 22),
(13, 14),
(14, 13),
(15, 16),
(16, 15),
(17, 18),
(18, 17),
(67, 68),
(68, 67),
(69, 70),
(70, 69),
(529, 530),
(530, 529),
(1038, 1039),
(1039, 1038),
(1402, 1403),
(1403, 1402),
(1564, 1565),
(1565, 1564),
(2049, 2050),
(2050, 2049),
(2182, 2183),
(2183, 2182),
(2315, 2316),
(2316, 2315),
(2574, 2575),
(2575, 2574),
(2576, 2577),
(2577, 2576),
(2578, 2579),
(2579, 2578),
(3889, 3890),
(3890, 3889),
(3891, 3892),
(3892, 3891),
(3914, 3915),
(3915, 3914),
(3916, 3917),
(3917, 3916),
(3918, 3919),
(3919, 3918),
(4215, 4216),
(4216, 4215),
(4440, 4441),
(4441, 4440),
(143, 144),
(144, 143),
(145, 146),
(146, 145),
(147, 148),
(148, 147),
(149, 150),
(150, 149),
(151, 152),
(152, 151),
(153, 154),
(154, 153),
(155, 156),
(156, 155),
(157, 158),
(158, 157),
(159, 160),
(160, 159),
(161, 162),
(162, 161),
(163, 164),
(164, 163),
(165, 166),
(166, 165),
(167, 168),
(168, 167),
(169, 170),
(170, 169),
(171, 172),
(172, 171),
(173, 174),
(174, 173),
(175, 176),
(176, 175),
(177, 178),
(178, 177),
(179, 180),
(180, 179),
(181, 182),
(182, 181),
(183, 184),
(184, 183),
(185, 186),
(186, 185),
(187, 188),
(188, 187),
(189, 190),
(190, 189),
(191, 192),
(192, 191),
(193, 194),
(194, 193),
(195, 196),
(196, 195),
(197, 198),
(198, 197),
(199, 200),
(200, 199),
(201, 202),
(202, 201),
(203, 204),
(204, 203),
(205, 206),
(206, 205),
(207, 208),
(208, 207),
(209, 210),
(210, 209),
(211, 212),
(212, 211),
(213, 214),
(214, 213),
(215, 216),
(216, 215),
(217, 218),
(218, 217),
(219, 220),
(220, 219),
(221, 222),
(222, 221),
(223, 224),
(224, 223),
(225, 226),
(226, 225),
(227, 228),
(228, 227),
(229, 230),
(230, 229),
(231, 232),
(232, 231),
(233, 234),
(234, 233),
(235, 236),
(236, 235),
(237, 238),
(238, 237),
(239, 240),
(240, 239),
(241, 242),
(242, 241),
(243, 244),
(244, 243),
(245, 246),
(246, 245),
(247, 248),
(248, 247),
(249, 250),
(250, 249),
(251, 252),
(252, 251),
(253, 254),
(254, 253),
(255, 256),
(256, 255),
(257, 258),
(258, 257),
(259, 260),
(260, 259),
(261, 262),
(262, 261),
(263, 264),
(264, 263),
(265, 266),
(266, 265),
(267, 268),
(268, 267),
(269, 270),
(270, 269),
(271, 272),
(272, 271),
(273, 274),
(274, 273),
(275, 276),
(276, 275),
(277, 278),
(278, 277),
(279, 280),
(280, 279),
(281, 282),
(282, 281),
(283, 284),
(284, 283),
(285, 286),
(286, 285),
(287, 288),
(288, 287),
(289, 290),
(290, 289),
(291, 292),
(292, 291),
(293, 294),
(294, 293),
(295, 296),
(296, 295),
(297, 298),
(298, 297),
(299, 300),
(300, 299),
(301, 302),
(302, 301),
(303, 304),
(304, 303),
(305, 306),
(306, 305),
(307, 308),
(308, 307),
(309, 310),
(310, 309),
(311, 312),
(312, 311),
(313, 314),
(314, 313),
(315, 316),
(316, 315),
(317, 318),
(318, 317),
(319, 320),
(320, 319),
(321, 322),
(322, 321),
(323, 324),
(324, 323),
(325, 326),
(326, 325),
(327, 328),
(328, 327),
(329, 330),
(330, 329),
(331, 332),
(332, 331),
(333, 334),
(334, 333),
(335, 336),
(336, 335),
(337, 338),
(338, 337),
(339, 340),
(340, 339),
(341, 342),
(342, 341),
(1023, 1024),
(1024, 1023),
(1055, 1056),
(1056, 1055),
(1057, 1058),
(1058, 1057),
(1216, 1217),
(1217, 1216),
(1218, 1219),
(1219, 1218),
(1220, 1221),
(1221, 1220),
(1500, 1501),
(1501, 1500),
(1526, 1527),
(1527, 1526),
(1529, 1530),
(1530, 1529),
(1532, 1533),
(1533, 1532),
(1534, 1535),
(1535, 1534);

-- --------------------------------------------------------

--
-- Estrutura da tabela `updated`
--

CREATE TABLE IF NOT EXISTS `updated` (
  `id` int(10) unsigned NOT NULL auto_increment,
  `txt` varchar(100) NOT NULL,
  `date` timestamp NOT NULL default CURRENT_TIMESTAMP,
  PRIMARY KEY  (`id`)
) ENGINE=MyISAM  DEFAULT CHARSET=latin1 AUTO_INCREMENT=2 ;

--
-- Extraindo dados da tabela `updated`
--

INSERT INTO `updated` (`id`, `txt`, `date`) VALUES
(1, 'Kiss My Ash', '2011-05-03 15:27:14');

-- --------------------------------------------------------

--
-- Estrutura da tabela `users`
--

CREATE TABLE IF NOT EXISTS `users` (
  `id` int(11) unsigned NOT NULL auto_increment,
  `username` varchar(50) NOT NULL,
  `real_name` varchar(100) NOT NULL default '',
  `password` varchar(50) NOT NULL,
  `mail` varchar(50) NOT NULL default 'default@default.com',
  `auth_ticket` text NOT NULL,
  `rank` int(11) unsigned NOT NULL default '1',
  `credits` int(11) NOT NULL default '0',
  `vip_points` int(11) NOT NULL,
  `activity_points` int(11) NOT NULL default '0',
  `activity_points_lastupdate` double NOT NULL default '0',
  `look` varchar(100) NOT NULL default 'hr-115-42.hd-190-1.ch-215-62.lg-285-91.sh-290-62',
  `gender` enum('M','F') NOT NULL default 'M',
  `motto` varchar(50) NOT NULL,
  `account_created` varchar(50) NOT NULL,
  `last_online` varchar(50) NOT NULL,
  `online` enum('0','1') NOT NULL default '0',
  `ip_last` varchar(120) NOT NULL,
  `ip_reg` varchar(120) NOT NULL,
  `home_room` int(10) unsigned NOT NULL default '0',
  `respect` int(11) NOT NULL default '0',
  `daily_respect_points` int(11) NOT NULL default '3',
  `gifts_given` int(10) NOT NULL default '0',
  `gifts_received` int(10) NOT NULL default '0',
  `daily_pet_respect_points` int(11) NOT NULL default '3',
  `newbie_status` int(11) NOT NULL,
  `is_muted` enum('0','1') NOT NULL default '0',
  `mutant_penalty` enum('0','1','2') NOT NULL,
  `mutant_penalty_expire` int(11) NOT NULL,
  `block_newfriends` enum('0','1') NOT NULL default '0',
  `last_updated` varchar(50) NOT NULL,
  `quest_id` int(10) unsigned NOT NULL default '0',
  `quest_progress` int(10) NOT NULL default '0',
  `lev_builder` int(10) NOT NULL default '0',
  `lev_social` int(10) NOT NULL default '0',
  `lev_identity` int(10) NOT NULL default '0',
  `lev_explore` int(10) NOT NULL default '0',
  `respect_given` int(10) NOT NULL default '0',
  `last_respect_update` varchar(100) NOT NULL,
  `time_online` int(10) NOT NULL default '0',
  `is_ultra_vip` enum('0','1') NOT NULL default '0',
  `marketplace_tickets` int(10) NOT NULL default '0',
  `fireworks` int(10) NOT NULL default '0',
  `birth` varchar(100) character set latin1 collate latin1_general_ci NOT NULL default '',
  `rpx_name` varchar(100) character set latin1 collate latin1_spanish_ci NOT NULL,
  `rpxid` varchar(200) character set latin1 collate latin1_spanish_ci NOT NULL,
  `rpx_type` varchar(100) character set latin1 collate latin1_spanish_ci NOT NULL,
  `noob` enum('0','1','2') character set latin1 collate latin1_spanish_ci NOT NULL default '0',
  `sort` enum('0','1','2','3','4','5','6') character set latin1 collate latin1_spanish_ci NOT NULL default '0',
  `gift` enum('1','2') character set latin1 collate latin1_spanish_ci NOT NULL default '1',
  `gift_time` varchar(100) character set latin1 collate latin1_spanish_ci NOT NULL,
  `visibility` enum('EVERYONE','NOBODY') character set latin1 collate latin1_spanish_ci NOT NULL default 'EVERYONE',
  `invitedUsers` int(10) NOT NULL default '0',
  `lastlook` varchar(255) NOT NULL,
  `iscurrent` varchar(100) character set latin1 collate latin1_spanish_ci NOT NULL,
  `start` enum('0','1') character set latin1 collate latin1_spanish_ci NOT NULL default '1',
  `account_creates` int(20) NOT NULL,
  `filter_enabled` int(11) NOT NULL default '1',
  `hotel_lang` enum('es','en') NOT NULL default 'es',
  `newsletter` enum('0','1') character set latin1 collate latin1_spanish_ci NOT NULL default '1',
  `web_online` varchar(100) character set latin1 collate latin1_spanish_ci NOT NULL,
  `browser` varchar(100) NOT NULL default '',
  `client_token` varchar(50) character set latin1 collate latin1_spanish_ci NOT NULL,
  `token` varchar(20) character set latin1 collate latin1_spanish_ci NOT NULL,
  `ticket_market` int(11) NOT NULL,
  `postcount` bigint(20) NOT NULL default '0',
  `suspend` enum('0','1') character set latin1 collate latin1_general_ci NOT NULL default '0',
  `name_allreadychanged` int(11) NOT NULL default '0',
  `email_verified` enum('1','0') NOT NULL default '0',
  PRIMARY KEY  (`id`)
) ENGINE=MyISAM  DEFAULT CHARSET=latin1 AUTO_INCREMENT=635 ;

--
-- Extraindo dados da tabela `users`
--

INSERT INTO `users` (`id`, `username`, `real_name`, `password`, `mail`, `auth_ticket`, `rank`, `credits`, `vip_points`, `activity_points`, `activity_points_lastupdate`, `look`, `gender`, `motto`, `account_created`, `last_online`, `online`, `ip_last`, `ip_reg`, `home_room`, `respect`, `daily_respect_points`, `gifts_given`, `gifts_received`, `daily_pet_respect_points`, `newbie_status`, `is_muted`, `mutant_penalty`, `mutant_penalty_expire`, `block_newfriends`, `last_updated`, `quest_id`, `quest_progress`, `lev_builder`, `lev_social`, `lev_identity`, `lev_explore`, `respect_given`, `last_respect_update`, `time_online`, `is_ultra_vip`, `marketplace_tickets`, `fireworks`, `birth`, `rpx_name`, `rpxid`, `rpx_type`, `noob`, `sort`, `gift`, `gift_time`, `visibility`, `invitedUsers`, `lastlook`, `iscurrent`, `start`, `account_creates`, `filter_enabled`, `hotel_lang`, `newsletter`, `web_online`, `browser`, `client_token`, `token`, `ticket_market`, `postcount`, `suspend`, `name_allreadychanged`, `email_verified`) VALUES
(606, 'Revoltado', '', '881d1c1b98fe5ab8fa6f613cd107acec082c458e', 'jad.melo@hotmail.com', '', 6, 12465, 0, 9515, 1307201948, 'hr-828-1342.ca-3085-91.ha-1013-90.hd-206-1.lg-275-110.cc-3007-90-62.ea-1402-62.ch-215-92', 'M', 'OlÃ¡ , Posso ajudar ?', '03-Jun-2011', '4/6/2011 11:52:26', '1', '187.59.83.200', '', 134, 1, 3, 0, 0, 3, 1, '0', '0', 0, '0', '', 0, 0, 0, 0, 0, 0, 0, '', 86, '0', 0, 0, '', '', '', '', '0', '0', '1', '', 'EVERYONE', 0, '', '', '1', 0, 1, 'es', '1', '', '', '', '', 0, 0, '0', 0, '0'),
(605, 'Chicleeete', '', '4944783df2287f5f7d549a5b929da363f7fcc7c3', 'joao.massinha@hotmail.com', '', 8, 10450, 0, 3960, 1307198464, 'hd-180-1.ch-210-66.lg-270-82.sh-290-91.hr-100-', 'M', '', '03-Jun-2011', '4/6/2011 11:46:18', '0', '189.12.196.106', '', 133, 0, 3, 0, 0, 3, 1, '0', '0', 0, '0', '', 0, 0, 0, 0, 0, 0, 0, '', 64, '0', 0, 0, '', '', '', '', '0', '0', '1', '', 'EVERYONE', 0, '', '', '1', 0, 1, 'es', '1', '', '', '', '', 0, 0, '0', 0, '0'),
(604, 'Pablo', '', '1374b98ea5a164f69d1adb5d617f4c4ad53ced26', 'pabloscastro2009@hotmail.com', '', 5, 10103, 0, 6915, 1307202028, 'hr-100-31.ca-3187-62.ch-3050-62-62.hd-180-28.lg-281-62.cc-3158-110.sh-295-91.ha-3139-110', 'M', 'Pois nao?', '03-Jun-2011', '3/6/2011 18:38:00', '1', '201.58.167.136', '', 131, 0, 3, 0, 0, 3, 1, '0', '0', 0, '0', '', 0, 0, 0, 0, 0, 0, 0, '', 61, '0', 0, 0, '', '', '', '', '0', '0', '1', '', 'EVERYONE', 0, '', '', '1', 0, 1, 'es', '1', '', '', '', '', 0, 0, '0', 0, '0'),
(602, 'Carlos', '', 'e8c869f959fdef973a824f813bb7259395ac46d6', 'patrickab1999@yahoo.com.br', '', 1, 2147483359, 0, 3320, 1307145212, 'hr-3163-1348.sh-3089-1323.ca-1816-62.ch-3185-107.hd-209-1.lg-3088-66-82.cc-3002-82.ea-1406-62.he-160', 'M', '', '03-Jun-2011', '3/6/2011 20:59:17', '0', '173.0.6.136', '', 128, 0, 3, 0, 0, 3, 1, '0', '0', 0, '0', '', 0, 0, 0, 0, 0, 0, 0, '', 97, '0', 0, 0, '', '', '', '', '0', '0', '1', '', 'EVERYONE', 0, '', '', '1', 0, 1, 'es', '1', '', '', '', '', 0, 0, '0', 0, '0'),
(603, '.:Luccas:.', '', '324e9f9eb4518f552d41c3b1cdbafad1f18f3d4d', 'luccas.ipod@gmail.com', '', 8, 10028, 0, 10565, 1307201908, 'hr-828-34.cc-3007-107-107.ca-3085-110.ch-215-92.hd-206-1.lg-281-110.fa-1202-110.he-3082-110', 'M', ' Æ’ | Revoltado  | Æ’  AmigÃ£o', '03-Jun-2011', '3/6/2011 18:33:04', '1', '187.4.249.74', '', 129, 3, 3, 0, 0, 3, 1, '0', '0', 0, '0', '', 0, 0, 0, 0, 0, 0, 3, '4/6/2011 11:33:44', 63, '0', 0, 0, '', '', '', '', '0', '0', '1', '', 'EVERYONE', 0, '', '', '1', 0, 1, 'es', '1', '', '', '', '', 0, 0, '0', 1, '0'),
(607, 'Cookie', '', 'd39149cb31da7e5d170401224df9f309106ecc3b', 'patrickab1999@yahoo.com.br', '', 8, 11267, 0, 9770, 1307199314, 'hr-3163-1356.cc-3002-110.ch-3032-62-63.hd-209-1.lg-3057-82.cp-3119-62.sh-3089-100.ea-3168-62', 'M', 'Dono Habbosco Hotel XD', '03-Jun-2011', '4/6/2011 12:02:20', '0', '173.0.7.161', '', 135, 4, 3, 0, 0, 3, 1, '0', '0', 0, '0', '', 0, 0, 0, 0, 0, 0, 3, '4/6/2011 11:04:06', 223, '0', 0, 0, '', '', '', '', '0', '0', '1', '', 'EVERYONE', 0, '', '', '1', 0, 1, 'es', '1', '', '', '', '', 0, 0, '0', 0, '0'),
(608, 'Yuri', '', '3cf34e7e04720f6057fe9036f2019459803387a2', 'yuri-cn@hotmail.com', '', 1, 9934, 0, 1855, 1307201828, 'sh-3016-91.ea-3170-93.hr-3163-61.cc-3007-93-62.ch-3001-93-92.hd-206-10.lg-3058-64', 'M', 'Gato ? Novidade ! :P', '03-Jun-2011', '4/6/2011 12:26:53', '0', '189.71.240.96', '', 0, 0, 3, 0, 0, 0, 1, '0', '0', 0, '0', '', 0, 0, 0, 0, 0, 0, 0, '', 29, '0', 0, 0, '', '', '', '', '0', '0', '1', '', 'EVERYONE', 0, '', '', '1', 0, 1, 'es', '1', '', '', '', '', 0, 0, '0', 0, '0'),
(609, 'Chokitoh', '', '836001ea92d5eca5e13e4b87e93dc6e7dfb87c75', 'bomba_fabio@hotmail.com', '', 5, 10718, 0, 4510, 1307145783, 'hr-828-61.cc-3007-110-1340.ha-1012-110.hd-206-10.lg-275-110.ea-1402-62.ch-215-92.he-3082-1340', 'M', '', '03-Jun-2011', '3/6/2011 20:53:40', '0', '187.13.228.148', '', 137, 3, 3, 0, 0, 3, 1, '0', '0', 0, '0', '', 0, 0, 0, 0, 0, 0, 0, '3/6/2011 19:00:30', 43, '0', 0, 0, '', '', '', '', '0', '0', '1', '', 'EVERYONE', 0, '', '', '1', 0, 1, 'es', '1', '', '', '', '', 0, 0, '0', 0, '0'),
(613, 'Ruan', '', 'a220b170c0dd0116e4e73d2c0b5e361662a256a1', 'ruansoaresbr@hotmail.com', '', 1, 9965, 0, 705, 1307136966, 'hd-180-1.ch-210-66.lg-270-82.sh-290-91.hr-100-', 'M', '', '03-Jun-2011', '3/6/2011 18:37:52', '0', '189.105.20.15', '', 141, 0, 3, 0, 0, 3, 1, '0', '0', 0, '0', '', 0, 0, 0, 0, 0, 0, 0, '', 8, '0', 0, 0, '', '', '', '', '0', '0', '1', '', 'EVERYONE', 0, '', '', '1', 0, 1, 'es', '1', '', '', '', '', 0, 0, '0', 0, '0'),
(610, 'Abusada', '', 'c1027f206102f8d38f3262e3fe2a023b5e189b89', 'relali2010@hotmail.com', '', 1, 9810, 0, 700, 1307135817, 'hr-832-1342.ch-3060-98.hd-626-1.lg-3018-77.sh-3016-98.he-3082-98', 'F', '', '03-Jun-2011', '3/6/2011 18:24:31', '0', '200.146.43.48', '', 139, 0, 3, 0, 0, 3, 1, '0', '0', 0, '0', '', 0, 0, 0, 0, 0, 0, 0, '', 7, '0', 0, 0, '', '', '', '', '0', '0', '1', '', 'EVERYONE', 0, '', '', '1', 0, 1, 'es', '1', '', '', '', '', 0, 0, '0', 0, '0'),
(611, 'Positivo', '', '0f4c90bf55330bdb2cfc345b3ee9dae43a726052', 'jun_karnopp@hotmail.com', '', 6, 10320, 0, 2610, 1307145830, 'hr-828-31.ca-3085-110.ch-215-92.lg-275-110.ha-1012-100.hd-206-1', 'M', '', '03-Jun-2011', '3/6/2011 21:06:18', '0', '189.31.95.79', '', 138, 4, 3, 0, 0, 3, 1, '0', '0', 0, '0', '', 0, 0, 0, 0, 0, 0, 6, '3/6/2011 21:03:50', 18, '0', 0, 0, '', '', '', '', '0', '0', '1', '', 'EVERYONE', 0, '', '', '1', 0, 1, 'es', '1', '', '', '', '', 0, 0, '0', 0, '0'),
(612, 'Antares', '', '781f101607f83837946a705ac473425877ebfa13', 'gabrielactivix@hotmail.com', '', 1, 9993, 0, 500, 1307136108, 'hd-180-1.ch-210-66.lg-270-82.sh-290-91.hr-100-', 'M', '', '03-Jun-2011', '3/6/2011 18:26:51', '0', '189.12.232.77', '', 140, 0, 0, 0, 0, 3, 1, '0', '0', 0, '0', '', 0, 0, 0, 0, 0, 0, 3, '', 5, '0', 0, 0, '', '', '', '', '0', '0', '1', '', 'EVERYONE', 0, '', '', '1', 0, 1, 'es', '1', '', '', '', '', 0, 0, '0', 0, '0'),
(614, 'MadeInHabbo', '', '9f0a11ccd9b480233d86e6f22c5f9cf52a54af13', 'rafael_inacio97@hotmail.com', '', 5, 3000, 0, 2560, 1307140745, 'sh-290-91.hr-893-45.ch-210-66.hd-185-4.lg-270-82', 'M', '', '03-Jun-2011', '3/6/2011 19:40:33', '0', '85.246.162.62', '', 142, 0, 3, 0, 0, 3, 1, '0', '0', 0, '0', '', 0, 0, 0, 0, 0, 0, 0, '3/6/2011 19:07:26', 36, '0', 0, 0, '', '', '', '', '0', '0', '1', '', 'EVERYONE', 0, '', '', '1', 0, 1, 'es', '1', '', '', '', '', 0, 0, '0', 0, '0'),
(616, 'dedao', '', '0c98714fe7501971b64a1f896d2bd7af8441e711', 'dedao157@hotmail.com', '', 1, 10000, 0, 500, 1307136946, 'hd-180-1.ch-210-66.lg-270-82.sh-290-91.hr-100-', 'M', '', '03-Jun-2011', '3/6/2011 18:36:42', '0', '189.12.100.85', '', 144, 0, 3, 0, 0, 3, 1, '0', '0', 0, '0', '', 0, 0, 0, 0, 0, 0, 0, '', 1, '0', 0, 0, '', '', '', '', '0', '0', '1', '', 'EVERYONE', 0, '', '', '1', 0, 1, 'es', '1', '', '', '', '', 0, 0, '0', 0, '0'),
(615, 'Haninha', '', 'fbae0111a68beff0dca03d3d139d977325d84825', 'hanna_92009@hotmail.com', '', 1, 10000, 0, 500, 1307136926, 'hd-180-1.ch-210-66.lg-270-82.sh-290-91.hr-100-', 'M', '', '03-Jun-2011', '3/6/2011 18:39:21', '0', '187.104.215.224', '', 143, 0, 3, 0, 0, 3, 1, '0', '0', 0, '0', '', 0, 0, 0, 0, 0, 0, 0, '', 4, '0', 0, 0, '', '', '', '', '0', '0', '1', '', 'EVERYONE', 0, '', '', '1', 0, 1, 'es', '1', '', '', '', '', 0, 0, '0', 0, '0'),
(617, 'Luaninha', '', 'd2ca6611758ea179ae7f609912e85d6db7add733', 'lucianamendonca.santos@hotmail.com', '', 1, 3000, 0, 360, 1307143871, 'hr-3040-1344.wa-3072-95-95.sh-3089-95.ch-3005-110-95.hd-3096-1.lg-3023-110.cc-3008-95-110.ea-1401-11', 'F', 'Sem Comentarios', '03-Jun-2011', '3/6/2011 20:37:47', '0', '187.10.93.232', '', 145, 0, 3, 0, 0, 3, 1, '0', '0', 0, '0', '', 0, 0, 0, 0, 0, 0, 0, '', 60, '0', 0, 0, '', '', '', '', '0', '0', '1', '', 'EVERYONE', 0, '', '', '1', 0, 1, 'es', '1', '', '', '', '', 0, 0, '0', 0, '0'),
(618, 'Skoll', '', '53869d136aa4365d7b354e7b71e026a1dbb501a1', 'pernalonga_354@hotmail.com', '', 6, 18033, 0, 7170, 1307200808, 'cc-3007-108-108.he-3082-110.hr-828-1352.ca-3131-94-94.ch-3050-110-104.hd-206-10.lg-275-110', 'M', 'OlÃ¡ , Esta precisando de Min ? Chama!', '03-Jun-2011', '4/6/2011 12:24:34', '0', '186.216.100.252', '', 146, 0, 3, 0, 0, 3, 1, '0', '0', 0, '0', '', 0, 0, 0, 0, 0, 0, 0, '', 121, '0', 0, 0, '', '', '', '', '0', '0', '1', '', 'EVERYONE', 0, '', '', '1', 0, 1, 'es', '1', '', '', '', '', 0, 0, '0', 0, '0'),
(620, 'Cyber', '', 'bf2d34f9e7c414c3b1061e5930ed8871b036d25f', 'willianreigoulart@hotmail.com', '', 1, 10000, 0, 500, 1307139215, 'hd-180-1.ch-210-66.lg-270-82.sh-290-91.hr-100-', 'M', '', '03-Jun-2011', '3/6/2011 19:14:55', '0', '187.14.192.171', '', 149, 0, 3, 0, 0, 3, 1, '0', '0', 0, '0', '', 0, 0, 0, 0, 0, 0, 0, '', 1, '0', 0, 0, '', '', '', '', '0', '0', '1', '', 'EVERYONE', 0, '', '', '1', 0, 1, 'es', '1', '', '', '', '', 0, 0, '0', 0, '0'),
(619, 'Vinox', '', '8634e75b5cb6a5dffd0e48b8b7aa65e64a58426e', 'davidvicoso2010@hotmail.com', '', 5, 9757, 0, 2060, 1307145673, 'hr-3163-1342.ca-3175-93.ch-215-92.lg-275-109.sh-295-110.cc-3007-110-92.hd-206-10', 'M', 'Posso lhe ajudar?', '03-Jun-2011', '3/6/2011 21:05:50', '0', '186.206.149.35', '', 148, 0, 3, 0, 0, 3, 1, '0', '0', 0, '0', '', 0, 0, 0, 0, 0, 0, 0, '', 59, '0', 0, 0, '', '', '', '', '0', '0', '1', '', 'EVERYONE', 0, '', '', '1', 0, 1, 'es', '1', '', '', '', '', 0, 0, '0', 0, '0'),
(621, 'Chocolati', '', '613065da78d8375573a256d5580ec3d69249fc3b', 'jullianapatyfive@hotmail.com', '', 1, 10000, 0, 150, 0, 'hd-180-1.ch-210-66.lg-270-82.sh-290-91.hr-100-', 'M', '', '03-Jun-2011', '', '0', '', '', 0, 0, 3, 0, 0, 3, 0, '0', '0', 0, '0', '', 0, 0, 0, 0, 0, 0, 0, '', 0, '0', 0, 0, '', '', '', '', '0', '0', '1', '', 'EVERYONE', 0, '', '', '1', 0, 1, 'es', '1', '', '', '', '', 0, 0, '0', 0, '0'),
(622, 'HGBGameOver', '', 'e8603b03f56430ff085a49aa563d6de927ef687e', 'GameOverv@hotmail.com', '', 7, 29614, 0, 5915, 1307201868, 'lg-281-110.hr-828-61.ch-3032-94-92.hd-206-10', 'M', '', '03-Jun-2011', '4/6/2011 12:34:17', '1', '189.24.96.103', '', 151, 0, 3, 0, 0, 3, 1, '0', '0', 0, '0', '', 0, 0, 0, 0, 0, 0, 0, '', 85, '0', 0, 0, '', '', '', '', '0', '0', '1', '', 'EVERYONE', 0, '', '', '1', 0, 1, 'es', '1', '', '', '', '', 0, 0, '0', 0, '0'),
(623, 'Wezz', '', 'ce2d01336e2e35e7d0a23b1c85722d3ba149a77b', 'jeanbarcelona9@hotmail.com', '', 1, 3000, 0, 1250, 1307141939, 'hd-180-1.ch-210-66.lg-270-82.sh-290-91.hr-100-', 'M', '', '03-Jun-2011', '3/6/2011 19:43:56', '0', '189.104.98.57', '', 154, 0, 3, 0, 0, 3, 1, '0', '0', 0, '0', '', 0, 0, 0, 0, 0, 0, 0, '', 15, '0', 0, 0, '', '', '', '', '0', '0', '1', '', 'EVERYONE', 0, '', '', '1', 0, 1, 'es', '1', '', '', '', '', 0, 0, '0', 0, '0'),
(624, 'HGBGamerTwo', '', 'e152ee6727b8d57d8464459948139b8a22b915c0', 'arthurpadrinhomagico@hotmail.com', '', 7, 10247, 0, 1955, 1307144021, 'cc-3007-110-1339.hd-180-1.sh-3035-110.hr-3163-1345.lg-3088-1321-1336', 'M', '', '03-Jun-2011', '3/6/2011 20:40:32', '0', '189.106.222.239', '', 155, 0, 3, 0, 0, 3, 1, '0', '0', 0, '0', '', 0, 0, 0, 0, 0, 0, 0, '', 33, '0', 0, 0, '', '', '', '', '0', '0', '1', '', 'EVERYONE', 0, '', '', '1', 0, 1, 'es', '1', '', '', '', '', 0, 0, '0', 0, '0'),
(625, 'Manu', '', '496ec447f3c41d8a238a420afbbe031cec068c26', 'manu-gata161@hotmail.com', '', 1, 9966, 0, 1100, 1307146073, 'hr-832-33.wa-3072-62-62.ca-3085-96.ch-665-92.hd-626-10.lg-3006-110-96.ea-1402-62.ha-1012-110.he-3082', 'F', '', '03-Jun-2011', '3/6/2011 20:55:54', '0', '187.10.93.232', '', 157, 0, 3, 0, 0, 3, 1, '0', '0', 0, '0', '', 0, 0, 0, 0, 0, 0, 0, '', 8, '0', 0, 0, '', '', '', '', '0', '0', '1', '', 'EVERYONE', 0, '', '', '1', 0, 1, 'es', '1', '', '', '', '', 0, 0, '0', 0, '0'),
(626, 'rogerlioon', '', '9719b5b13ac900ae1be49cc86eb21f3c066c9ce5', 'rogerjosec3@hotmail.com', '', 8, 9219, 0, 1705, 1307198454, 'hr-828-61.ca-3131-96-96.ch-3050-109-109.hd-207-1.lg-281-110', 'M', '', '04-Jun-2011', '4/6/2011 11:43:15', '0', '187.78.179.173', '', 159, 0, 3, 0, 0, 3, 1, '0', '0', 0, '0', '', 0, 0, 0, 0, 0, 0, 0, '', 28, '0', 0, 0, '', '', '', '', '0', '0', '1', '', 'EVERYONE', 0, '', '', '1', 0, 1, 'es', '1', '', '', '', '', 0, 0, '0', 0, '0'),
(627, 'Piicole', '', '7e5f6d333826eb71fe08330ed1c26ae51676a9e2', 'igor_paula12@hotmail.com', '', 1, 9949, 0, 1155, 1307201868, 'hr-3172-61.ch-3015-107.sh-3089-107.ca-3131-96-96.ha-3086-107-110.hd-180-7.lg-3023-110', 'M', '', '04-Jun-2011', '4/6/2011 12:29:02', '1', '186.216.100.252', '', 161, 0, 3, 0, 0, 3, 1, '0', '0', 0, '0', '', 0, 0, 0, 0, 0, 0, 0, '', 1, '0', 0, 0, '', '', '', '', '0', '0', '1', '', 'EVERYONE', 0, '', '', '1', 0, 1, 'es', '1', '', '', '', '', 0, 0, '0', 0, '0'),
(629, 'felip157', '', '16004c2b0a2931cb29686ce431104324b0d5044b', 'felipe.saopedro1@hotmail.com', '', 4, 102, 0, 2360, 1307200168, 'hr-828-31.wa-3072-62-62.cc-3007-96-62.ch-210-92.hd-206-1.lg-275-110', 'M', 'Staff ', '04-Jun-2011', '4/6/2011 12:18:49', '0', '201.79.120.155', '', 163, 0, 3, 0, 0, 3, 1, '0', '0', 0, '0', '', 0, 0, 0, 0, 0, 0, 0, '', 40, '0', 0, 0, '', '', '', '', '0', '0', '1', '', 'EVERYONE', 0, '', '', '1', 0, 1, 'es', '1', '', '', '', '', 0, 0, '0', 0, '0'),
(628, 'Maah', '', '9c0ed2c1ca1f7945b9c5cda8263ec5fd2f078f8e', 'ma-habbo@live.com', '', 1, 9991, 0, 1905, 1307201628, 'hr-3012-61.wa-3072-62-62.ca-3085-96.ch-665-62.hd-600-10.lg-3006-96-62.cc-3008-96-62.ea-3107-62-62.he', 'F', '', '04-Jun-2011', '4/6/2011 12:26:57', '1', '200.195.173.106', '', 162, 0, 3, 0, 0, 3, 1, '0', '0', 0, '0', '', 0, 0, 0, 0, 0, 0, 0, '', 2, '0', 0, 0, '', '', '', '', '0', '0', '1', '', 'EVERYONE', 0, '', '', '1', 0, 1, 'es', '1', '', '', '', '', 0, 0, '0', 0, '0'),
(630, 'DonkShot', '', 'bd17b9989de7b61718d0f726010a61740f27ccbc', 'paulovasc123@bol.com.br', '', 1, 10000, 0, 150, 0, 'hd-180-1.ch-210-66.lg-270-82.sh-290-91.hr-100-', 'M', '', '04-Jun-2011', '', '0', '', '', 164, 0, 3, 0, 0, 3, 1, '0', '0', 0, '0', '', 0, 0, 0, 0, 0, 0, 0, '', 0, '0', 0, 0, '', '', '', '', '0', '0', '1', '', 'EVERYONE', 0, '', '', '1', 0, 1, 'es', '1', '', '', '', '', 0, 0, '0', 0, '0'),
(631, 'Jaqueline', '', '47e43cf803b39774e81d01e51aaf2e07860e2976', 'cassiadefinski@hotmail.com', '', 1, 9937, 0, 1200, 1307199214, 'hr-832-45.ea-3107-62-62.ch-660-104.hd-626-10.lg-3018-64', 'F', '', '04-Jun-2011', '4/6/2011 11:57:11', '0', '189.114.155.142', '', 165, 0, 3, 0, 0, 3, 1, '0', '0', 0, '0', '', 0, 0, 0, 0, 0, 0, 0, '', 22, '0', 0, 0, '', '', '', '', '0', '0', '1', '', 'EVERYONE', 0, '', '', '1', 0, 1, 'es', '1', '', '', '', '', 0, 0, '0', 0, '0'),
(632, 'lucask12', '', '8ee5dec96125f7665a2cee98156c783a28efbdc5', 'l_valeriano@hotmail.com', '', 1, 9830, 0, 905, 1307199033, 'hr-677-61.cc-886-110.ca-1816-62.ch-3167-96.hd-180-1.lg-3088-93-92.sh-3089-110', 'M', '', '04-Jun-2011', '4/6/2011 12:00:02', '0', '189.83.228.177', '', 167, 0, 3, 0, 0, 3, 1, '0', '0', 0, '0', '', 0, 0, 0, 0, 0, 0, 0, '', 18, '0', 0, 0, '', '', '', '', '0', '0', '1', '', 'EVERYONE', 0, '', '', '1', 0, 1, 'es', '1', '', '', '', '', 0, 0, '0', 0, '0'),
(633, 'Maldito', '', '1050d0c47c0717059db279b3bafe868073fbe177', 'lucasalberto47@hotmail.com', '', 1, 9810, 0, 1505, 1307201548, 'hr-828-61.ca-1816-62.ch-3032-110-62.hd-206-1.lg-275-110.ea-1402-62', 'M', 'Affs Cookie   =(  ', '04-Jun-2011', '4/6/2011 11:58:39', '1', '187.59.83.200', '', 169, 0, 3, 0, 0, 3, 1, '0', '0', 0, '0', '', 0, 0, 0, 0, 0, 0, 0, '', 2, '0', 0, 0, '', '', '', '', '0', '0', '1', '', 'EVERYONE', 0, '', '', '1', 0, 1, 'es', '1', '', '', '', '', 0, 0, '0', 0, '0'),
(634, 'desconhecido', '', 'd97bcb01f3ffee93d1a1f87066cf25cb98490b70', 'werlisson-ops@hotmail.com', 'ST-ff50b3709cb40ec1f97c3de571388e507089fb41-208-uber-fe5', 1, 10000, 0, 150, 0, 'hd-180-1.ch-210-66.lg-270-82.sh-290-91.hr-100-', 'M', '', '04-Jun-2011', '', '0', '', '', 173, 0, 3, 0, 0, 3, 1, '0', '0', 0, '0', '', 0, 0, 0, 0, 0, 0, 0, '', 0, '0', 0, 0, '', '', '', '', '0', '0', '1', '', 'EVERYONE', 0, '', '', '1', 0, 1, 'es', '1', '', '', '', '', 0, 0, '0', 0, '0');

-- --------------------------------------------------------

--
-- Estrutura da tabela `users_bans`
--

CREATE TABLE IF NOT EXISTS `users_bans` (
  `userid` varchar(30) collate latin1_general_ci NOT NULL default '',
  `ipaddress` varchar(100) collate latin1_general_ci default NULL,
  `identification` varchar(13) collate latin1_general_ci NOT NULL,
  `date_expire` varchar(50) collate latin1_general_ci default NULL,
  `descr` text collate latin1_general_ci
) ENGINE=MyISAM DEFAULT CHARSET=latin1 COLLATE=latin1_general_ci;

--
-- Extraindo dados da tabela `users_bans`
--


-- --------------------------------------------------------

--
-- Estrutura da tabela `users_logins`
--

CREATE TABLE IF NOT EXISTS `users_logins` (
  `login_id` int(11) NOT NULL,
  `IP` int(11) NOT NULL,
  `user_id` int(11) NOT NULL,
  `login` enum('0','1') NOT NULL
) ENGINE=InnoDB DEFAULT CHARSET=latin1;

--
-- Extraindo dados da tabela `users_logins`
--


-- --------------------------------------------------------

--
-- Estrutura da tabela `users_old`
--

CREATE TABLE IF NOT EXISTS `users_old` (
  `id` int(11) unsigned NOT NULL auto_increment,
  `username` varchar(50) NOT NULL,
  `real_name` varchar(100) NOT NULL default '',
  `password` varchar(50) NOT NULL default '-',
  `mail` varchar(50) NOT NULL default 'defaultuser@meth0d.org',
  `auth_ticket` varchar(1250) NOT NULL default '0',
  `rank` int(11) unsigned NOT NULL default '1',
  `credits` int(11) NOT NULL default '0',
  `vip_points` int(11) NOT NULL default '0',
  `activity_points` int(11) NOT NULL default '0',
  `activity_points_lastupdate` double NOT NULL default '0',
  `look` varchar(100) NOT NULL default 'hr-115-42.hd-190-1.ch-215-62.lg-285-91.sh-290-62',
  `gender` enum('M','F') NOT NULL default 'M',
  `motto` varchar(50) NOT NULL,
  `account_created` varchar(50) NOT NULL,
  `last_online` varchar(50) NOT NULL,
  `online` enum('0','1') NOT NULL default '0',
  `ip_last` varchar(120) NOT NULL default '127.0.0.1',
  `ip_reg` varchar(120) NOT NULL default '127.0.0.1',
  `home_room` int(10) unsigned NOT NULL default '0',
  `respect` int(11) NOT NULL default '0',
  `daily_respect_points` int(11) NOT NULL default '3',
  `daily_pet_respect_points` int(11) NOT NULL default '3',
  `newbie_status` int(11) NOT NULL default '0',
  `is_muted` enum('0','1') NOT NULL default '0',
  `mutant_penalty` enum('0','1','2') NOT NULL default '0',
  `mutant_penalty_expire` int(11) NOT NULL default '0',
  `block_newfriends` enum('0','1') NOT NULL default '0',
  PRIMARY KEY  (`id`)
) ENGINE=MyISAM DEFAULT CHARSET=latin1 AUTO_INCREMENT=1 ;

--
-- Extraindo dados da tabela `users_old`
--


-- --------------------------------------------------------

--
-- Estrutura da tabela `user_achievements`
--

CREATE TABLE IF NOT EXISTS `user_achievements` (
  `user_id` int(10) unsigned NOT NULL,
  `achievement_id` int(10) unsigned NOT NULL,
  `achievement_level` int(11) NOT NULL,
  KEY `user_id` (`user_id`)
) ENGINE=MyISAM DEFAULT CHARSET=latin1;

--
-- Extraindo dados da tabela `user_achievements`
--

INSERT INTO `user_achievements` (`user_id`, `achievement_id`, `achievement_level`) VALUES
(631, 11, 1),
(626, 12, 1),
(628, 11, 1),
(629, 11, 1),
(607, 5, 1),
(627, 11, 1),
(626, 11, 1),
(619, 19, 1),
(625, 1, 1),
(625, 11, 1),
(604, 5, 1),
(618, 5, 1),
(603, 1, 1),
(622, 19, 1),
(617, 20, 1),
(624, 1, 1),
(619, 12, 2),
(619, 5, 1),
(606, 7, 1),
(619, 1, 1),
(618, 19, 1),
(624, 12, 1),
(619, 11, 1),
(624, 11, 1),
(622, 12, 3),
(623, 11, 1),
(617, 5, 1),
(622, 1, 1),
(606, 19, 1),
(614, 1, 1),
(622, 11, 1),
(607, 19, 2),
(620, 11, 1),
(618, 12, 4),
(618, 1, 1),
(617, 12, 2),
(603, 5, 1),
(617, 1, 1),
(618, 11, 1),
(606, 15, 1),
(611, 15, 1),
(617, 11, 1),
(609, 12, 2),
(607, 20, 1),
(603, 15, 1),
(611, 20, 1),
(607, 1, 1),
(614, 12, 2),
(609, 1, 1),
(604, 19, 1),
(609, 20, 1),
(616, 11, 1),
(605, 12, 2),
(615, 11, 1),
(614, 11, 1),
(613, 12, 1),
(603, 19, 1),
(604, 20, 1),
(611, 1, 1),
(604, 1, 1),
(609, 15, 1),
(613, 11, 1),
(611, 12, 2),
(606, 12, 3),
(607, 15, 1),
(604, 12, 3),
(612, 11, 1),
(607, 12, 4),
(609, 11, 1),
(610, 1, 1),
(610, 7, 1),
(608, 20, 1),
(611, 11, 1),
(610, 11, 1),
(608, 5, 1),
(608, 1, 1),
(608, 11, 1),
(606, 5, 1),
(606, 1, 1),
(607, 11, 1),
(606, 11, 1),
(605, 11, 1),
(603, 12, 3),
(604, 11, 1),
(603, 20, 1),
(602, 20, 1),
(602, 1, 1),
(603, 11, 1),
(602, 12, 4),
(602, 11, 1),
(631, 1, 1),
(626, 1, 1),
(628, 1, 1),
(628, 12, 1),
(632, 11, 1),
(605, 19, 1),
(629, 12, 2),
(629, 1, 1),
(631, 20, 1),
(632, 1, 1),
(632, 12, 1),
(633, 11, 1),
(629, 20, 1),
(633, 1, 1),
(629, 5, 1),
(633, 12, 1),
(608, 12, 1),
(633, 5, 1),
(627, 1, 1),
(627, 12, 1);

-- --------------------------------------------------------

--
-- Estrutura da tabela `user_badges`
--

CREATE TABLE IF NOT EXISTS `user_badges` (
  `user_id` int(10) unsigned NOT NULL,
  `badge_id` varchar(100) NOT NULL,
  `badge_slot` int(11) NOT NULL default '0',
  KEY `user_id` (`user_id`)
) ENGINE=MyISAM DEFAULT CHARSET=latin1;

--
-- Extraindo dados da tabela `user_badges`
--

INSERT INTO `user_badges` (`user_id`, `badge_id`, `badge_slot`) VALUES
(606, 'ACH_AllTimeHotelPresence1', 0),
(622, 'ACH_VipClub1', 0),
(622, 'HGBGameOver', 0),
(622, 'VIP', 0),
(614, 'ACH_AvatarLooks1', 0),
(622, 'Z63', 0),
(607, 'ACH_AllTimeHotelPresence2', 0),
(620, 'Z63', 0),
(618, 'ACH_RoomEntry4', 0),
(607, 'ACH_VipClub1', 0),
(607, 'ACH_BasicClub1', 0),
(618, 'ACH_AvatarLooks1', 0),
(617, 'ACH_RoomEntry2', 0),
(603, 'ACH_Motto1', 0),
(614, 'VIP', 0),
(618, 'VIP', 0),
(618, 'ACH_VipClub1', 0),
(617, 'ACH_VipClub1', 0),
(617, 'ACH_AvatarLooks1', 0),
(609, 'VIP', 0),
(618, 'Z63', 0),
(617, 'ACH_BasicClub1', 0),
(606, 'ACH_RespectEarned1', 0),
(611, 'ACH_RespectEarned1', 0),
(617, 'Z63', 0),
(609, 'ACH_RoomEntry2', 0),
(607, 'ACH_PetLover1', 0),
(603, 'ACH_RespectEarned1', 0),
(611, 'ACH_PetLover1', 0),
(607, 'ACH_AvatarLooks1', 0),
(614, 'ACH_RoomEntry2', 0),
(609, 'ACH_AvatarLooks1', 0),
(604, 'ACH_AllTimeHotelPresence1', 0),
(604, 'VIP', 0),
(609, 'ACH_PetLover1', 0),
(613, 'ACH_BasicClub1', 0),
(613, 'ACH_VipClub1', 0),
(616, 'Z63', 0),
(605, 'ACH_RoomEntry2', 0),
(615, 'Z63', 0),
(614, 'Z63', 0),
(606, 'VIP', 0),
(613, 'ACH_RoomEntry1', 0),
(603, 'ACH_AllTimeHotelPresence1', 0),
(603, 'VIP', 0),
(604, 'ACH_PetLover1', 0),
(605, 'VIP', 0),
(611, 'VIP', 0),
(607, 'VIP', 0),
(611, 'ACH_AvatarLooks1', 0),
(604, 'ACH_AvatarLooks1', 0),
(609, 'ACH_RespectEarned1', 0),
(613, 'Z63', 0),
(611, 'ACH_RoomEntry2', 0),
(606, 'ACH_RoomEntry3', 0),
(607, 'ACH_RespectEarned1', 0),
(604, 'ACH_RoomEntry3', 0),
(611, 'ACH_VipClub1', 0),
(612, 'Z63', 0),
(607, 'ACH_RoomEntry4', 0),
(609, 'Z63', 0),
(610, 'ACH_AvatarLooks1', 0),
(610, 'ACH_AvatarTags1', 0),
(608, 'ACH_PetLover1', 0),
(610, 'ACH_VipClub1', 0),
(610, 'ACH_BasicClub1', 0),
(611, 'Z63', 0),
(610, 'Z63', 0),
(608, 'ACH_Motto1', 0),
(608, 'ACH_AvatarLooks1', 0),
(608, 'ACH_BasicClub1', 0),
(608, 'ACH_VipClub1', 0),
(608, 'Z63', 0),
(606, 'ACH_Motto1', 0),
(606, 'ACH_AvatarLooks1', 0),
(607, 'Z63', 0),
(606, 'ACH_VipClub1', 0),
(606, 'ACH_BasicClub1', 0),
(606, 'Z63', 0),
(605, 'Z63', 0),
(603, 'ACH_BasicClub1', 0),
(603, 'ACH_RoomEntry3', 0),
(604, 'Z63', 0),
(603, 'ACH_VipClub1', 0),
(603, 'ACH_PetLover1', 0),
(602, 'ACH_PetLover1', 0),
(602, 'ACH_AvatarLooks1', 0),
(603, 'Z63', 0),
(602, 'ACH_BasicClub1', 0),
(602, 'ACH_VipClub1', 0),
(602, 'ACH_RoomEntry4', 0),
(602, 'Z63', 0),
(622, 'ACH_AvatarLooks1', 0),
(617, 'ACH_Motto1', 0),
(623, 'Z63', 0),
(622, 'ACH_RoomEntry3', 0),
(622, 'HGBGamerOver', 0),
(603, '.:Luccas:.', 0),
(607, '(nome)', 0),
(607, '..................', 0),
(624, 'Z63', 0),
(624, 'ACH_VipClub1', 0),
(619, 'Z63', 0),
(619, 'ACH_VipClub1', 0),
(624, 'ACH_RoomEntry1', 0),
(618, 'ACH_AllTimeHotelPresence1', 0),
(619, 'ACH_AvatarLooks1', 0),
(606, 'ACH_AvatarTags1', 0),
(619, 'ACH_Motto1', 0),
(619, 'ACH_RoomEntry2', 0),
(624, 'VIP', 0),
(624, 'ACH_AvatarLooks1', 0),
(617, 'ACH_PetLover1', 0),
(622, 'ACH_AllTimeHotelPresence1', 0),
(603, 'ACH_AvatarLooks1', 0),
(609, 'ACH_BasicClub1', 0),
(609, 'ACH_VipClub1', 0),
(618, 'ACH_Motto1', 0),
(604, 'ACH_Motto1', 0),
(625, 'Z63', 0),
(625, 'ACH_VipClub1', 0),
(625, 'ACH_AvatarLooks1', 0),
(619, 'VIP', 0),
(619, 'ACH_AllTimeHotelPresence1', 0),
(626, 'Z63', 0),
(627, 'Z63', 0),
(607, 'ACH_Motto1', 0),
(626, 'VIP', 0),
(629, 'Z63', 0),
(628, 'Z63', 0),
(626, 'ACH_RoomEntry1', 0),
(631, 'Z63', 0),
(626, 'ACH_VipClub1', 0),
(631, 'ACH_AvatarLooks1', 0),
(626, 'ACH_AvatarLooks1', 0),
(629, 'VIP', 0),
(628, 'ACH_AvatarLooks1', 0),
(628, 'ACH_RoomEntry1', 0),
(632, 'Z63', 0),
(629, 'ACH_VipClub1', 0),
(629, 'ACH_BasicClub1', 0),
(605, 'ACH_AllTimeHotelPresence1', 0),
(629, 'ACH_RoomEntry2', 0),
(629, 'ACH_AvatarLooks1', 0),
(632, 'ACH_VipClub1', 0),
(632, 'ACH_BasicClub1', 0),
(605, 'AU1', 0),
(631, 'ACH_PetLover1', 0),
(632, 'ACH_AvatarLooks1', 0),
(632, 'ACH_RoomEntry1', 0),
(622, 'HHL', 0),
(633, 'Z63', 0),
(633, 'ACH_BasicClub1', 0),
(633, 'ACH_VipClub1', 0),
(629, 'ACH_PetLover1', 0),
(633, 'ACH_AvatarLooks1', 0),
(622, 'COM02', 0),
(622, 'ADM', 0),
(629, 'ACH_Motto1', 0),
(633, 'ACH_RoomEntry1', 0),
(622, 'XAO', 0),
(608, 'ACH_RoomEntry1', 0),
(627, 'ACH_VipClub1', 0),
(633, 'ACH_Motto1', 0),
(627, 'ACH_AvatarLooks1', 0),
(627, 'ACH_RoomEntry1', 0);

-- --------------------------------------------------------

--
-- Estrutura da tabela `user_effects`
--

CREATE TABLE IF NOT EXISTS `user_effects` (
  `user_id` int(10) unsigned NOT NULL,
  `effect_id` int(11) NOT NULL default '1',
  `total_duration` int(11) NOT NULL default '3600',
  `is_activated` enum('0','1') NOT NULL default '0',
  `activated_stamp` double NOT NULL default '0',
  KEY `user_id` (`user_id`)
) ENGINE=MyISAM DEFAULT CHARSET=latin1;

--
-- Extraindo dados da tabela `user_effects`
--

INSERT INTO `user_effects` (`user_id`, `effect_id`, `total_duration`, `is_activated`, `activated_stamp`) VALUES
(613, 70, 3600, '1', 1307136977),
(619, 61, 3600, '1', 1307143677),
(607, 67, 3600, '0', 0),
(619, 70, 3600, '1', 1307143694),
(619, 69, 3600, '1', 1307143706),
(619, 67, 3600, '1', 1307143761),
(617, 31, 3600, '1', 1307143879),
(617, 61, 3600, '1', 1307144175),
(617, 62, 3600, '1', 1307144239),
(617, 69, 3600, '1', 1307144229),
(617, 31, 3600, '0', 0),
(617, 66, 3600, '1', 1307144183),
(617, 65, 3600, '1', 1307144211),
(617, 31, 3600, '0', 0),
(617, 31, 3600, '0', 0),
(617, 31, 3600, '0', 0),
(617, 31, 3600, '0', 0),
(602, 62, 3600, '1', 1307145317),
(602, 62, 3600, '0', 0),
(602, 61, 3600, '1', 1307145299);

-- --------------------------------------------------------

--
-- Estrutura da tabela `user_favorites`
--

CREATE TABLE IF NOT EXISTS `user_favorites` (
  `user_id` int(10) unsigned NOT NULL,
  `room_id` int(10) unsigned NOT NULL,
  KEY `user_id` (`user_id`)
) ENGINE=MyISAM DEFAULT CHARSET=latin1;

--
-- Extraindo dados da tabela `user_favorites`
--


-- --------------------------------------------------------

--
-- Estrutura da tabela `user_group`
--

CREATE TABLE IF NOT EXISTS `user_group` (
  `group_id` int(5) NOT NULL auto_increment,
  `image` varchar(100) NOT NULL,
  `name` varchar(100) NOT NULL,
  `description` varchar(100) NOT NULL,
  `founder_id` int(255) NOT NULL,
  PRIMARY KEY  (`group_id`)
) ENGINE=MyISAM DEFAULT CHARSET=latin1 AUTO_INCREMENT=1 ;

--
-- Extraindo dados da tabela `user_group`
--


-- --------------------------------------------------------

--
-- Estrutura da tabela `user_group_membership`
--

CREATE TABLE IF NOT EXISTS `user_group_membership` (
  `user_id` int(255) NOT NULL,
  `group_id` int(255) NOT NULL
) ENGINE=MyISAM DEFAULT CHARSET=latin1;

--
-- Extraindo dados da tabela `user_group_membership`
--


-- --------------------------------------------------------

--
-- Estrutura da tabela `user_ignores`
--

CREATE TABLE IF NOT EXISTS `user_ignores` (
  `user_id` int(10) unsigned NOT NULL,
  `ignore_id` int(10) unsigned NOT NULL,
  KEY `user_id` (`user_id`)
) ENGINE=MyISAM DEFAULT CHARSET=latin1;

--
-- Extraindo dados da tabela `user_ignores`
--


-- --------------------------------------------------------

--
-- Estrutura da tabela `user_info`
--

CREATE TABLE IF NOT EXISTS `user_info` (
  `user_id` int(11) NOT NULL,
  `bans` int(11) NOT NULL default '0',
  `cautions` int(11) NOT NULL default '0',
  `reg_timestamp` double NOT NULL default '0',
  `login_timestamp` double NOT NULL default '0',
  `cfhs` int(11) NOT NULL default '0',
  `cfhs_abusive` int(11) NOT NULL default '0',
  PRIMARY KEY  (`user_id`)
) ENGINE=MyISAM DEFAULT CHARSET=latin1;

--
-- Extraindo dados da tabela `user_info`
--

INSERT INTO `user_info` (`user_id`, `bans`, `cautions`, `reg_timestamp`, `login_timestamp`, `cfhs`, `cfhs_abusive`) VALUES
(634, 0, 0, 1307201892, 1307201892, 0, 0),
(633, 0, 0, 1307199050, 1307200343, 0, 0),
(632, 0, 0, 1307198153, 1307199033, 0, 0),
(631, 0, 0, 1307197905, 1307199426, 0, 0),
(630, 0, 0, 1307197705, 1307197705, 0, 0),
(629, 0, 0, 1307197677, 1307200161, 0, 0),
(628, 0, 0, 1307197495, 1307201315, 0, 0),
(627, 0, 0, 1307196925, 1307201435, 0, 0),
(626, 0, 0, 1307196375, 1307197251, 0, 0),
(625, 0, 0, 1307144812, 1307145392, 0, 0),
(624, 0, 0, 1307141348, 1307144369, 0, 0),
(623, 0, 0, 1307140082, 1307141056, 0, 0),
(622, 0, 2, 1307139315, 1307201682, 0, 0),
(621, 0, 0, 1307139255, 1307139255, 0, 0),
(620, 0, 0, 1307139110, 1307139215, 0, 0),
(619, 0, 0, 1307138701, 1307145982, 0, 0),
(618, 0, 5, 1307137940, 1307200204, 0, 0),
(617, 0, 0, 1307137628, 1307142874, 0, 0),
(616, 0, 0, 1307136840, 1307136946, 0, 0),
(615, 0, 0, 1307136822, 1307136926, 0, 0),
(614, 0, 2, 1307136544, 1307140745, 0, 0),
(613, 0, 0, 1307136268, 1307136707, 0, 0),
(612, 0, 0, 1307135982, 1307136107, 0, 0),
(611, 0, 0, 1307135592, 1307146059, 0, 0),
(610, 0, 0, 1307135588, 1307135948, 0, 0),
(609, 0, 0, 1307135299, 1307145295, 0, 0),
(608, 0, 0, 1307135168, 1307200625, 0, 0),
(607, 0, 4, 1307135083, 1307197513, 0, 0),
(606, 0, 9, 1307134955, 1307200139, 0, 0),
(605, 0, 0, 1307134887, 1307197857, 0, 0),
(604, 0, 0, 1307133384, 1307200224, 0, 0),
(603, 0, 11, 1307132171, 1307200100, 0, 0),
(602, 0, 0, 1307131786, 1307142809, 0, 0);

-- --------------------------------------------------------

--
-- Estrutura da tabela `user_items`
--

CREATE TABLE IF NOT EXISTS `user_items` (
  `id` int(10) unsigned NOT NULL,
  `user_id` int(10) unsigned NOT NULL,
  `base_item` int(10) unsigned NOT NULL,
  `extra_data` text NOT NULL,
  PRIMARY KEY  (`id`)
) ENGINE=MyISAM DEFAULT CHARSET=latin1;

--
-- Extraindo dados da tabela `user_items`
--


-- --------------------------------------------------------

--
-- Estrutura da tabela `user_pets`
--

CREATE TABLE IF NOT EXISTS `user_pets` (
  `id` int(20) unsigned NOT NULL auto_increment,
  `user_id` int(10) unsigned NOT NULL,
  `room_id` int(10) unsigned NOT NULL,
  `name` varchar(32) NOT NULL default 'Unnamed',
  `race` varchar(3) NOT NULL default '000',
  `color` varchar(6) NOT NULL default 'FFFFFF',
  `type` int(10) unsigned NOT NULL,
  `expirience` int(11) NOT NULL,
  `energy` int(11) NOT NULL,
  `nutrition` int(11) NOT NULL default '100',
  `respect` int(11) NOT NULL default '0',
  `createstamp` double NOT NULL default '0',
  `x` int(11) NOT NULL default '0',
  `y` int(11) NOT NULL default '0',
  `z` double NOT NULL default '0',
  PRIMARY KEY  (`id`),
  KEY `user_id` (`user_id`)
) ENGINE=MyISAM  DEFAULT CHARSET=latin1 AUTO_INCREMENT=6025 ;

--
-- Extraindo dados da tabela `user_pets`
--

INSERT INTO `user_pets` (`id`, `user_id`, `room_id`, `name`, `race`, `color`, `type`, `expirience`, `energy`, `nutrition`, `respect`, `createstamp`, `x`, `y`, `z`) VALUES
(6016, 629, 171, 'Felipe', '0', 'FFFFFF', 12, 0, 61, 100, 0, 1307199503.20313, 7, 9, 0)<br />
<b>Fatal error</b>:  Maximum execution time of 300 seconds exceeded in <b>C:\Arquivos de programas\VertrigoServ\Phpmyadmin\export.php</b> on line <b>192</b><br />
